000
CXUS53 KGID 010930
CF6HSI
PRELIMINARY LOCAL CLIMATOLOGICAL DATA (WS FORM: F-6)
STATION: HASTINGS NE
MONTH: FEBRUARY
YEAR: 2024
LATITUDE: 40 35 N
LONGITUDE: 98 26 W
TEMPERATURE IN F: :PCPN: SNOW: WIND :SUNSHINE: SKY :PK WND
================================================================================
1 2 3 4 5 6A 6B 7 8 9 10 11 12 13 14 15 16 17 18
12Z AVG MX 2MIN
DY MAX MIN AVG DEP HDD CDD WTR SNW DPTH SPD SPD DIR MIN PSBL S-S WX SPD DR
================================================================================
1 57 31 44 17 21 0 0.00 0.0 T 5.0 13 50 M M 1 1 16 50
2 55 34 45 18 20 0 0.01 0.0 T 8.4 20 120 M M 3 13 25 120
3 47 39 43 16 22 0 0.52 0.0 0 14.9 25 80 M M 10 12 35 90
4 42 32 37 9 28 0 0.19 0.0 0 12.3 20 30 M M 10 1 25 30
5 47 29 38 10 27 0 0.00 0.0 0 5.9 12 280 M M 6 12 15 300
6 51 30 41 13 24 0 0.00 0.0 0 10.2 17 160 M M 2 12 29 160
7 54 42 48 20 17 0 0.00 0.0 0 16.4 28 180 M M 2 45 180
8 51 32 42 14 23 0 0.00 0.0 0 11.3 25 290 M M 2 39 170
9 48 26 37 9 28 0 0.00 0.0 0 7.6 20 350 M M 0 23 350
10 34 25 30 1 35 0 0.00 0.0 0 7.7 15 50 M M 9 19 50
11 43 28 36 7 29 0 0.00 0.0 0 4.4 15 300 M M 4 20 300
12 55 25 40 11 25 0 0.00 0.0 0 5.9 17 310 M M 1 23 320
13 56 27 42 13 23 0 0.00 0.0 0 4.2 9 160 M M 1 8 13 170
14 58 28 43 13 22 0 0.00 0.0 0 13.7 37 350 M M 2 49 360
15 37 25 31 1 34 0 0.00 0.0 0 10.1 26 350 M M 6 34 360
16 30 10 20 -10 45 0 T T T 15.9 22 350 M M 7 1 29 50
17 39 9 24 -6 41 0 0.00 0.0 0 12.3 18 340 M M 0 32 290
18 52 21 37 6 28 0 0.00 0.0 0 7.5 15 270 M M 0 20 270
19 58 27 43 12 22 0 0.00 0.0 0 8.4 22 310 M M 0 28 290
20 71 29 50 19 15 0 0.00 0.0 0 8.1 22 210 M M 0 34 220
21 67 29 48 16 17 0 0.00 0.0 0 5.7 14 110 M M 0 18 18 80
22 62 32 47 15 18 0 0.00 0.0 0 12.9 25 340 M M 3 38 350
23 61 29 45 13 20 0 0.00 0.0 0 13.5 32 320 M M 0 46 320
24 65 26 46 13 19 0 0.00 0.0 0 9.9 31 250 M M 0 41 260
25 70 34 52 19 13 0 0.00 0.0 0 10.2 24 280 M M 0 31 280
26 76 32 54 21 11 0 0.00 0.0 0 10.6 35 270 M M 0 45 260
27 49 11 30 -4 35 0 T 0.1 0 21.8 40 350 M M 4 52 350
28 43 5 24 -10 41 0 0.00 0.0 0 9.5 21 340 M M 0 29 350
29 62 30 46 12 19 0 0.00 0.0 0 16.0 29 200 M M 0 44 210
================================================================================
SM 1540 777 722 0 0.72 0.1 300.3 M 73
================================================================================
AV 53.1 26.8 10.4 FASTST M M 3 MAX(MPH)
MISC ----> 40 350 52 350
================================================================================
NOTES:
# LAST OF SEVERAL OCCURRENCES
COLUMN 17 PEAK WIND IN M.P.H.
PRELIMINARY LOCAL CLIMATOLOGICAL DATA (WS FORM: F-6) , PAGE 2
STATION: HASTINGS NE
MONTH: FEBRUARY
YEAR: 2024
LATITUDE: 40 35 N
LONGITUDE: 98 26 W
[TEMPERATURE DATA] [PRECIPITATION DATA] SYMBOLS USED IN COLUMN 16
AVERAGE MONTHLY: 39.9 TOTAL FOR MONTH: 0.72 1 = FOG OR MIST
DPTR FM NORMAL: 9.9 DPTR FM NORMAL: -0.03 2 = FOG REDUCING VISIBILITY
HIGHEST: 76 ON 26 GRTST 24HR 0.65 ON 3- 4 TO 1/4 MILE OR LESS
LOWEST: 5 ON 28 3 = THUNDER
SNOW, ICE PELLETS, HAIL 4 = ICE PELLETS
TOTAL MONTH: 0.1 INCH 5 = HAIL
GRTST 24HR 0.1 ON 27-27 6 = FREEZING RAIN OR DRIZZLE
GRTST DEPTH: T 7 = DUSTSTORM OR SANDSTORM:
VSBY 1/2 MILE OR LESS
8 = SMOKE OR HAZE
[NO. OF DAYS WITH] [WEATHER - DAYS WITH] 9 = BLOWING SNOW
X = TORNADO
MAX 32 OR BELOW: 1 0.01 INCH OR MORE: 3
MAX 90 OR ABOVE: 0 0.10 INCH OR MORE: 2
MIN 32 OR BELOW: 25 0.50 INCH OR MORE: 1
MIN 0 OR BELOW: 0 1.00 INCH OR MORE: 0
[HDD (BASE 65) ]
TOTAL THIS MO. 722 CLEAR (SCALE 0-3) 19
DPTR FM NORMAL -256 PTCLDY (SCALE 4-7) 7
TOTAL FM JUL 1 4077 CLOUDY (SCALE 8-10) 3
DPTR FM NORMAL -499
[CDD (BASE 65) ]
TOTAL THIS MO. 0
DPTR FM NORMAL 0 [PRESSURE DATA]
TOTAL FM JAN 1 0 HIGHEST SLP 30.54 ON 17
DPTR FM NORMAL 0 LOWEST SLP 29.33 ON 27
[REMARKS]
#FINAL-02-24#