000
CXUS53 KIND 010600
CF6HUF
PRELIMINARY LOCAL CLIMATOLOGICAL DATA (WS FORM: F-6)
STATION: TERRE HAUTE IN
MONTH: MARCH
YEAR: 2021
LATITUDE: 39 27 N
LONGITUDE: 87 18 W
TEMPERATURE IN F: :PCPN: SNOW: WIND :SUNSHINE: SKY :PK WND
================================================================================
1 2 3 4 5 6A 6B 7 8 9 10 11 12 13 14 15 16 17 18
12Z AVG MX 2MIN
DY MAX MIN AVG DEP HDD CDD WTR SNW DPTH SPD SPD DIR MIN PSBL S-S WX SPD DR
================================================================================
1 44 30 37 0 28 0 0.00 M M 10.0 18 320 M M 2 28 320
2 46 21 34 -3 31 0 0.00 M M 5.6 16 190 M M 0 22 220
3 61 33 47 9 18 0 0.00 M M 6.0 14 260 M M 0 19 260
4 53 29 41 3 24 0 0.00 M M 8.8 16 30 M M 0 23 350
5 50 23 37 -2 28 0 0.00 M M 5.9 14 360 M M 0 19 40
6 52 23 38 -1 27 0 0.00 M M 2.6 14 320 M M 1 20 340
7 57 25 41 2 24 0 0.00 M M 4.1 9 170 M M 0 12 110
8 67 33 50 10 15 0 0.00 M M 9.0 20 210 M M 0 31 220
9 69 37 53 13 12 0 0.00 M M 9.9 23 170 M M 0 35 190
10 67 51 59 19 6 0 0.00 M M 18.4 31 190 M M 5 45 180
11 66 46 56 15 9 0 0.81 M M 9.7 28 200 M M 9 13 37 200
12 61 38 50 9 15 0 0.00 M M 5.7 14 10 M M 3 25 30
13 55 37 46 4 19 0 0.00 M M 6.7 13 50 M M 3 17 70
14 53 32 43 1 22 0 0.01 M M 4.6 17 90 M M 6 26 90
15 48 33 41 -1 24 0 0.77 M M 15.3 28 100 M M 10 13 39 90
16 49 38 44 1 21 0 0.01 M M 4.8 14 110 M M 10 1 21 120
17 63 43 53 10 12 0 0.03 M M 9.4 16 150 M M 8 1 23 180
18 56 40 48 4 17 0 1.79 M M 15.1 30 60 M M 10 1 42 60
19 52 32 42 -2 23 0 0.00 M M 14.6 25 30 M M 0 37 30
20 61 26 44 0 21 0 0.00 M M 4.5 13 70 M M 0 14 80
21 67 30 49 4 16 0 0.00 M M 5.5 16 200 M M 0 20 220
22 68 38 53 8 12 0 0.00 M M 7.1 22 180 M M 3 30 170
23 67 48 58 13 7 0 0.05 M M 12.2 25 160 M M 8 1 37 180
24 71 50 61 15 4 0 T M M 14.8 29 210 M M 5 41 240
25 62 43 53 7 12 0 0.60 M M 7.1 30 260 M M 5 13 45 260
26 55 44 50 4 15 0 T M M 5.7 24 300 M M 9 1 37 300
27 75 40 58 11 7 0 0.38 M M 8.9 20 200 M M 1 13 26 200
28 56 38 47 0 18 0 0.02 M M 15.0 29 300 M M 8 42 310
29 61 28 45 -3 20 0 0.00 M M 7.8 18 160 M M 0 27 160
30 73 47 60 12 5 0 0.17 M M 14.2 30 180 M M 3 13 42 180
31 52 34 43 -5 22 0 T M M 14.3 24 310 M M 3 37 330
================================================================================
SM 1837 1110 534 0 4.64 M 283.3 M 112
================================================================================
AV 59.3 35.8 9.1 FASTST M M 4 MAX(MPH)
MISC ----> 31 190 # 45 180
================================================================================
NOTES:
# LAST OF SEVERAL OCCURRENCES
COLUMN 17 PEAK WIND IN M.P.H.
PRELIMINARY LOCAL CLIMATOLOGICAL DATA (WS FORM: F-6) , PAGE 2
STATION: TERRE HAUTE IN
MONTH: MARCH
YEAR: 2021
LATITUDE: 39 27 N
LONGITUDE: 87 18 W
[TEMPERATURE DATA] [PRECIPITATION DATA] SYMBOLS USED IN COLUMN 16
AVERAGE MONTHLY: 47.5 TOTAL FOR MONTH: 4.64 1 = FOG OR MIST
DPTR FM NORMAL: 4.7 DPTR FM NORMAL: 1.27 2 = FOG REDUCING VISIBILITY
HIGHEST: 75 ON 27 GRTST 24HR 1.81 ON 17-18 TO 1/4 MILE OR LESS
LOWEST: 21 ON 2 3 = THUNDER
SNOW, ICE PELLETS, HAIL 4 = ICE PELLETS
TOTAL MONTH: M 5 = HAIL
GRTST 24HR M ON M 6 = FREEZING RAIN OR DRIZZLE
GRTST DEPTH: M ON M 7 = DUSTSTORM OR SANDSTORM:
VSBY 1/2 MILE OR LESS
8 = SMOKE OR HAZE
[NO. OF DAYS WITH] [WEATHER - DAYS WITH] 9 = BLOWING SNOW
X = TORNADO
MAX 32 OR BELOW: 0 0.01 INCH OR MORE: 11
MAX 90 OR ABOVE: 0 0.10 INCH OR MORE: 6
MIN 32 OR BELOW: 11 0.50 INCH OR MORE: 4
MIN 0 OR BELOW: 0 1.00 INCH OR MORE: 1
[HDD (BASE 65) ]
TOTAL THIS MO. 534 CLEAR (SCALE 0-3) 19
DPTR FM NORMAL -157 PTCLDY (SCALE 4-7) 6
TOTAL FM JUL 1 4474 CLOUDY (SCALE 8-10) 6
DPTR FM NORMAL -380
[CDD (BASE 65) ]
TOTAL THIS MO. 0
DPTR FM NORMAL -1 [PRESSURE DATA]
TOTAL FM JAN 1 0 HIGHEST SLP M ON M
DPTR FM NORMAL -1 LOWEST SLP 29.42 ON 25
[REMARKS]
#FINAL-03-21#