000
CXUS53 KIND 010600
CF6HUF
PRELIMINARY LOCAL CLIMATOLOGICAL DATA (WS FORM: F-6)
STATION: TERRE HAUTE IN
MONTH: OCTOBER
YEAR: 2023
LATITUDE: 39 27 N
LONGITUDE: 87 18 W
TEMPERATURE IN F: :PCPN: SNOW: WIND :SUNSHINE: SKY :PK WND
================================================================================
1 2 3 4 5 6A 6B 7 8 9 10 11 12 13 14 15 16 17 18
12Z AVG MX 2MIN
DY MAX MIN AVG DEP HDD CDD WTR SNW DPTH SPD SPD DIR MIN PSBL S-S WX SPD DR
================================================================================
1 85 50 68 7 0 3 0.00 M M 4.2 14 90 M M 1 12 19 110
2 88 52 70 10 0 5 0.00 M M 3.1 13 120 M M 0 12 18 120
3 89 52 71 11 0 6 0.00 M M 4.0 14 190 M M 0 18 18 210
4 87 59 73 13 0 8 0.00 M M 5.8 20 200 M M 1 29 210
5 71 63 67 8 0 2 0.36 M M 7.2 15 220 M M 9 1 24 190
6 70 49 60 1 5 0 0.00 M M 7.4 23 300 M M 3 1 35 340
7 63 40 52 -6 13 0 0.00 M M 8.1 17 320 M M 2 27 300
8 63 39 51 -7 14 0 T M M 3.5 15 250 M M 7 20 260
9 65 37 51 -7 14 0 0.00 M M 5.0 15 340 M M 3 24 350
10 66 33 50 -7 15 0 0.00 M M 4.6 17 270 M M 1 30 260
11 74 34 54 -3 11 0 T M M 5.3 17 180 M M 4 23 180
12 79 45 62 6 3 0 0.00 M M 3.3 12 360 M M 0 1 14 150
13 78 55 67 11 0 2 0.59 M M 9.6 23 170 M M 7 1 32 150
14 66 52 59 3 6 0 0.04 M M 9.2 23 250 M M 9 1 32 290
15 58 48 53 -2 12 0 T M M 8.8 17 320 M M 10 29 300
16 57 49 53 -2 12 0 0.01 M M 7.0 14 320 M M 10 21 340
17 65 43 54 0 11 0 0.00 M M 2.5 10 250 M M 6 1 14 240
18 70 41 56 2 9 0 0.00 M M 9.7 22 200 M M 1 1 29 190
19 62 55 59 5 6 0 0.33 M M 8.5 16 180 M M 9 1 26 290
20 64 41 53 0 12 0 0.03 M M 7.7 20 300 M M 6 1 32 320
21 75 38 57 4 8 0 0.00 M M 9.4 24 240 M M 1 34 330
22 62 37 50 -2 15 0 0.00 M M 3.8 13 30 M M 5 17 30
23 72 35 54 2 11 0 0.00 M M 6.9 15 160 M M 0 18 160
24 76 46 61 9 4 0 0.00 M M 7.6 16 200 M M 0 22 220
25 75 62 69 18 0 4 T M M 10.8 22 200 M M 5 28 190
26 80 60 70 19 0 5 0.02 M M 11.6 25 180 M M 2 33 180
27 80 57 69 19 0 4 T M M 10.0 20 210 M M 8 27 200
28 57 45 51 1 14 0 0.39 M M 7.8 15 320 M M 10 1 22 320
29 51 47 49 -1 16 0 0.55 M M 6.9 15 350 M M 10 1 22 330
30 47 30 39 -10 26 0 0.04 M M 9.2 17 350 M M 5 28 320
31 41 24 33 -16 32 0 0.00 M M 8.3 22 300 M M 4 33 310
================================================================================
SM 2136 1418 269 39 2.36 M 216.8 M 139
================================================================================
AV 68.9 45.7 7.0 FASTST M M 4 MAX(MPH)
MISC ----> 25 180 35 340
================================================================================
NOTES:
# LAST OF SEVERAL OCCURRENCES
COLUMN 17 PEAK WIND IN M.P.H.
PRELIMINARY LOCAL CLIMATOLOGICAL DATA (WS FORM: F-6) , PAGE 2
STATION: TERRE HAUTE IN
MONTH: OCTOBER
YEAR: 2023
LATITUDE: 39 27 N
LONGITUDE: 87 18 W
[TEMPERATURE DATA] [PRECIPITATION DATA] SYMBOLS USED IN COLUMN 16
AVERAGE MONTHLY: 57.3 TOTAL FOR MONTH: 2.36 1 = FOG OR MIST
DPTR FM NORMAL: 2.4 DPTR FM NORMAL: -1.08 2 = FOG REDUCING VISIBILITY
HIGHEST: 89 ON 3 GRTST 24HR 0.62 ON 13-14 TO 1/4 MILE OR LESS
LOWEST: 24 ON 31 3 = THUNDER
SNOW, ICE PELLETS, HAIL 4 = ICE PELLETS
TOTAL MONTH: M 5 = HAIL
GRTST 24HR M ON M 6 = FREEZING RAIN OR DRIZZLE
GRTST DEPTH: M ON M 7 = DUSTSTORM OR SANDSTORM:
VSBY 1/2 MILE OR LESS
8 = SMOKE OR HAZE
[NO. OF DAYS WITH] [WEATHER - DAYS WITH] 9 = BLOWING SNOW
X = TORNADO
MAX 32 OR BELOW: 0 0.01 INCH OR MORE: 10
MAX 90 OR ABOVE: 0 0.10 INCH OR MORE: 5
MIN 32 OR BELOW: 2 0.50 INCH OR MORE: 2
MIN 0 OR BELOW: 0 1.00 INCH OR MORE: 0
[HDD (BASE 65) ]
TOTAL THIS MO. 269 CLEAR (SCALE 0-3) 13
DPTR FM NORMAL -65 PTCLDY (SCALE 4-7) 10
TOTAL FM JUL 1 283 CLOUDY (SCALE 8-10) 8
DPTR FM NORMAL -123
[CDD (BASE 65) ]
TOTAL THIS MO. 39
DPTR FM NORMAL 20 [PRESSURE DATA]
TOTAL FM JAN 1 1104 HIGHEST SLP M ON M
DPTR FM NORMAL 28 LOWEST SLP 29.60 ON 21
[REMARKS]
#FINAL-10-23#