000
CXUS55 KVEF 010910
CF6IGM
PRELIMINARY LOCAL CLIMATOLOGICAL DATA (WS FORM: F-6)
STATION: KINGMAN AZ
MONTH: FEBRUARY
YEAR: 2024
LATITUDE: 35 16 N
LONGITUDE: 113 57 W
TEMPERATURE IN F: :PCPN: SNOW: WIND :SUNSHINE: SKY :PK WND
================================================================================
1 2 3 4 5 6A 6B 7 8 9 10 11 12 13 14 15 16 17 18
12Z AVG MX 2MIN
DY MAX MIN AVG DEP HDD CDD WTR SNW DPTH SPD SPD DIR MIN PSBL S-S WX SPD DR
================================================================================
1 65 43 54 9 11 0 0.07 M M 13.9 39 230 M M 5 54 230
2 49 41 45 0 20 0 0.06 M M 13.7 24 240 M M 8 1 31 240
3 51 32 42 -3 23 0 0.00 M M 10.1 22 250 M M 0 29 260
4 57 33 45 -1 20 0 0.00 M M 7.1 18 140 M M 5 25 140
5 64 41 53 7 12 0 0.00 M M 11.9 25 130 M M 0 36 130
6 59 39 49 3 16 0 0.36 M M 10.8 32 200 M M 7 1 44 190
7 47 40 44 -2 21 0 T M M 14.6 26 220 M M 9 35 220
8 43 30 37 -9 28 0 0.65 M M 9.8 25 190 M M 6 123 37 190
9 45 31 38 -8 27 0 0.02 M M 6.2 16 130 M M 7 21 230
10 46 32 39 -7 26 0 0.27 M M 8.8 23 360 M M 7 1 27 360
11 49 28 39 -7 26 0 0.00 M M 7.5 14 10 M M 0 18 50
12 55 28 42 -4 23 0 0.00 M M 4.8 10 140 M M 0 12 360
13 59 29 44 -2 21 0 0.00 M M 6.7 18 240 M M 0 23 260
14 60 32 46 -1 19 0 0.00 M M 8.7 20 240 M M 0 32 250
15 60 35 48 1 17 0 0.00 M M 8.9 20 250 M M 1 24 260
16 65 32 49 2 16 0 0.00 M M 5.5 14 10 M M 0 16 10
17 67 38 53 6 12 0 0.00 M M 5.3 12 240 M M 0 17 220
18 66 42 54 7 11 0 0.00 M M 9.6 21 250 M M 0 27 240
19 67 38 53 5 12 0 0.00 M M 10.8 31 220 M M 1 39 210
20 61 43 52 4 13 0 0.00 M M 7.1 18 240 M M 1 24 240
21 58 36 47 -1 18 0 0.24 M M 7.0 18 340 M M 4 13 32 290
22 62 34 48 0 17 0 0.00 M M 6.6 18 360 M M 0 23 10
23 65 37 51 3 14 0 0.00 M M 8.6 20 10 M M 0 25 10
24 67 37 52 4 13 0 0.00 M M 5.6 14 250 M M 0 18 240
25 71 42 57 8 8 0 0.00 M M 8.4 21 230 M M 0 26 230
26 67 45 56 7 9 0 0.00 M M 12.8 30 220 M M 1 36 210
27 65 39 52 3 13 0 0.00 M M 10.4 26 220 M M 1 35 220
28 66 33 50 1 15 0 0.00 M M 5.6 16 350 M M 0 19 360
29 67 35 51 2 14 0 0.00 M M 12.0 30 230 M M 0 39 210
================================================================================
SM 1723 1045 495 0 1.67 M 258.8 M 63
================================================================================
AV 59.4 36.0 8.9 FASTST M M 2 MAX(MPH)
MISC ----> 39 230 54 230
================================================================================
NOTES:
# LAST OF SEVERAL OCCURRENCES
COLUMN 17 PEAK WIND IN M.P.H.
PRELIMINARY LOCAL CLIMATOLOGICAL DATA (WS FORM: F-6) , PAGE 2
STATION: KINGMAN AZ
MONTH: FEBRUARY
YEAR: 2024
LATITUDE: 35 16 N
LONGITUDE: 113 57 W
[TEMPERATURE DATA] [PRECIPITATION DATA] SYMBOLS USED IN COLUMN 16
AVERAGE MONTHLY: 47.7 TOTAL FOR MONTH: 1.67 1 = FOG OR MIST
DPTR FM NORMAL: 0.7 DPTR FM NORMAL: 0.63 2 = FOG REDUCING VISIBILITY
HIGHEST: 71 ON 25 GRTST 24HR 0.65 ON 8- 8 TO 1/4 MILE OR LESS
LOWEST: 28 ON 12,11 3 = THUNDER
SNOW, ICE PELLETS, HAIL 4 = ICE PELLETS
TOTAL MONTH: M 5 = HAIL
GRTST 24HR M ON M 6 = FREEZING RAIN OR DRIZZLE
GRTST DEPTH: M ON M 7 = DUSTSTORM OR SANDSTORM:
VSBY 1/2 MILE OR LESS
8 = SMOKE OR HAZE
[NO. OF DAYS WITH] [WEATHER - DAYS WITH] 9 = BLOWING SNOW
X = TORNADO
MAX 32 OR BELOW: 0 0.01 INCH OR MORE: 7
MAX 90 OR ABOVE: 0 0.10 INCH OR MORE: 4
MIN 32 OR BELOW: 9 0.50 INCH OR MORE: 1
MIN 0 OR BELOW: 0 1.00 INCH OR MORE: 0
[HDD (BASE 65) ]
TOTAL THIS MO. 495 CLEAR (SCALE 0-3) 20
DPTR FM NORMAL -10 PTCLDY (SCALE 4-7) 8
TOTAL FM JUL 1 2164 CLOUDY (SCALE 8-10) 1
DPTR FM NORMAL -239
[CDD (BASE 65) ]
TOTAL THIS MO. 0
DPTR FM NORMAL 0 [PRESSURE DATA]
TOTAL FM JAN 1 0 HIGHEST SLP 30.18 ON 22
DPTR FM NORMAL 0 LOWEST SLP 29.47 ON 6
[REMARKS]
#FINAL-02-24#