000
CXUS55 KLBF 011510
CF6IML
PRELIMINARY LOCAL CLIMATOLOGICAL DATA (WS FORM: F-6)
STATION: IMPERIAL
MONTH: NOVEMBER
YEAR: 2022
LATITUDE: 40 31 N
LONGITUDE: 101 37 W
TEMPERATURE IN F: :PCPN: SNOW: WIND :SUNSHINE: SKY :PK WND
================================================================================
1 2 3 4 5 6A 6B 7 8 9 10 11 12 13 14 15 16 17 18
12Z AVG MX 2MIN
DY MAX MIN AVG DEP HDD CDD WTR SNW DPTH SPD SPD DIR MIN PSBL S-S WX SPD DR
================================================================================
1 77 31 54 10 11 0 0.00 M M 9.1 22 170 M M 0 30 170
2 76 41 59 15 6 0 0.00 M M 7.1 18 170 M M 0 25 180
3 46 32 39 -5 26 0 T M M 14.7 29 360 M M 6 40 360
4 48 25 37 -6 28 0 0.00 M M 10.0 18 340 M M 4 26 300
5 69 22 46 3 19 0 0.00 M M 14.2 36 320 M M 0 50 320
6 53 35 44 2 21 0 0.00 M M 6.9 18 340 M M 6 24 340
7 53 31 42 0 23 0 0.00 M M 17.7 36 150 M M 3 53 150
8 76 44 60 18 5 0 0.00 M M 19.5 32 180 M M 2 43 230
9 61 26 44 3 21 0 0.00 M M 15.1 33 330 M M 7 1 45 330
10 42 17 30 -11 35 0 0.00 M M 14.1 26 350 M M 2 35 340
11 36 10 23 -17 42 0 0.00 M M 9.5 17 320 M M 0 28 320
12 46 6 26 -14 39 0 0.00 M M 4.3 12 130 M M 0 15 130
13 41 11 26 -14 39 0 0.00 M M 9.4 27 360 M M 0 36 350
14 41 16 29 -10 36 0 0.00 M M 10.9 23 340 M M 3 32 340
15 43 18 31 -8 34 0 0.00 M M 12.8 29 320 M M 6 44 310
16 42 12 27 -11 38 0 0.00 M M 12.4 25 340 M M 5 38 300
17 34 10 22 -16 43 0 0.01 M M 13.0 28 340 M M 7 18 35 20
18 27 0 14 -24 51 0 0.00 M M 12.1 21 330 M M 0 32 270
19 41 17 29 -8 36 0 0.00 M M 10.8 22 320 M M 0 33 270
20 55 12 34 -3 31 0 0.00 M M 9.4 21 320 M M 0 26 340
21 55 17 36 0 29 0 0.00 M M 6.9 15 310 M M 0 22 310
22 57 16 37 1 28 0 0.00 M M 5.8 18 350 M M 0 23 340
23 61 16 39 3 26 0 0.00 M M 7.9 23 340 M M 0 31 340
24 50 20 35 0 30 0 0.00 M M 14.7 29 350 M M 1 38 350
25 58 18 38 3 27 0 0.00 M M 6.2 14 260 M M 0 21 270
26 62 21 42 7 23 0 0.00 M M 12.5 24 20 M M 0 37 30
27 50 28 39 5 26 0 0.00 M M 9.1 15 200 M M 3 20 200
28 59 21 40 6 25 0 0.00 M M 11.9 32 30 M M 1 48 30
29 28 7 18 -16 47 0 0.01 M M 14.8 33 20 M M 6 168 44 10
30 34 3 19 -14 46 0 0.00 M M 10.5 20 160 M M 0 26 160
================================================================================
SM 1521 583 891 0 0.02 M 333.3 M 62
================================================================================
AV 50.7 19.4 11.1 FASTST M M 2 MAX(MPH)
MISC ----> # 36 320 53 150
================================================================================
NOTES:
# LAST OF SEVERAL OCCURRENCES
COLUMN 17 PEAK WIND IN M.P.H.
PRELIMINARY LOCAL CLIMATOLOGICAL DATA (WS FORM: F-6) , PAGE 2
STATION: IMPERIAL
MONTH: NOVEMBER
YEAR: 2022
LATITUDE: 40 31 N
LONGITUDE: 101 37 W
[TEMPERATURE DATA] [PRECIPITATION DATA] SYMBOLS USED IN COLUMN 16
AVERAGE MONTHLY: 35.1 TOTAL FOR MONTH: 0.02 1 = FOG OR MIST
DPTR FM NORMAL: -3.5 DPTR FM NORMAL: -0.40 2 = FOG REDUCING VISIBILITY
HIGHEST: 77 ON 1 GRTST 24HR 0.01 ON 17-17 TO 1/4 MILE OR LESS
LOWEST: 0 ON 18 3 = THUNDER
SNOW, ICE PELLETS, HAIL 4 = ICE PELLETS
TOTAL MONTH: M 5 = HAIL
GRTST 24HR M ON M 6 = FREEZING RAIN OR DRIZZLE
GRTST DEPTH: M ON M 7 = DUSTSTORM OR SANDSTORM:
VSBY 1/2 MILE OR LESS
8 = SMOKE OR HAZE
[NO. OF DAYS WITH] [WEATHER - DAYS WITH] 9 = BLOWING SNOW
X = TORNADO
MAX 32 OR BELOW: 2 0.01 INCH OR MORE: 2
MAX 90 OR ABOVE: 0 0.10 INCH OR MORE: 0
MIN 32 OR BELOW: 27 0.50 INCH OR MORE: 0
MIN 0 OR BELOW: 1 1.00 INCH OR MORE: 0
[HDD (BASE 65) ]
TOTAL THIS MO. 891 CLEAR (SCALE 0-3) 22
DPTR FM NORMAL 99 PTCLDY (SCALE 4-7) 8
TOTAL FM JUL 1 1282 CLOUDY (SCALE 8-10) 0
DPTR FM NORMAL -51
[CDD (BASE 65) ]
TOTAL THIS MO. 0
DPTR FM NORMAL 0 [PRESSURE DATA]
TOTAL FM JAN 1 1375 HIGHEST SLP 30.61 ON 18
DPTR FM NORMAL 360 LOWEST SLP 29.40 ON 5
[REMARKS]
#FINAL-11-22#