000
CXUS53 KLBF 180713
CLMIML
CLIMATE REPORT
NATIONAL WEATHER SERVICE NORTH PLATTE NE
113 AM CST MON DEC 18 2023
...................................
...THE IMPERIAL CLIMATE SUMMARY FOR THE MONTH OF NOVEMBER 2023...
CLIMATE NORMAL PERIOD 1991 TO 2020
CLIMATE RECORD PERIOD 1893 TO 2023
WEATHER OBSERVED NORMAL DEPART LAST YEAR`S
VALUE DATE(S) VALUE FROM VALUE DATE(S)
NORMAL
................................................................
TEMPERATURE (F)
RECORD
HIGH 85 11/03/2020
LOW -18 11/27/1896
HIGHEST 75 11/14 73 2 77 11/01
LOWEST 14 11/10 6 8 0 11/18
11/26
AVG. MAXIMUM 58.7 52.6 6.1 50.7
AVG. MINIMUM 24.7 24.6 0.1 19.4
MEAN 41.7 38.6 3.1 35.1
DAYS MAX >= 90 0 0.0 0.0 0
DAYS MAX <= 32 2 2.3 -0.3 2
DAYS MIN <= 32 26 25.1 0.9 27
DAYS MIN <= 0 0 0.2 -0.2 1
PRECIPITATION (INCHES)
RECORD
MAXIMUM 3.34 1930
MINIMUM 0.00 1901
TOTALS 0.30 0.42 -0.12 0.02
DAILY AVG. 0.01 0.01 -0.00 0.00
DAYS >= .01 3 3.9 -0.9 2
DAYS >= .10 1 1.2 -0.2 0
DAYS >= .50 0 0.1 -0.1 0
DAYS >= 1.00 0 0.0 0.0 0
GREATEST
24 HR. TOTAL 0.25 11/24 TO 11/24 0.01 11/29 TO 11/29
11/17 TO 11/17
11/29 TO 11/29
SNOWFALL (INCHES)
TOTALS MM
DEGREE DAYS
HEATING TOTAL 690 792 -102 891
SINCE 7/1 1160 1333 -173 MM
COOLING TOTAL 0 0 0 0
SINCE 1/1 986 1015 -29 MM
................................................................
WIND (MPH)
HIGHEST WIND SPEED/DIRECTION 30/340 DATE 11/16
HIGHEST GUST SPEED/DIRECTION 42/150 DATE 11/13
42/330 11/16
AVERAGE RH (PERCENT) 57
WEATHER CONDITIONS. NUMBER OF DAYS WITH
THUNDERSTORM 0 MIXED PRECIP 0
HEAVY RAIN 0 RAIN 0
LIGHT RAIN 3 FREEZING RAIN 0
LT FREEZING RAIN 0 HAIL 0
HEAVY SNOW 0 SNOW 1
LIGHT SNOW 2 SLEET 0
FOG 4 FOG W/VIS <= 1/4 MILE 1
HAZE 8
- INDICATES NEGATIVE NUMBERS.
R INDICATES RECORD WAS SET OR TIED.
MM INDICATES DATA IS MISSING.
T INDICATES TRACE AMOUNT.
$$