000
CXUS53 KIND 010600
CF6IND
PRELIMINARY LOCAL CLIMATOLOGICAL DATA (WS FORM: F-6)
STATION: INDIANAPOLIS IN
MONTH: OCTOBER
YEAR: 2023
LATITUDE: 39 43 N
LONGITUDE: 86 17 W
TEMPERATURE IN F: :PCPN: SNOW: WIND :SUNSHINE: SKY :PK WND
================================================================================
1 2 3 4 5 6A 6B 7 8 9 10 11 12 13 14 15 16 17 18
12Z AVG MX 2MIN
DY MAX MIN AVG DEP HDD CDD WTR SNW DPTH SPD SPD DIR MIN PSBL S-S WX SPD DR
================================================================================
1 84 59 72 10 0 7 0.00 0.0 0 4.7 12 100 M M 1 19 150
2 85 60 73 12 0 8 0.00 0.0 0 4.1 9 130 M M 1 12 90
3 86 61 74 13 0 9 0.00 0.0 0 5.8 15 200 M M 1 20 200
4 85 63 74 14 0 9 0.00 0.0 0 8.8 20 200 M M 7 26 200
5 70 63 67 7 0 2 0.78 0.0 0 9.1 17 210 M M 10 1 23 220
6 69 46 58 -2 7 0 0.00 0.0 0 11.8 30 300 M M 3 40 300
7 61 44 53 -6 12 0 0.00 0.0 0 13.0 24 290 M M 2 32 270
8 55 42 49 -10 16 0 T 0.0 0 7.1 18 300 M M 9 26 310
9 62 42 52 -6 13 0 0.00 0.0 0 6.9 16 330 M M 7 24 290
10 64 38 51 -7 14 0 0.00 0.0 0 9.0 24 260 M M 0 32 260
11 70 39 55 -3 10 0 0.00 0.0 0 6.5 15 190 M M 5 3 21 200
12 78 51 65 8 0 0 0.00 0.0 0 6.0 15 70 M M 3 20 70
13 75 53 64 7 1 0 0.40 0.0 0 8.9 17 150 M M 5 1 24 150
14 64 50 57 1 8 0 0.03 0.0 0 12.0 21 270 M M 9 1 27 10
15 56 46 51 -5 14 0 0.04 0.0 0 12.1 21 320 M M 8 1 27 20
16 57 47 52 -4 13 0 0.05 0.0 0 10.4 16 10 M M 10 1 21 360
17 62 47 55 0 10 0 0.00 0.0 0 5.6 12 180 M M 7 14 310
18 67 42 55 0 10 0 0.00 0.0 0 9.5 21 180 M M 5 31 200
19 57 52 55 1 10 0 0.29 0.0 0 10.4 16 210 M M 10 1 21 200
20 58 43 51 -3 14 0 0.07 0.0 0 11.2 23 300 M M 7 1 31 290
21 73 40 57 3 8 0 0.00 0.0 0 12.7 28 320 M M 2 37 280
22 59 44 52 -1 13 0 0.00 0.0 0 7.7 20 330 M M 5 29 350
23 68 39 54 1 11 0 0.00 0.0 0 7.1 12 140 M M 1 18 170
24 78 48 63 11 2 0 0.00 0.0 0 9.2 17 210 M M 5 23 210
25 74 61 68 16 0 3 T 0.0 0 11.5 20 210 M M 9 28 220
26 75 57 66 14 0 1 T 0.0 0 11.5 23 190 M M 8 30 220
27 77 64 71 20 0 6 T 0.0 0 11.8 24 210 M M 8 32 210
28 69 49 59 8 6 0 0.19 0.0 0 9.9 20 320 M M 10 1 25 320
29 51 45 48 -2 17 0 0.60 0.0 0 7.9 15 350 M M 10 1 19 350
30 46 30 38 -12 27 0 0.02 T 0 11.5 21 330 M M 6 1 26 310
31 41 25 33 -17 32 0 T T 0 12.7 28 280 M M 5 35 270
================================================================================
SM 2076 1490 268 45 2.47 T 286.4 M 179
================================================================================
AV 67.0 48.1 9.2 FASTST M M 6 MAX(MPH)
MISC ----> 30 300 40 300
================================================================================
NOTES:
# LAST OF SEVERAL OCCURRENCES
COLUMN 17 PEAK WIND IN M.P.H.
PRELIMINARY LOCAL CLIMATOLOGICAL DATA (WS FORM: F-6) , PAGE 2
STATION: INDIANAPOLIS IN
MONTH: OCTOBER
YEAR: 2023
LATITUDE: 39 43 N
LONGITUDE: 86 17 W
[TEMPERATURE DATA] [PRECIPITATION DATA] SYMBOLS USED IN COLUMN 16
AVERAGE MONTHLY: 57.5 TOTAL FOR MONTH: 2.47 1 = FOG OR MIST
DPTR FM NORMAL: 2.0 DPTR FM NORMAL: -0.75 2 = FOG REDUCING VISIBILITY
HIGHEST: 86 ON 3 GRTST 24HR 0.78 ON 5- 5 TO 1/4 MILE OR LESS
LOWEST: 25 ON 31 3 = THUNDER
SNOW, ICE PELLETS, HAIL 4 = ICE PELLETS
TOTAL MONTH: T 5 = HAIL
GRTST 24HR T ON 30-30 6 = FREEZING RAIN OR DRIZZLE
GRTST DEPTH: 0 7 = DUSTSTORM OR SANDSTORM:
VSBY 1/2 MILE OR LESS
8 = SMOKE OR HAZE
[NO. OF DAYS WITH] [WEATHER - DAYS WITH] 9 = BLOWING SNOW
X = TORNADO
MAX 32 OR BELOW: 0 0.01 INCH OR MORE: 10
MAX 90 OR ABOVE: 0 0.10 INCH OR MORE: 5
MIN 32 OR BELOW: 2 0.50 INCH OR MORE: 2
MIN 0 OR BELOW: 0 1.00 INCH OR MORE: 0
[HDD (BASE 65) ]
TOTAL THIS MO. 268 CLEAR (SCALE 0-3) 8
DPTR FM NORMAL -46 PTCLDY (SCALE 4-7) 14
TOTAL FM JUL 1 272 CLOUDY (SCALE 8-10) 9
DPTR FM NORMAL -103
[CDD (BASE 65) ]
TOTAL THIS MO. 45
DPTR FM NORMAL 24 [PRESSURE DATA]
TOTAL FM JAN 1 1178 HIGHEST SLP M ON M
DPTR FM NORMAL 39 LOWEST SLP 29.31 ON 31
[REMARKS]
#FINAL-10-23#