000
CXUS53 KDLH 011621
CF6INL
PRELIMINARY LOCAL CLIMATOLOGICAL DATA (WS FORM: F-6)
STATION: INTERNATIONAL FALLS
MONTH: AUGUST
YEAR: 2022
LATITUDE: 48 34 N
LONGITUDE: 93 23 W
TEMPERATURE IN F: :PCPN: SNOW: WIND :SUNSHINE: SKY :PK WND
================================================================================
1 2 3 4 5 6A 6B 7 8 9 10 11 12 13 14 15 16 17 18
12Z AVG MX 2MIN
DY MAX MIN AVG DEP HDD CDD WTR SNW DPTH SPD SPD DIR MIN PSBL S-S WX SPD DR
================================================================================
1 75 57 66 1 0 1 0.01 0.0 0 6.2 16 330 M M 6 1 22 310
2 79 57 68 3 0 3 T 0.0 0 5.4 14 170 M M 3 26 180
3 75 51 63 -2 2 0 T 0.0 0 8.6 22 320 M M 6 8 32 320
4 77 45 61 -4 4 0 0.00 0.0 0 3.9 14 140 M M 0 21 130
5 81 64 73 9 0 8 0.41 0.0 0 6.2 15 240 M M 5 13 27 250
6 72 59 66 2 0 1 0.00 0.0 0 8.5 18 320 M M 3 25 350
7 69 55 62 -2 3 0 T 0.0 0 2.3 10 80 M M 5 17 90
8 77 48 63 -1 2 0 T 0.0 0 3.8 10 250 M M 1 1 17 260
9 83 57 70 6 0 5 0.00 0.0 0 7.4 17 300 M M 1 30 290
10 76 49 63 -1 2 0 0.00 0.0 0 6.1 18 340 M M 1 27 350
11 75 45 60 -4 5 0 0.00 0.0 0 2.2 9 130 M M 0 15 70
12 75 55 65 1 0 0 0.00 0.0 0 5.0 14 130 M M 5 20 150
13 78 54 66 2 0 1 T 0.0 0 2.8 8 30 M M 4 1 12 50
14 81 55 68 4 0 3 T 0.0 0 3.4 15 100 M M 2 20 110
15 80 58 69 6 0 4 0.00 0.0 0 4.2 14 140 M M 4 20 110
16 70 60 65 2 0 0 0.86 0.0 0 6.2 15 160 M M 7 13 30 140
17 83 58 71 8 0 6 0.00 0.0 0 2.0 9 190 M M 3 123 18 190
18 79 56 68 5 0 3 0.44 0.0 0 2.5 14 310 M M 4 1238 18 320
19 79 64 72 9 0 7 0.42 0.0 0 6.4 14 120 M M 6 138 21 70
20 76 51 64 2 1 0 0.00 0.0 0 3.8 9 50 M M 4 14 360
21 80 46 63 1 2 0 0.00 0.0 0 2.2 10 280 M M 0 14 290
22 84 54 69 7 0 4 0.35 0.0 0 2.3 20 80 M M 1 13 29 70
23 80 56 68 6 0 3 0.22 0.0 0 2.0 13 290 M M 2 138 18 270
24 67 53 60 -2 5 0 0.05 0.0 0 6.8 14 90 M M 10 138 21 40
25 75 50 63 2 2 0 0.00 0.0 0 2.1 12 290 M M 4 12 16 290
26 79 49 64 3 1 0 0.00 0.0 0 3.7 12 260 M M 0 19 240
27 76 57 67 6 0 2 0.10 0.0 0 7.0 14 140 M M 5 1 24 220
28 76 62 69 8 0 4 0.23 0.0 0 6.0 16 110 M M 6 13 29 180
29 67 57 62 2 3 0 0.11 0.0 0 9.3 21 280 M M 8 1 33 290
30 77 54 66 6 0 1 0.00 0.0 0 9.1 23 300 M M 1 36 290
31 79 55 67 7 0 2 0.00 0.0 0 5.5 14 300 M M 0 19 300
================================================================================
SM 2380 1691 32 58 3.20 0.0 152.9 M 107
================================================================================
AV 76.8 54.5 4.9 FASTST M M 3 MAX(MPH)
MISC ----> 23 300 36 290
================================================================================
NOTES:
# LAST OF SEVERAL OCCURRENCES
COLUMN 17 PEAK WIND IN M.P.H.
PRELIMINARY LOCAL CLIMATOLOGICAL DATA (WS FORM: F-6) , PAGE 2
STATION: INTERNATIONAL FALLS
MONTH: AUGUST
YEAR: 2022
LATITUDE: 48 34 N
LONGITUDE: 93 23 W
[TEMPERATURE DATA] [PRECIPITATION DATA] SYMBOLS USED IN COLUMN 16
AVERAGE MONTHLY: 65.7 TOTAL FOR MONTH: 3.20 1 = FOG OR MIST
DPTR FM NORMAL: 2.9 DPTR FM NORMAL: 0.38 2 = FOG REDUCING VISIBILITY
HIGHEST: 84 ON 22 GRTST 24HR 0.86 ON 16-16 TO 1/4 MILE OR LESS
LOWEST: 45 ON 11, 4 3 = THUNDER
SNOW, ICE PELLETS, HAIL 4 = ICE PELLETS
TOTAL MONTH: 0.0 INCH 5 = HAIL
GRTST 24HR 0.0 6 = FREEZING RAIN OR DRIZZLE
GRTST DEPTH: 0 7 = DUSTSTORM OR SANDSTORM:
VSBY 1/2 MILE OR LESS
8 = SMOKE OR HAZE
[NO. OF DAYS WITH] [WEATHER - DAYS WITH] 9 = BLOWING SNOW
X = TORNADO
MAX 32 OR BELOW: 0 0.01 INCH OR MORE: 11
MAX 90 OR ABOVE: 0 0.10 INCH OR MORE: 9
MIN 32 OR BELOW: 0 0.50 INCH OR MORE: 1
MIN 0 OR BELOW: 0 1.00 INCH OR MORE: 0
[HDD (BASE 65) ]
TOTAL THIS MO. 32 CLEAR (SCALE 0-3) 13
DPTR FM NORMAL -83 PTCLDY (SCALE 4-7) 17
TOTAL FM JUL 1 80 CLOUDY (SCALE 8-10) 1
DPTR FM NORMAL -109
[CDD (BASE 65) ]
TOTAL THIS MO. 58
DPTR FM NORMAL 9 [PRESSURE DATA]
TOTAL FM JAN 1 177 HIGHEST SLP 30.32 ON 11
DPTR FM NORMAL 15 LOWEST SLP 29.41 ON 2
[REMARKS]
#FINAL-08-22#