000
CXUS55 KPSR 011005
CF6IPL
PRELIMINARY LOCAL CLIMATOLOGICAL DATA (WS FORM: F-6)
STATION: IMPERIAL CA
MONTH: AUGUST
YEAR: 2020
LATITUDE: 32 50 N
LONGITUDE: 115 35 W
TEMPERATURE IN F: :PCPN: SNOW: WIND :SUNSHINE: SKY :PK WND
================================================================================
1 2 3 4 5 6A 6B 7 8 9 10 11 12 13 14 15 16 17 18
12Z AVG MX 2MIN
DY MAX MIN AVG DEP HDD CDD WTR SNW DPTH SPD SPD DIR MIN PSBL S-S WX SPD DR
================================================================================
1 112 85 99 6 0 34 0.00 M M 10.4 22 140 M M 3 26 150
2 112 83 98 5 0 33 0.00 M M 9.6 20 260 M M 0 24 260
3 114 81 98 5 0 33 0.00 M M 5.7 20 270 M M 0 8 26 270
4 114 81 98 5 0 33 0.00 M M 12.4 26 260 M M 0 8 33 250
5 110 77 94 1 0 29 0.00 M M 15.8 25 250 M M 0 32 250
6 106 80 93 0 0 28 0.00 M M 16.2 24 280 M M 0 32 270
7 105 70 88 -5 0 23 0.00 M M 5.9 16 280 M M 0 21 280
8 108 72 90 -3 0 25 0.00 M M 5.4 14 260 M M 0 17 260
9 110 74 92 -1 0 27 0.00 M M 5.6 14 270 M M 0 19 280
10 111 70 91 -2 0 26 0.00 M M 5.6 20 140 M M 1 8 24 130
11 111 79 95 2 0 30 0.00 M M 6.4 15 160 M M 1 20 130
12 111 83 97 4 0 32 0.00 M M 5.6 14 140 M M 1 16 140
13 116 85 101 8 0 36 0.00 M M 5.6 13 270 M M 1 15 270
14 117 84 101 8 0 36 0.00 M M 5.2 12 140 M M 3 8 15 70
15 115 88 102 9 0 37 0.00 M M 8.3 24 130 M M 2 32 130
16 114 85 100 7 0 35 0.00 M M 6.5 23 140 M M 2 29 150
17 115 88 102 9 0 37 0.00 M M 7.3 17 120 M M 3 22 120
18 115 90 103 10 0 38 T M M 9.7 28 130 M M 3 38 34 130
19 115 84 100 8 0 35 0.00 M M 6.3 15 150 M M 3 17 100
20 110 85 98 6 0 33 0.00 M M 10.9 21 130 M M 1 24 140
21 102 86 94 2 0 29 0.00 M M 11.9 23 160 M M 0 29 150
22 106 84 95 3 0 30 0.00 M M 7.5 15 140 M M 1 18 140
23 109 84 97 5 0 32 0.00 M M 4.2 10 260 M M 3 14 360
24 114 86 100 8 0 35 0.00 M M 6.1 15 270 M M 4 19 270
25 115 85 100 8 0 35 0.00 M M 4.5 18 260 M M 3 22 270
26 114 83 99 7 0 34 0.00 M M 5.7 12 260 M M 2 14 250
27 114 83 99 7 0 34 0.00 M M 5.7 13 280 M M 3 17 280
28 112 81 97 6 0 32 0.00 M M 5.9 14 250 M M 3 18 260
29 107 84 96 5 0 31 0.00 M M 10.5 23 140 M M 2 3 27 150
30 105 85 95 4 0 30 0.00 M M 10.7 24 160 M M 3 29 150
31 105 83 94 3 0 29 0.00 M M 7.5 14 170 M M 2 19 130
================================================================================
SM 3444 2548 0 991 T M 244.6 M 50
================================================================================
AV111.1 82.2 7.9 FASTST M M 2 MAX(MPH)
MISC ----> 28 130 34 130
================================================================================
NOTES:
# LAST OF SEVERAL OCCURRENCES
COLUMN 17 PEAK WIND IN M.P.H.
PRELIMINARY LOCAL CLIMATOLOGICAL DATA (WS FORM: F-6) , PAGE 2
STATION: IMPERIAL CA
MONTH: AUGUST
YEAR: 2020
LATITUDE: 32 50 N
LONGITUDE: 115 35 W
[TEMPERATURE DATA] [PRECIPITATION DATA] SYMBOLS USED IN COLUMN 16
AVERAGE MONTHLY: 96.6 TOTAL FOR MONTH: T 1 = FOG OR MIST
DPTR FM NORMAL: 4.1 DPTR FM NORMAL: -0.41 2 = FOG REDUCING VISIBILITY
HIGHEST: 117 ON 14 GRTST 24HR T ON 18-18 TO 1/4 MILE OR LESS
LOWEST: 70 ON 10, 7 3 = THUNDER
SNOW, ICE PELLETS, HAIL 4 = ICE PELLETS
TOTAL MONTH: M 5 = HAIL
GRTST 24HR M ON M 6 = FREEZING RAIN OR DRIZZLE
GRTST DEPTH: M ON M 7 = DUSTSTORM OR SANDSTORM:
VSBY 1/2 MILE OR LESS
8 = SMOKE OR HAZE
[NO. OF DAYS WITH] [WEATHER - DAYS WITH] 9 = BLOWING SNOW
X = TORNADO
MAX 32 OR BELOW: 0 0.01 INCH OR MORE: 0
MAX 90 OR ABOVE: 31 0.10 INCH OR MORE: 0
MIN 32 OR BELOW: 0 0.50 INCH OR MORE: 0
MIN 0 OR BELOW: 0 1.00 INCH OR MORE: 0
[HDD (BASE 65) ]
TOTAL THIS MO. 0 CLEAR (SCALE 0-3) 28
DPTR FM NORMAL 0 PTCLDY (SCALE 4-7) 3
TOTAL FM JUL 1 0 CLOUDY (SCALE 8-10) 0
DPTR FM NORMAL 0
[CDD (BASE 65) ]
TOTAL THIS MO. 991
DPTR FM NORMAL 139 [PRESSURE DATA]
TOTAL FM JAN 1 3337 HIGHEST SLP M ON M
DPTR FM NORMAL 336 LOWEST SLP 29.51 ON 26
[REMARKS]
#FINAL-08-20#