000
CXUS53 KEAX 010735
CLSIRK
CLIMATE REPORT
NATIONAL WEATHER SERVICE
229 AM CDT MON JUN 01 2020
...................................
...THE KIRKSVILLE MO CLIMATE SUMMARY FOR THE SEASON, FROM
3/1/2020 TO 5/31/2020...
CLIMATE NORMAL PERIOD: 1981 TO 2010
CLIMATE RECORD PERIOD: 9999 TO 9999
WEATHER OBSERVED NORMAL DEPART LAST YEAR`S
VALUE DATE(S) VALUE FROM VALUE DATE(S)
NORMAL
................................................................
TEMPERATURE (F)
HIGHEST 86 05/24 85 1 89 05/16
LOWEST 23 04/10 11 12 -4 03/04
AVG. MAXIMUM 62.2 62.0 0.2 61.0
AVG. MINIMUM 41.8 41.0 0.8 40.6
MEAN 52.0 51.5 0.5 50.8
DAYS MAX >= 90 0 0.1 -0.1 0
DAYS MAX <= 32 0 2.3 -2.3 5
DAYS MIN <= 32 20 24.4 -4.4 23
DAYS MIN <= 0 0 0.2 -0.2 1
PRECIPITATION (INCHES)
TOTALS 13.48 11.35 2.13 23.42
DAILY AVG. 0.15 0.12 0.03 0.26
DAYS >= .01 35 32.7 2.3 MM
DAYS >= .10 21 20.5 0.5 MM
DAYS >= .50 8 7.3 0.7 MM
DAYS >= 1.00 3 2.7 0.3 MM
GREATEST
24 HR. TOTAL 3.30 05/14 TO 05/15
DEGREE DAYS
HEATING TOTAL 1228 1307 -79 1288
COOLING TOTAL 51 63 -12 80
................................................................
WIND (MPH)
AVERAGE WIND SPEED 9.4
HIGHEST WIND SPEED/DIRECTION 40/160 DATE 05/14
HIGHEST GUST SPEED/DIRECTION 54/210 DATE 03/28
SKY COVER
POSSIBLE SUNSHINE (PERCENT) MM
AVERAGE SKY COVER 0.49
NUMBER OF DAYS FAIR 34
NUMBER OF DAYS PC 34
NUMBER OF DAYS CLOUDY 24
AVERAGE RH (PERCENT) 71
WEATHER CONDITIONS. NUMBER OF DAYS WITH
THUNDERSTORM 9 MIXED PRECIP 0
HEAVY RAIN 7 RAIN 16
LIGHT RAIN 26 FREEZING RAIN 0
LT FREEZING RAIN 2 HAIL 0
HEAVY SNOW 0 SNOW 3
LIGHT SNOW 6 SLEET 0
FOG 51 FOG W/VIS <= 1/4 MILE 4
HAZE 10
- INDICATES NEGATIVE NUMBERS.
R INDICATES RECORD WAS SET OR TIED.
MM INDICATES DATA IS MISSING.
T INDICATES TRACE AMOUNT.
$$