000
CXUS52 TJSJ 010433
CF6IST
PRELIMINARY LOCAL CLIMATOLOGICAL DATA (WS FORM: F-6)
STATION: CYRIL E. KING AP/ST THOMAS
MONTH: JUNE
YEAR: 2021
LATITUDE: 18 19 N
LONGITUDE: 64 58 W
TEMPERATURE IN F: :PCPN: SNOW: WIND :SUNSHINE: SKY :PK WND
================================================================================
1 2 3 4 5 6A 6B 7 8 9 10 11 12 13 14 15 16 17 18
12Z AVG MX 2MIN
DY MAX MIN AVG DEP HDD CDD WTR SNW DPTH SPD SPD DIR MIN PSBL S-S WX SPD DR
================================================================================
1 87 78 83 0 0 18 0.14 M M 11.5 21 120 M M 3 8 28 140
2 89 78 84 1 0 19 0.03 M M 10.3 20 120 M M 2 24 130
3 88 79 84 0 0 19 0.13 M M 11.5 24 60 M M 2 33 80
4 88 78 83 -1 0 18 0.24 M M 13.0 25 90 M M 2 8 34 80
5 88 79 84 0 0 19 0.05 M M 12.7 28 80 M M 3 8 36 90
6 87 78 83 -1 0 18 0.20 M M 12.7 22 70 M M 2 8 26 80
7 86 76 81 -3 0 16 0.16 M M 10.4 22 70 M M 2 28 100
8 85 78 82 -2 0 17 0.01 M M 12.7 22 80 M M 2 28 90
9 87 76 82 -2 0 17 0.25 M M 10.2 25 110 M M 4 8 32 110
10 86 79 83 -1 0 18 0.24 M M 8.8 12 90 M M 3 21 60
11 86 77 82 -2 0 17 0.04 M M 8.0 16 90 M M 1 8 21 80
12 85 76 81 -3 0 16 0.01 M M 8.5 16 130 M M 1 19 140
13 89 78 84 0 0 19 0.02 M M 10.5 20 130 M M 2 8 24 130
14 88 79 84 0 0 19 0.06 M M 11.6 20 90 M M 3 25 120
15 91 81 86 2 0 21 T M M 13.8 23 70 M M 3 29 80
16 90 80 85 1 0 20 0.01 M M 12.3 22 70 M M 4 27 100
17 89 78 84 0 0 19 0.66 M M 16.4 30 110 M M 5 8 44 120
18 89 81 85 1 0 20 0.05 M M 14.5 23 120 M M 4 8 30 110
19 89 80 85 1 0 20 0.26 M M 11.4 21 70 M M 3 8 27 80
20 88 81 85 1 0 20 0.02 M M 12.4 22 100 M M 3 8 28 100
21 89 80 85 1 0 20 0.03 M M 12.1 22 90 M M 4 28 80
22 89 78 84 0 0 19 0.09 M M 11.1 22 80 M M 5 18 28 80
23 89 79 84 0 0 19 T M M 12.1 23 70 M M 2 34 70
24 90 80 85 1 0 20 T M M 10.9 21 80 M M 2 28 70
25 87 80 84 0 0 19 0.01 M M 11.4 18 130 M M 2 23 130
26 86 77 82 -2 0 17 1.26 M M 10.2 28 150 M M 5 8 35 160
27 87 78 83 -1 0 18 0.23 M M 10.8 18 120 M M 3 24 110
28 87 79 83 -1 0 18 0.17 M M 11.4 18 120 M M 1 8 26 110
29 89 79 84 0 0 19 0.04 M M 10.4 21 90 M M 2 8 26 80
30 90 80 85 1 0 20 0.01 M M 12.8 23 80 M M 2 30 80
================================================================================
SM 2638 2360 0 559 4.42 M 346.4 M 82
================================================================================
AV 87.9 78.7 11.5 FASTST M M 3 MAX(MPH)
MISC ----> 30 110 44 120
================================================================================
NOTES:
# LAST OF SEVERAL OCCURRENCES
COLUMN 17 PEAK WIND IN M.P.H.
PRELIMINARY LOCAL CLIMATOLOGICAL DATA (WS FORM: F-6) , PAGE 2
STATION: CYRIL E. KING AP/ST THOMAS
MONTH: JUNE
YEAR: 2021
LATITUDE: 18 19 N
LONGITUDE: 64 58 W
[TEMPERATURE DATA] [PRECIPITATION DATA] SYMBOLS USED IN COLUMN 16
AVERAGE MONTHLY: 83.3 TOTAL FOR MONTH: 4.42 1 = FOG OR MIST
DPTR FM NORMAL: -0.8 DPTR FM NORMAL: 2.07 2 = FOG REDUCING VISIBILITY
HIGHEST: 91 ON 15 GRTST 24HR 1.46 ON 26-27 TO 1/4 MILE OR LESS
LOWEST: 76 ON 12, 9 3 = THUNDER
SNOW, ICE PELLETS, HAIL 4 = ICE PELLETS
TOTAL MONTH: M 5 = HAIL
GRTST 24HR M ON M 6 = FREEZING RAIN OR DRIZZLE
GRTST DEPTH: M ON M 7 = DUSTSTORM OR SANDSTORM:
VSBY 1/2 MILE OR LESS
8 = SMOKE OR HAZE
[NO. OF DAYS WITH] [WEATHER - DAYS WITH] 9 = BLOWING SNOW
X = TORNADO
MAX 32 OR BELOW: 0 0.01 INCH OR MORE: 27
MAX 90 OR ABOVE: 4 0.10 INCH OR MORE: 12
MIN 32 OR BELOW: 0 0.50 INCH OR MORE: 2
MIN 0 OR BELOW: 0 1.00 INCH OR MORE: 1
[HDD (BASE 65) ]
TOTAL THIS MO. 0 CLEAR (SCALE 0-3) 21
DPTR FM NORMAL 0 PTCLDY (SCALE 4-7) 9
TOTAL FM JUL 1 0 CLOUDY (SCALE 8-10) 0
DPTR FM NORMAL 0
[CDD (BASE 65) ]
TOTAL THIS MO. 559
DPTR FM NORMAL -14 [PRESSURE DATA]
TOTAL FM JAN 1 2986 HIGHEST SLP M ON M
DPTR FM NORMAL 150 LOWEST SLP 29.93 ON 25
[REMARKS]
#FINAL-06-21#