000
CXUS52 TJSJ 010603
CF6ISX
PRELIMINARY LOCAL CLIMATOLOGICAL DATA (WS FORM: F-6)
STATION: HENRY E. ROHLSEN AP/ST CROIX
MONTH: FEBRUARY
YEAR: 2023
LATITUDE: 17 42 N
LONGITUDE: 64 48 W
TEMPERATURE IN F: :PCPN: SNOW: WIND :SUNSHINE: SKY :PK WND
================================================================================
1 2 3 4 5 6A 6B 7 8 9 10 11 12 13 14 15 16 17 18
12Z AVG MX 2MIN
DY MAX MIN AVG DEP HDD CDD WTR SNW DPTH SPD SPD DIR MIN PSBL S-S WX SPD DR
================================================================================
1 86 71 79 1 0 14 0.00 M M 10.0 20 70 M M 2 24 20
2 85 73 79 1 0 14 0.04 M M 9.3 16 110 M M 6 26 70
3 87 72 80 2 0 15 T M M 11.2 29 100 M M 1 36 90
4 86 74 80 2 0 15 0.01 M M 14.1 23 80 M M 4 29 80
5 86 76 81 3 0 16 0.00 M M 16.6 30 100 M M 5 40 90
6 86 75 81 3 0 16 0.00 M M 13.5 23 90 M M 2 29 90
7 85 72 79 1 0 14 0.03 M M 11.6 21 70 M M 3 27 80
8 85 73 79 1 0 14 T M M 13.5 25 80 M M 3 8 33 40
9 84 73 79 1 0 14 0.24 M M 15.1 29 80 M M 3 18 34 90
10 85 72 79 1 0 14 T M M 15.4 26 80 M M 2 33 80
11 84 72 78 0 0 13 T M M 13.8 26 80 M M 2 8 31 100
12 84 73 79 1 0 14 T M M 14.4 24 100 M M 1 8 30 90
13 83 71 77 -1 0 12 0.00 M M 10.9 22 100 M M 4 1 28 100
14 84 70 77 -1 0 12 0.02 M M 8.2 17 100 M M 4 1 21 100
15 85 68 77 -1 0 12 0.00 M M 11.4 22 70 M M 3 27 80
16 84 71 78 0 0 13 0.09 M M 14.3 25 60 M M 5 18 34 90
17 83 71 77 -1 0 12 0.05 M M 15.5 25 70 M M 5 1 33 70
18 85 74 80 2 0 15 T M M 15.1 23 80 M M 5 30 70
19 83 73 78 0 0 13 T M M 15.4 28 90 M M 4 36 90
20 84 71 78 0 0 13 T M M 12.7 23 100 M M 4 29 80
21 85 70 78 0 0 13 T M M 11.3 22 100 M M 5 28 90
22 85 74 80 2 0 15 T M M 12.3 22 60 M M 4 27 70
23 84 72 78 0 0 13 T M M 11.3 24 110 M M 4 32 60
24 84 72 78 0 0 13 T M M 11.8 22 60 M M 3 1 28 60
25 82 71 77 -1 0 12 0.34 M M 9.1 20 90 M M 6 18 23 90
26 83 66 75 -3 0 10 0.00 M M 7.3 16 110 M M 3 1 25 70
27 83 68 76 -2 0 11 0.00 M M 7.5 14 110 M M 5 M M
28 83 67 75 -3 0 10 0.00 M M 8.2 16 110 M M 1 20 100
================================================================================
SM 2363 2005 0 372 0.82 M 340.8 M 99
================================================================================
AV 84.4 71.6 12.2 FASTST M M 4 MAX(MPH)
MISC ----> 30 100 40 90
================================================================================
NOTES:
# LAST OF SEVERAL OCCURRENCES
COLUMN 17 PEAK WIND IN M.P.H.
PRELIMINARY LOCAL CLIMATOLOGICAL DATA (WS FORM: F-6) , PAGE 2
STATION: HENRY E. ROHLSEN AP/ST CROIX
MONTH: FEBRUARY
YEAR: 2023
LATITUDE: 17 42 N
LONGITUDE: 64 48 W
[TEMPERATURE DATA] [PRECIPITATION DATA] SYMBOLS USED IN COLUMN 16
AVERAGE MONTHLY: 78.0 TOTAL FOR MONTH: 0.82 1 = FOG OR MIST
DPTR FM NORMAL: 0.0 DPTR FM NORMAL: -0.53 2 = FOG REDUCING VISIBILITY
HIGHEST: 87 ON 3 GRTST 24HR 0.34 ON 25-25 TO 1/4 MILE OR LESS
LOWEST: 66 ON 26 3 = THUNDER
SNOW, ICE PELLETS, HAIL 4 = ICE PELLETS
TOTAL MONTH: M 5 = HAIL
GRTST 24HR M ON M 6 = FREEZING RAIN OR DRIZZLE
GRTST DEPTH: M ON M 7 = DUSTSTORM OR SANDSTORM:
VSBY 1/2 MILE OR LESS
8 = SMOKE OR HAZE
[NO. OF DAYS WITH] [WEATHER - DAYS WITH] 9 = BLOWING SNOW
X = TORNADO
MAX 32 OR BELOW: 0 0.01 INCH OR MORE: 8
MAX 90 OR ABOVE: 0 0.10 INCH OR MORE: 2
MIN 32 OR BELOW: 0 0.50 INCH OR MORE: 0
MIN 0 OR BELOW: 0 1.00 INCH OR MORE: 0
[HDD (BASE 65) ]
TOTAL THIS MO. 0 CLEAR (SCALE 0-3) 12
DPTR FM NORMAL 0 PTCLDY (SCALE 4-7) 16
TOTAL FM JUL 1 0 CLOUDY (SCALE 8-10) 0
DPTR FM NORMAL 0
[CDD (BASE 65) ]
TOTAL THIS MO. 372
DPTR FM NORMAL 8 [PRESSURE DATA]
TOTAL FM JAN 1 801 HIGHEST SLP M ON M
DPTR FM NORMAL 43 LOWEST SLP 29.94 ON 13
[REMARKS]
#FINAL-02-23#