000
CXHW53 PHFO 011250
CF6ITO
PRELIMINARY LOCAL CLIMATOLOGICAL DATA (WS FORM: F-6)
STATION: HILO HI
MONTH: JUNE
YEAR: 2023
LATITUDE: 19 43 N
LONGITUDE: 155 4 W
TEMPERATURE IN F: :PCPN: SNOW: WIND :SUNSHINE: SKY :PK WND
================================================================================
1 2 3 4 5 6A 6B 7 8 9 10 11 12 13 14 15 16 17 18
12Z AVG MX 2MIN
DY MAX MIN AVG DEP HDD CDD WTR SNW DPTH SPD SPD DIR MIN PSBL S-S WX SPD DR
================================================================================
1 80 69 75 0 0 10 0.24 M M 4.0 16 70 M M 6 18 19 80
2 82 69 76 1 0 11 0.24 M M 5.3 12 70 M M 7 1 16 50
3 82 66 74 -1 0 9 0.00 M M 6.2 13 60 M M 4 1 17 70
4 83 66 75 0 0 10 0.00 M M 6.0 13 60 M M 4 1 17 60
5 83 66 75 0 0 10 0.01 M M 6.6 13 40 M M 5 8 16 40
6 83 67 75 0 0 10 0.18 M M 6.9 16 110 M M 9 18 20 90
7 83 68 76 1 0 11 0.07 M M 5.5 15 90 M M 5 18 19 90
8 83 66 75 0 0 10 0.04 M M 5.7 13 60 M M 5 8 16 100
9 84 68 76 1 0 11 0.02 M M 6.7 14 70 M M 5 19 100
10 84 69 77 2 0 12 0.00 M M 6.1 15 90 M M 5 22 70
11 84 68 76 1 0 11 0.05 M M 6.1 14 60 M M 5 1 23 60
12 85 68 77 2 0 12 0.01 M M 5.1 13 110 M M 5 1 18 100
13 85 69 77 2 0 12 0.23 M M 5.6 21 110 M M 8 1 25 90
14 83 70 77 2 0 12 0.22 M M 6.6 13 80 M M 7 1 19 70
15 83 69 76 1 0 11 0.19 M M 7.6 18 80 M M 8 1 22 80
16 82 69 76 1 0 11 0.06 M M 6.0 12 70 M M 9 1 15 70
17 82 70 76 1 0 11 0.05 M M 7.0 18 80 M M 9 1 23 110
18 84 69 77 2 0 12 T M M 6.0 13 40 M M 5 19 50
19 81 67 74 -1 0 9 0.14 M M 6.8 15 260 M M 9 1 19 250
20 84 67 76 1 0 11 0.19 M M 6.6 16 90 M M 5 1 24 120
21 83 70 77 2 0 12 0.04 M M 6.0 17 50 M M 8 1 22 50
22 84 70 77 1 0 12 0.12 M M 5.7 13 60 M M 6 1 19 80
23 82 70 76 0 0 11 0.74 M M 6.4 18 100 M M 9 18 22 100
24 83 70 77 1 0 12 0.12 M M 5.9 22 80 M M 9 1 26 80
25 83 70 77 1 0 12 0.22 M M 7.4 18 80 M M 8 18 23 70
26 82 68 75 -1 0 10 0.18 M M 5.8 17 90 M M 8 1 24 110
27 82 69 76 0 0 11 0.93 M M 5.7 12 250 M M 8 1 13 30
28 84 67 76 0 0 11 0.02 M M 7.0 17 90 M M 8 1 21 80
29 84 69 77 1 0 12 0.07 M M 5.7 14 80 M M 7 1 19 100
30 83 67 75 -1 0 10 T M M 5.7 13 60 M M 4 8 18 40
================================================================================
SM 2490 2050 0 329 4.38 M 183.7 M 200
================================================================================
AV 83.0 68.3 6.1 FASTST M M 7 MAX(MPH)
MISC ----> 22 80 26 80
================================================================================
NOTES:
# LAST OF SEVERAL OCCURRENCES
COLUMN 17 PEAK WIND IN M.P.H.
PRELIMINARY LOCAL CLIMATOLOGICAL DATA (WS FORM: F-6) , PAGE 2
STATION: HILO HI
MONTH: JUNE
YEAR: 2023
LATITUDE: 19 43 N
LONGITUDE: 155 4 W
[TEMPERATURE DATA] [PRECIPITATION DATA] SYMBOLS USED IN COLUMN 16
AVERAGE MONTHLY: 75.7 TOTAL FOR MONTH: 4.38 1 = FOG OR MIST
DPTR FM NORMAL: 0.5 DPTR FM NORMAL: -2.92 2 = FOG REDUCING VISIBILITY
HIGHEST: 85 ON 13,12 GRTST 24HR 1.04 ON 26-27 TO 1/4 MILE OR LESS
LOWEST: 66 ON 8, 5 3 = THUNDER
SNOW, ICE PELLETS, HAIL 4 = ICE PELLETS
TOTAL MONTH: M 5 = HAIL
GRTST 24HR M ON M 6 = FREEZING RAIN OR DRIZZLE
GRTST DEPTH: M ON M 7 = DUSTSTORM OR SANDSTORM:
VSBY 1/2 MILE OR LESS
8 = SMOKE OR HAZE
[NO. OF DAYS WITH] [WEATHER - DAYS WITH] 9 = BLOWING SNOW
X = TORNADO
MAX 32 OR BELOW: 0 0.01 INCH OR MORE: 25
MAX 90 OR ABOVE: 0 0.10 INCH OR MORE: 14
MIN 32 OR BELOW: 0 0.50 INCH OR MORE: 2
MIN 0 OR BELOW: 0 1.00 INCH OR MORE: 0
[HDD (BASE 65) ]
TOTAL THIS MO. 0 CLEAR (SCALE 0-3) 0
DPTR FM NORMAL 0 PTCLDY (SCALE 4-7) 21
TOTAL FM JUL 1 0 CLOUDY (SCALE 8-10) 9
DPTR FM NORMAL 0
[CDD (BASE 65) ]
TOTAL THIS MO. 329
DPTR FM NORMAL 21 [PRESSURE DATA]
TOTAL FM JAN 1 1652 HIGHEST SLP 30.16 ON 25
DPTR FM NORMAL 254 LOWEST SLP 29.94 ON 19
[REMARKS]
#FINAL-06-23#