000
CXHW53 PHFO 011250
CF6ITO
PRELIMINARY LOCAL CLIMATOLOGICAL DATA (WS FORM: F-6)
STATION: HILO HI
MONTH: AUGUST
YEAR: 2022
LATITUDE: 19 43 N
LONGITUDE: 155 4 W
TEMPERATURE IN F: :PCPN: SNOW: WIND :SUNSHINE: SKY :PK WND
================================================================================
1 2 3 4 5 6A 6B 7 8 9 10 11 12 13 14 15 16 17 18
12Z AVG MX 2MIN
DY MAX MIN AVG DEP HDD CDD WTR SNW DPTH SPD SPD DIR MIN PSBL S-S WX SPD DR
================================================================================
1 83 69 76 -1 0 11 0.19 M M 6.4 18 40 M M 8 18 24 50
2 81 67 74 -3 0 9 0.63 M M 5.9 20 40 M M 7 18 24 50
3 83 66 75 -2 0 10 0.45 M M 6.5 14 50 M M 4 1 18 30
4 85 66 76 -1 0 11 0.00 M M 7.1 14 120 M M 3 18 110
5 84 68 76 -1 0 11 0.28 M M 8.3 17 140 M M 8 18 24 130
6 84 71 78 1 0 13 0.06 M M 6.4 16 80 M M 6 20 80
7 84 70 77 0 0 12 T M M 6.0 15 90 M M 5 19 80
8 83 67 75 -2 0 10 0.31 M M 5.1 12 250 M M 8 1 13 240
9 84 70 77 0 0 12 1.02 M M 5.4 17 60 M M 8 1 21 60
10 85 69 77 0 0 12 0.14 M M 6.8 14 80 M M 6 1 17 50
11 84 71 78 1 0 13 0.09 M M 6.4 14 30 M M 7 18 18 20
12 84 70 77 0 0 12 0.21 M M 6.8 14 60 M M 7 1 16 40
13 84 69 77 0 0 12 0.17 M M 6.3 15 80 M M 7 18 19 80
14 84 67 76 -1 0 11 0.05 M M 6.0 17 70 M M 7 1 22 120
15 85 67 76 -1 0 11 0.15 M M 7.1 15 90 M M 6 1 22 100
16 86 68 77 0 0 12 0.00 M M 4.4 13 70 M M 5 16 90
17 85 71 78 1 0 13 0.03 M M 5.8 13 40 M M 6 1 16 40
18 86 71 79 2 0 14 0.02 M M 5.8 15 70 M M 6 1 20 80
19 84 70 77 0 0 12 0.11 M M 6.6 20 100 M M 7 18 24 100
20 86 67 77 0 0 12 0.01 M M 7.6 16 40 M M 4 19 40
21 85 68 77 0 0 12 0.11 M M 7.4 15 20 M M 4 18 18 340
22 85 67 76 -1 0 11 0.06 M M 7.0 17 80 M M 9 18 20 80
23 79 71 75 -2 0 10 0.22 M M 3.6 13 260 M M 9 1 13 260
24 85 70 78 1 0 13 0.00 M M 5.6 15 100 M M 6 21 90
25 85 69 77 0 0 12 0.04 M M 6.5 13 60 M M 4 1 18 50
26 85 69 77 0 0 12 0.39 M M 5.9 20 110 M M 7 18 24 120
27 85 68 77 0 0 12 0.01 M M 6.4 13 60 M M 3 18 50
28 85 70 78 1 0 13 0.01 M M 6.3 14 40 M M 5 1 19 30
29 86 68 77 0 0 12 0.24 M M 7.6 14 40 M M 5 1 20 100
30 86 70 78 1 0 13 0.14 M M 6.1 14 90 M M 8 1 17 80
31 85 71 78 1 0 13 0.01 M M 7.2 15 30 M M 7 1 18 20
================================================================================
SM 2615 2135 0 366 5.15 M 196.3 M 192
================================================================================
AV 84.4 68.9 6.3 FASTST M M 6 MAX(MPH)
MISC ----> # 20 40 # 24 50
================================================================================
NOTES:
# LAST OF SEVERAL OCCURRENCES
COLUMN 17 PEAK WIND IN M.P.H.
PRELIMINARY LOCAL CLIMATOLOGICAL DATA (WS FORM: F-6) , PAGE 2
STATION: HILO HI
MONTH: AUGUST
YEAR: 2022
LATITUDE: 19 43 N
LONGITUDE: 155 4 W
[TEMPERATURE DATA] [PRECIPITATION DATA] SYMBOLS USED IN COLUMN 16
AVERAGE MONTHLY: 76.6 TOTAL FOR MONTH: 5.15 1 = FOG OR MIST
DPTR FM NORMAL: 0.0 DPTR FM NORMAL: -6.15 2 = FOG REDUCING VISIBILITY
HIGHEST: 86 ON 29,30 GRTST 24HR 1.18 ON 8- 9 TO 1/4 MILE OR LESS
LOWEST: 66 ON 4, 3 3 = THUNDER
SNOW, ICE PELLETS, HAIL 4 = ICE PELLETS
TOTAL MONTH: M 5 = HAIL
GRTST 24HR M ON M 6 = FREEZING RAIN OR DRIZZLE
GRTST DEPTH: M ON M 7 = DUSTSTORM OR SANDSTORM:
VSBY 1/2 MILE OR LESS
8 = SMOKE OR HAZE
[NO. OF DAYS WITH] [WEATHER - DAYS WITH] 9 = BLOWING SNOW
X = TORNADO
MAX 32 OR BELOW: 0 0.01 INCH OR MORE: 27
MAX 90 OR ABOVE: 0 0.10 INCH OR MORE: 16
MIN 32 OR BELOW: 0 0.50 INCH OR MORE: 2
MIN 0 OR BELOW: 0 1.00 INCH OR MORE: 1
[HDD (BASE 65) ]
TOTAL THIS MO. 0 CLEAR (SCALE 0-3) 2
DPTR FM NORMAL 0 PTCLDY (SCALE 4-7) 24
TOTAL FM JUL 1 0 CLOUDY (SCALE 8-10) 5
DPTR FM NORMAL 0
[CDD (BASE 65) ]
TOTAL THIS MO. 366
DPTR FM NORMAL 5 [PRESSURE DATA]
TOTAL FM JAN 1 2449 HIGHEST SLP 30.16 ON 10
DPTR FM NORMAL 338 LOWEST SLP 29.90 ON 3
[REMARKS]
#FINAL-08-22#