000
CXHW53 PHFO 011250
CF6ITO
PRELIMINARY LOCAL CLIMATOLOGICAL DATA (WS FORM: F-6)
STATION: HILO HI
MONTH: SEPTEMBER
YEAR: 2023
LATITUDE: 19 43 N
LONGITUDE: 155 4 W
TEMPERATURE IN F: :PCPN: SNOW: WIND :SUNSHINE: SKY :PK WND
================================================================================
1 2 3 4 5 6A 6B 7 8 9 10 11 12 13 14 15 16 17 18
12Z AVG MX 2MIN
DY MAX MIN AVG DEP HDD CDD WTR SNW DPTH SPD SPD DIR MIN PSBL S-S WX SPD DR
================================================================================
1 85 68 77 0 0 12 0.01 M M 6.7 14 70 M M 6 17 70
2 85 72 79 2 0 14 0.04 M M 7.1 15 360 M M 8 1 19 30
3 85 68 77 0 0 12 0.05 M M 6.4 13 80 M M 4 1 16 30
4 85 67 76 -1 0 11 0.00 M M 7.1 14 110 M M 4 19 90
5 85 69 77 0 0 12 0.00 M M 5.8 13 90 M M 5 18 90
6 85 69 77 0 0 12 0.00 M M 6.5 12 360 M M 3 16 10
7 85 69 77 0 0 12 0.08 M M 6.9 13 350 M M 6 1 16 360
8 86 70 78 1 0 13 0.07 M M 6.3 13 30 M M 7 1 19 50
9 87 70 79 2 0 14 0.18 M M 5.9 12 20 M M 7 1 16 30
10 84 70 77 0 0 12 0.48 M M 6.0 14 20 M M 8 1 18 140
11 81 68 75 -2 0 10 0.49 M M 5.9 16 90 M M 8 1 20 30
12 85 71 78 1 0 13 0.01 M M 6.4 12 10 M M 5 1 17 20
13 85 71 78 1 0 13 0.03 M M 5.1 13 10 M M 7 1 17 10
14 85 70 78 1 0 13 0.23 M M 5.8 15 90 M M 9 1 20 90
15 86 70 78 1 0 13 0.05 M M 6.7 15 80 M M 4 1 20 80
16 85 72 79 2 0 14 0.10 M M 5.8 16 50 M M 7 1 21 60
17 85 71 78 1 0 13 0.77 M M 6.5 14 70 M M 8 1 24 70
18 84 71 78 1 0 13 0.29 M M 5.8 13 40 M M 9 1 17 100
19 83 70 77 0 0 12 0.24 M M 5.4 13 260 M M 10 1 17 270
20 84 69 77 1 0 12 0.48 M M 5.9 14 80 M M 7 1 21 40
21 84 69 77 1 0 12 0.10 M M 5.8 17 50 M M 7 1 22 60
22 85 71 78 2 0 13 0.17 M M 6.4 15 80 M M 8 1 21 40
23 83 70 77 1 0 12 0.31 M M 6.7 15 90 M M 8 1 19 90
24 84 70 77 1 0 12 0.07 M M 6.2 13 50 M M 7 1 16 230
25 84 69 77 1 0 12 0.10 M M 6.2 17 250 M M 7 1 22 40
26 82 70 76 0 0 11 0.09 M M 6.4 16 80 M M 9 1 20 80
27 83 69 76 0 0 11 0.04 M M 6.2 15 80 M M 8 18 19 70
28 83 70 77 1 0 12 0.27 M M 5.1 15 100 M M 8 1 18 100
29 87 70 79 3 0 14 0.82 M M 6.0 17 80 M M 5 1 23 90
30 86 72 79 3 0 14 0.10 M M 5.6 13 60 M M 6 1 17 80
================================================================================
SM 2536 2095 0 373 5.67 M 184.6 M 205
================================================================================
AV 84.5 69.8 6.2 FASTST M M 7 MAX(MPH)
MISC ----> # 17 50 24 70
================================================================================
NOTES:
# LAST OF SEVERAL OCCURRENCES
COLUMN 17 PEAK WIND IN M.P.H.
PRELIMINARY LOCAL CLIMATOLOGICAL DATA (WS FORM: F-6) , PAGE 2
STATION: HILO HI
MONTH: SEPTEMBER
YEAR: 2023
LATITUDE: 19 43 N
LONGITUDE: 155 4 W
[TEMPERATURE DATA] [PRECIPITATION DATA] SYMBOLS USED IN COLUMN 16
AVERAGE MONTHLY: 77.2 TOTAL FOR MONTH: 5.67 1 = FOG OR MIST
DPTR FM NORMAL: 0.7 DPTR FM NORMAL: -3.03 2 = FOG REDUCING VISIBILITY
HIGHEST: 87 ON 29, 9 GRTST 24HR 0.88 ON 17-18 TO 1/4 MILE OR LESS
LOWEST: 67 ON 4 3 = THUNDER
SNOW, ICE PELLETS, HAIL 4 = ICE PELLETS
TOTAL MONTH: M 5 = HAIL
GRTST 24HR M ON M 6 = FREEZING RAIN OR DRIZZLE
GRTST DEPTH: M ON M 7 = DUSTSTORM OR SANDSTORM:
VSBY 1/2 MILE OR LESS
8 = SMOKE OR HAZE
[NO. OF DAYS WITH] [WEATHER - DAYS WITH] 9 = BLOWING SNOW
X = TORNADO
MAX 32 OR BELOW: 0 0.01 INCH OR MORE: 27
MAX 90 OR ABOVE: 0 0.10 INCH OR MORE: 16
MIN 32 OR BELOW: 0 0.50 INCH OR MORE: 2
MIN 0 OR BELOW: 0 1.00 INCH OR MORE: 0
[HDD (BASE 65) ]
TOTAL THIS MO. 0 CLEAR (SCALE 0-3) 1
DPTR FM NORMAL 0 PTCLDY (SCALE 4-7) 21
TOTAL FM JUL 1 0 CLOUDY (SCALE 8-10) 8
DPTR FM NORMAL 0
[CDD (BASE 65) ]
TOTAL THIS MO. 373
DPTR FM NORMAL 27 [PRESSURE DATA]
TOTAL FM JAN 1 2797 HIGHEST SLP 30.11 ON 11
DPTR FM NORMAL 340 LOWEST SLP 29.92 ON 8
[REMARKS]
#FINAL-09-23#