000
CXUS55 KGLD 010800
CF6ITR
PRELIMINARY LOCAL CLIMATOLOGICAL DATA (WS FORM: F-6)
STATION: BURLINGTON CO
MONTH: JUNE
YEAR: 2023
LATITUDE: 39 15 N
LONGITUDE: 102 17 W
TEMPERATURE IN F: :PCPN: SNOW: WIND :SUNSHINE: SKY :PK WND
================================================================================
1 2 3 4 5 6A 6B 7 8 9 10 11 12 13 14 15 16 17 18
12Z AVG MX 2MIN
DY MAX MIN AVG DEP HDD CDD WTR SNW DPTH SPD SPD DIR MIN PSBL S-S WX SPD DR
================================================================================
1 79 57 68 2 0 3 0.02 M M 14.4 36 160 M M 4 3 43 170
2 77 57 67 1 0 2 0.01 M M 14.7 30 150 M M 4 42 150
3 63 55 59 -7 6 0 0.21 M M 6.7 17 70 M M 10 1 24 80
4 71 56 64 -3 1 0 0.37 M M 10.8 22 70 M M 8 13 28 90
5 76 50 63 -4 2 0 0.00 M M 8.7 21 150 M M 1 12 27 150
6 79 51 65 -2 0 0 0.00 M M 11.2 21 180 M M 2 32 160
7 82 56 69 1 0 4 0.00 M M 10.2 20 140 M M 1 26 120
8 81 55 68 0 0 3 0.00 M M 6.6 24 50 M M 0 3 29 60
9 85 54 70 2 0 5 0.26 M M 8.7 31 310 M M 3 3 43 320
10 81 53 67 -2 0 2 0.16 M M 9.9 25 340 M M 2 3 38 330
11 71 53 62 -7 3 0 0.00 M M 9.9 18 60 M M 7 23 60
12 63 50 57 -12 8 0 1.46 M M 12.2 23 160 M M 8 13 28 160
13 70 46 58 -12 7 0 0.00 M M 11.3 25 310 M M 3 33 310
14 78 51 65 -5 0 0 0.00 M M 7.4 13 200 M M 2 15 290
15 81 56 69 -1 0 4 0.06 M M 12.7 28 180 M M 3 3 37 180
16 78 51 65 -5 0 0 2.49 M M 11.0 31 30 M M 5 123 42 290
17 73 51 62 -9 3 0 0.15 M M 8.2 40 270 M M 4 3 52 270
18 84 52 68 -3 0 3 0.00 M M 11.5 18 210 M M 0 29 200
19 92 57 75 4 0 10 0.00 M M 11.3 24 150 M M 0 1 32 140
20 88 66 77 5 0 12 0.00 M M 12.6 24 170 M M 3 1 33 160
21 85 67 76 4 0 11 0.00 M M 13.8 30 130 M M 5 1238 39 120
22 80 61 71 -1 0 6 0.35 M M 9.5 24 80 M M 4 13 31 80
23 86 63 75 3 0 10 0.00 M M 15.0 29 170 M M 3 3 40 140
24 86 59 73 0 0 8 0.00 M M 9.1 25 200 M M 0 29 210
25 82 53 68 -5 0 3 0.00 M M 7.1 13 140 M M 1 17 360
26 86 57 72 -1 0 7 0.00 M M 17.3 29 140 M M 0 42 170
27 91 62 77 4 0 12 0.00 M M 20.3 35 160 M M 0 3 45 170
28 91 61 76 2 0 11 0.00 M M 11.4 21 20 M M 1 128 27 30
29 85 58 72 -2 0 7 0.00 M M 13.1 32 30 M M 1 3 45 30
30 80 56 68 -6 0 3 0.05 M M 11.0 33 320 M M 4 13 48 310
================================================================================
SM 2404 1674 30 126 5.59 M 337.6 M 89
================================================================================
AV 80.1 55.8 11.3 FASTST M M 3 MAX(MPH)
MISC ----> 40 270 52 270
================================================================================
NOTES:
# LAST OF SEVERAL OCCURRENCES
COLUMN 17 PEAK WIND IN M.P.H.
PRELIMINARY LOCAL CLIMATOLOGICAL DATA (WS FORM: F-6) , PAGE 2
STATION: BURLINGTON CO
MONTH: JUNE
YEAR: 2023
LATITUDE: 39 15 N
LONGITUDE: 102 17 W
[TEMPERATURE DATA] [PRECIPITATION DATA] SYMBOLS USED IN COLUMN 16
AVERAGE MONTHLY: 68.0 TOTAL FOR MONTH: 5.59 1 = FOG OR MIST
DPTR FM NORMAL: -2.1 DPTR FM NORMAL: 2.83 2 = FOG REDUCING VISIBILITY
HIGHEST: 92 ON 19 GRTST 24HR 2.59 ON 16-17 TO 1/4 MILE OR LESS
LOWEST: 46 ON 13 3 = THUNDER
SNOW, ICE PELLETS, HAIL 4 = ICE PELLETS
TOTAL MONTH: M 5 = HAIL
GRTST 24HR M ON M 6 = FREEZING RAIN OR DRIZZLE
GRTST DEPTH: M ON M 7 = DUSTSTORM OR SANDSTORM:
VSBY 1/2 MILE OR LESS
8 = SMOKE OR HAZE
[NO. OF DAYS WITH] [WEATHER - DAYS WITH] 9 = BLOWING SNOW
X = TORNADO
MAX 32 OR BELOW: 0 0.01 INCH OR MORE: 12
MAX 90 OR ABOVE: 3 0.10 INCH OR MORE: 8
MIN 32 OR BELOW: 0 0.50 INCH OR MORE: 2
MIN 0 OR BELOW: 0 1.00 INCH OR MORE: 2
[HDD (BASE 65) ]
TOTAL THIS MO. 30 CLEAR (SCALE 0-3) 17
DPTR FM NORMAL -4 PTCLDY (SCALE 4-7) 12
TOTAL FM JUL 1 6126 CLOUDY (SCALE 8-10) 1
DPTR FM NORMAL 268
[CDD (BASE 65) ]
TOTAL THIS MO. 126
DPTR FM NORMAL -62 [PRESSURE DATA]
TOTAL FM JAN 1 154 HIGHEST SLP M ON M
DPTR FM NORMAL -73 LOWEST SLP 29.60 ON 27
[REMARKS]
#FINAL-06-23#