000
CXUS55 KGLD 040034
CF6ITR
PRELIMINARY LOCAL CLIMATOLOGICAL DATA (WS FORM: F-6)
STATION: BURLINGTON CO
MONTH: MARCH
YEAR: 2022
LATITUDE: 39 15 N
LONGITUDE: 102 17 W
TEMPERATURE IN F: :PCPN: SNOW: WIND :SUNSHINE: SKY :PK WND
================================================================================
1 2 3 4 5 6A 6B 7 8 9 10 11 12 13 14 15 16 17 18
12Z AVG MX 2MIN
DY MAX MIN AVG DEP HDD CDD WTR SNW DPTH SPD SPD DIR MIN PSBL S-S WX SPD DR
================================================================================
1 72 30 51 15 14 0 0.00 M M 7.8 18 350 M M 0 24 350
2 76 28 52 16 13 0 0.00 M M 9.4 14 180 M M 0 17 290
3 62 31 47 11 18 0 0.00 M M 10.3 21 130 M M 0 26 120
4 73 30 52 15 13 0 0.00 M M 10.0 22 270 M M 1 33 260
5 42 20 31 -6 34 0 T M M 15.7 25 10 M M 2 34 360
6 24 12 18 -20 47 0 0.02 M M 11.0 20 360 M M 8 18 24 360
7 29 1 15 -23 50 0 0.00 M M 9.7 20 330 M M 2 23 330
8 42 15 29 -9 36 0 0.00 M M 9.9 22 350 M M 4 1 31 350
9 23 11 17 -22 48 0 0.03 M M 15.9 23 50 M M 10 128 29 30
10 17 3 10 -29 55 0 0.04 M M 6.0 13 290 M M 5 18 17 280
11 30 -1 15 -25 50 0 0.00 M M 9.8 15 260 M M 0 19 260
12 59 14 37 -3 28 0 0.00 M M 10.4 18 230 M M 0 24 220
13 67 26 47 7 18 0 0.00 M M 11.2 33 340 M M 0 49 340
14 54 23 39 -2 26 0 T M M 18.7 33 340 M M 4 50 330
15 69 24 47 6 18 0 0.00 M M 14.9 28 200 M M 0 36 200
16 62 30 46 5 19 0 0.00 M M 12.3 23 360 M M 2 32 360
17 35 23 29 -13 36 0 0.46 M M M M M M M M M M
18 51 23 37 -5 28 0 0.00 M M 10.2 16 310 M M 0 20 300
19 61 29 45 3 20 0 0.00 M M 11.1 23 230 M M 0 27 230
20 62 33 48 5 17 0 0.00 M M 10.9 20 180 M M 1 26 170
21 52 31 42 -1 23 0 0.53 M M 13.5 31 360 M M 9 12 50 350
22 44 28 36 -7 29 0 0.00 M M 19.7 25 330 M M 4 39 350
23 49 26 38 -6 27 0 0.00 M M 18.0 35 360 M M 0 46 360
24 69 23 46 2 19 0 0.00 M M 11.7 25 350 M M 0 36 350
25 55 34 45 1 20 0 0.00 M M 9.5 22 30 M M 0 30 40
26 75 30 53 9 12 0 0.00 M M 11.0 22 110 M M 1 28 100
27 60 25 43 -2 22 0 0.00 M M 13.4 21 150 M M 0 29 170
28 79 30 55 10 10 0 0.00 M M 13.3 22 130 M M 0 30 150
29 60 34 47 2 18 0 0.11 M M 18.9 40 310 M M 0 55 350
30 46 27 37 -8 28 0 T M M 22.7 37 340 M M M 55 350
31 62 21 42 -4 23 0 0.00 M M 10.1 17 180 M M 0 22 170
================================================================================
SM 1661 714 819 0 1.19 M 376.9 M 53
================================================================================
AV 53.6 23.0 12.6 FASTST M M 2 MAX(MPH)
MISC ----> 40 310 # 55 350
================================================================================
NOTES:
# LAST OF SEVERAL OCCURRENCES
COLUMN 17 PEAK WIND IN M.P.H.
PRELIMINARY LOCAL CLIMATOLOGICAL DATA (WS FORM: F-6) , PAGE 2
STATION: BURLINGTON CO
MONTH: MARCH
YEAR: 2022
LATITUDE: 39 15 N
LONGITUDE: 102 17 W
[TEMPERATURE DATA] [PRECIPITATION DATA] SYMBOLS USED IN COLUMN 16
AVERAGE MONTHLY: 38.3 TOTAL FOR MONTH: 1.19 1 = FOG OR MIST
DPTR FM NORMAL: -2.8 DPTR FM NORMAL: 0.44 2 = FOG REDUCING VISIBILITY
HIGHEST: 79 ON 28 GRTST 24HR 0.53 ON 21-21 TO 1/4 MILE OR LESS
LOWEST: -1 ON 11 3 = THUNDER
SNOW, ICE PELLETS, HAIL 4 = ICE PELLETS
TOTAL MONTH: M 5 = HAIL
GRTST 24HR M ON M 6 = FREEZING RAIN OR DRIZZLE
GRTST DEPTH: M ON M 7 = DUSTSTORM OR SANDSTORM:
VSBY 1/2 MILE OR LESS
8 = SMOKE OR HAZE
[NO. OF DAYS WITH] [WEATHER - DAYS WITH] 9 = BLOWING SNOW
X = TORNADO
MAX 32 OR BELOW: 5 0.01 INCH OR MORE: 6
MAX 90 OR ABOVE: 0 0.10 INCH OR MORE: 3
MIN 32 OR BELOW: 28 0.50 INCH OR MORE: 1
MIN 0 OR BELOW: 1 1.00 INCH OR MORE: 0
[HDD (BASE 65) ]
TOTAL THIS MO. 819 CLEAR (SCALE 0-3) 22
DPTR FM NORMAL 78 PTCLDY (SCALE 4-7) 4
TOTAL FM JUL 1 4722 CLOUDY (SCALE 8-10) 5
DPTR FM NORMAL -390
[CDD (BASE 65) ]
TOTAL THIS MO. 0
DPTR FM NORMAL 0 [PRESSURE DATA]
TOTAL FM JAN 1 0 HIGHEST SLP 30.46 ON 7
DPTR FM NORMAL 0 LOWEST SLP 29.29 ON 29
[REMARKS]
#FINAL-03-22#