000
CXUS55 KGLD 040358
CF6ITR
PRELIMINARY LOCAL CLIMATOLOGICAL DATA (WS FORM: F-6)
STATION: BURLINGTON CO
MONTH: FEBRUARY
YEAR: 2021
LATITUDE: 39 15 N
LONGITUDE: 102 17 W
TEMPERATURE IN F: :PCPN: SNOW: WIND :SUNSHINE: SKY :PK WND
================================================================================
1 2 3 4 5 6A 6B 7 8 9 10 11 12 13 14 15 16 17 18
12Z AVG MX 2MIN
DY MAX MIN AVG DEP HDD CDD WTR SNW DPTH SPD SPD DIR MIN PSBL S-S WX SPD DR
================================================================================
1 60 24 42 12 23 0 0.00 M M 9.7 15 180 M M 0 19 170
2 66 26 46 16 19 0 0.00 M M 9.3 16 210 M M 0 18 200
3 73 32 53 23 12 0 T M M 15.4 38 320 M M 1 49 340
4 47 22 35 5 30 0 T M M 14.5 33 360 M M 3 18 47 360
5 46 23 35 5 30 0 0.00 M M 7.6 14 260 M M 5 16 270
6 34 17 26 -4 39 0 T M M 13.2 25 170 M M 8 128 31 160
7 48 8 28 -2 37 0 T M M 17.0 25 170 M M 7 128 32 180
8 19 8 14 -16 51 0 T M M 9.8 17 150 M M 10 18 22 160
9 16 11 14 -16 51 0 T M M 10.0 16 170 M M 10 18 18 140
10 15 7 11 -19 54 0 T M M 9.8 20 130 M M 10 128 24 130
11 12 3 8 -23 57 0 T M M 13.2 21 130 M M 10 18 23 150
12 5 0 3 -28 62 0 T M M 13.7 21 150 M M 10 8 26 150
13 6 -2 2 -29 63 0 0.26 M M 10.3 18 70 M M 10 8 23 80
14 0 -23 -11 -42 76 0 T M M 7.7 14 80 M M 5 8 18 80
15 2 -24 -11 -42 76 0 0.00 M M 13.2 22 210 M M 0 8 29 190
16 13 -4 5 -26 60 0 0.00 M M 14.9 23 170 M M 4 8 26 170
17 25 5 15 -17 50 0 T M M 8.8 16 360 M M 6 18 20 30
18 28 12 20 -12 45 0 0.00 M M 5.8 18 240 M M 5 28 24 230
19 42 10 26 -6 39 0 0.00 M M 12.6 25 240 M M 0 8 32 240
20 53 22 38 6 27 0 T M M 18.0 36 190 M M 1 1 48 10
21 45 25 35 2 30 0 T M M 16.3 31 330 M M 2 1 40 320
22 63 26 45 12 20 0 0.00 M M 11.5 24 330 M M 0 31 320
23 70 30 50 17 15 0 0.00 M M 14.5 31 10 M M 0 45 20
24 46 22 34 1 31 0 0.00 M M 9.1 16 60 M M 5 21 150
25 44 26 35 1 30 0 T M M 11.9 25 200 M M 6 8 35 190
26 54 16 35 1 30 0 0.00 M M 10.5 22 330 M M 0 28 280
27 56 17 37 3 28 0 0.00 M M 13.5 30 250 M M 0 39 340
28 44 16 30 -5 35 0 0.00 M M 13.4 24 330 M M 2 33 330
================================================================================
SM 1032 355 1120 0 0.26 M 335.2 M 120
================================================================================
AV 36.9 12.7 12.0 FASTST M M 4 MAX(MPH)
MISC ----> 38 320 49 340
================================================================================
NOTES:
# LAST OF SEVERAL OCCURRENCES
COLUMN 17 PEAK WIND IN M.P.H.
PRELIMINARY LOCAL CLIMATOLOGICAL DATA (WS FORM: F-6) , PAGE 2
STATION: BURLINGTON CO
MONTH: FEBRUARY
YEAR: 2021
LATITUDE: 39 15 N
LONGITUDE: 102 17 W
[TEMPERATURE DATA] [PRECIPITATION DATA] SYMBOLS USED IN COLUMN 16
AVERAGE MONTHLY: 24.8 TOTAL FOR MONTH: 0.26 1 = FOG OR MIST
DPTR FM NORMAL: -6.8 DPTR FM NORMAL: -0.16 2 = FOG REDUCING VISIBILITY
HIGHEST: 73 ON 3 GRTST 24HR 0.26 ON 13-13 TO 1/4 MILE OR LESS
LOWEST: -24 ON 15 3 = THUNDER
SNOW, ICE PELLETS, HAIL 4 = ICE PELLETS
TOTAL MONTH: M 5 = HAIL
GRTST 24HR M ON M 6 = FREEZING RAIN OR DRIZZLE
GRTST DEPTH: M ON M 7 = DUSTSTORM OR SANDSTORM:
VSBY 1/2 MILE OR LESS
8 = SMOKE OR HAZE
[NO. OF DAYS WITH] [WEATHER - DAYS WITH] 9 = BLOWING SNOW
X = TORNADO
MAX 32 OR BELOW: 11 0.01 INCH OR MORE: 1
MAX 90 OR ABOVE: 0 0.10 INCH OR MORE: 1
MIN 32 OR BELOW: 28 0.50 INCH OR MORE: 0
MIN 0 OR BELOW: 5 1.00 INCH OR MORE: 0
[HDD (BASE 65) ]
TOTAL THIS MO. 1120 CLEAR (SCALE 0-3) 13
DPTR FM NORMAL 184 PTCLDY (SCALE 4-7) 9
TOTAL FM JUL 1 4310 CLOUDY (SCALE 8-10) 6
DPTR FM NORMAL -238
[CDD (BASE 65) ]
TOTAL THIS MO. 0
DPTR FM NORMAL 0 [PRESSURE DATA]
TOTAL FM JAN 1 0 HIGHEST SLP 30.57 ON 14
DPTR FM NORMAL 0 LOWEST SLP 29.45 ON 3
[REMARKS]
#FINAL-02-21#