000
CXUS55 KGLD 011606
CF6ITR
PRELIMINARY LOCAL CLIMATOLOGICAL DATA (WS FORM: F-6)
STATION: BURLINGTON CO
MONTH: DECEMBER
YEAR: 2023
LATITUDE: 39 15 N
LONGITUDE: 102 17 W
TEMPERATURE IN F: :PCPN: SNOW: WIND :SUNSHINE: SKY :PK WND
================================================================================
1 2 3 4 5 6A 6B 7 8 9 10 11 12 13 14 15 16 17 18
12Z AVG MX 2MIN
DY MAX MIN AVG DEP HDD CDD WTR SNW DPTH SPD SPD DIR MIN PSBL S-S WX SPD DR
================================================================================
1 38 9 24 -9 41 0 T M M 6.8 14 180 M M 2 8 17 180
2 46 13 30 -3 35 0 T M M 12.5 31 310 M M 3 44 310
3 46 18 32 -1 33 0 0.00 M M 17.4 44 320 M M 3 8 58 310
4 66 19 43 11 22 0 0.00 M M 12.5 28 330 M M 1 39 330
5 63 25 44 12 21 0 0.00 M M 9.3 24 240 M M 0 29 250
6 71 28 50 18 15 0 0.00 M M 8.8 14 240 M M 0 18 230
7 69 24 47 15 18 0 0.00 M M 10.9 28 320 M M 0 34 320
8 50 26 38 7 27 0 T M M 10.1 24 310 M M 4 31 10
9 41 14 28 -3 37 0 0.00 M M 15.7 31 350 M M 0 43 330
10 53 13 33 2 32 0 0.00 M M 9.4 18 240 M M 0 26 220
11 55 22 39 8 26 0 0.00 M M 6.3 14 240 M M 3 18 230
12 36 25 31 0 34 0 0.00 M M 10.8 21 120 M M 4 26 120
13 33 17 25 -5 40 0 0.07 M M 5.6 13 160 M M 7 1 19 160
14 33 32 33 3 32 0 0.03 M M 15.1 26 170 M M 10 12 34 170
15 49 24 37 7 28 0 0.00 M M 13.1 25 340 M M 2 1 38 340
16 57 22 40 10 25 0 0.00 M M 10.0 21 330 M M 0 26 320
17 58 23 41 11 24 0 0.00 M M 11.1 22 340 M M 0 30 340
18 48 18 33 3 32 0 0.00 M M 12.1 24 200 M M 0 30 190
19 68 27 48 18 17 0 0.00 M M 8.5 14 300 M M 0 19 300
20 60 30 45 15 20 0 0.00 M M 6.3 12 240 M M 2 15 340
21 58 29 44 14 21 0 0.00 M M 7.3 12 270 M M 3 14 260
22 61 26 44 14 21 0 0.00 M M 10.1 17 200 M M 0 24 170
23 59 35 47 17 18 0 T M M 15.0 31 180 M M 3 41 190
24 40 15 28 -2 37 0 0.32 M M M M M M M 8 12389 M M
25 25 11 18 -12 47 0 0.02 M M 20.7 33 320 M M 8 18 44 320
26 32 22 27 -3 38 0 0.14 M M 32.2 39 330 M M 10 129 52 320
27 36 21 29 -1 36 0 T M M 16.2 26 320 M M M 36 330
28 31 15 23 -7 42 0 0.00 M M 11.7 18 320 M M 0 25 10
29 39 18 29 -1 36 0 0.00 M M 11.4 20 320 M M 0 24 310
30 44 19 32 2 33 0 0.00 M M 7.4 14 290 M M 0 15 290
31 33 15 24 -6 41 0 0.00 M M M M M M M M M M
================================================================================
SM 1498 655 929 0 0.58 M 344.3 M 73
================================================================================
AV 48.3 21.1 11.9 FASTST M M 3 MAX(MPH)
MISC ----> 44 320 58 310
================================================================================
NOTES:
# LAST OF SEVERAL OCCURRENCES
COLUMN 17 PEAK WIND IN M.P.H.
PRELIMINARY LOCAL CLIMATOLOGICAL DATA (WS FORM: F-6) , PAGE 2
STATION: BURLINGTON CO
MONTH: DECEMBER
YEAR: 2023
LATITUDE: 39 15 N
LONGITUDE: 102 17 W
[TEMPERATURE DATA] [PRECIPITATION DATA] SYMBOLS USED IN COLUMN 16
AVERAGE MONTHLY: 34.7 TOTAL FOR MONTH: 0.58 1 = FOG OR MIST
DPTR FM NORMAL: 4.1 DPTR FM NORMAL: 0.22 2 = FOG REDUCING VISIBILITY
HIGHEST: 71 ON 6 GRTST 24HR 0.32 ON 23-24 TO 1/4 MILE OR LESS
LOWEST: 9 ON 1 3 = THUNDER
SNOW, ICE PELLETS, HAIL 4 = ICE PELLETS
TOTAL MONTH: M 5 = HAIL
GRTST 24HR M ON M 6 = FREEZING RAIN OR DRIZZLE
GRTST DEPTH: M ON M 7 = DUSTSTORM OR SANDSTORM:
VSBY 1/2 MILE OR LESS
8 = SMOKE OR HAZE
[NO. OF DAYS WITH] [WEATHER - DAYS WITH] 9 = BLOWING SNOW
X = TORNADO
MAX 32 OR BELOW: 3 0.01 INCH OR MORE: 5
MAX 90 OR ABOVE: 0 0.10 INCH OR MORE: 2
MIN 32 OR BELOW: 30 0.50 INCH OR MORE: 0
MIN 0 OR BELOW: 0 1.00 INCH OR MORE: 0
[HDD (BASE 65) ]
TOTAL THIS MO. 929 CLEAR (SCALE 0-3) 20
DPTR FM NORMAL -137 PTCLDY (SCALE 4-7) 7
TOTAL FM JUL 1 2091 CLOUDY (SCALE 8-10) 4
DPTR FM NORMAL -285
[CDD (BASE 65) ]
TOTAL THIS MO. 0
DPTR FM NORMAL 0 [PRESSURE DATA]
TOTAL FM JAN 1 869 HIGHEST SLP 30.58 ON 13
DPTR FM NORMAL -53 LOWEST SLP 29.53 ON 7
[REMARKS]
#FINAL-12-23#