000
CXUS53 KGLD 041406
CLMITR
CLIMATE REPORT
NATIONAL WEATHER SERVICE
806 AM MDT SUN JUN 04 2023
...................................
...THE BURLINGTON CO CLIMATE SUMMARY FOR THE MONTH OF MAY 2023...
CLIMATE NORMAL PERIOD: 1991 TO 2020
CLIMATE RECORD PERIOD: 1896 TO 2023
WEATHER OBSERVED NORMAL DEPART LAST YEAR`S
VALUE DATE(S) VALUE FROM VALUE DATE(S)
NORMAL
................................................................
TEMPERATURE (F)
RECORD
HIGH 101 05/29/2000
LOW 21 05/03/1907
HIGHEST 86 05/30 91 -5 96 05/28
LOWEST 32 05/01 31 1 29 05/01
AVG. MAXIMUM 74.3 73.2 1.1 75.5
AVG. MINIMUM 47.5 44.7 2.8 44.5
MEAN 60.9 58.9 2.0 60.0
DAYS MAX >= 90 0 2.1 -2.1 5
DAYS MAX <= 32 0 0.0 0.0 0
DAYS MIN <= 32 1 2.3 -1.3 1
DAYS MIN <= 0 0 0.0 0.0 0
PRECIPITATION (INCHES)
RECORD
MAXIMUM 7.20 2015
MINIMUM 0.03 1927
TOTALS 4.31 2.55 1.76 2.64
DAILY AVG. 0.14 0.08 0.06 0.09
DAYS >= .01 15 9.5 5.5 10
DAYS >= .10 7 5.4 1.6 6
DAYS >= .50 3 1.3 1.7 2
DAYS >= 1.00 1 0.4 0.6 0
GREATEST
24 HR. TOTAL 1.83 05/11 TO 05/11 1.15
STORM TOTAL 1.83
(MM/DD(HH))
................................................................
- INDICATES NEGATIVE NUMBERS.
R INDICATES RECORD WAS SET OR TIED.
MM INDICATES DATA IS MISSING.
T INDICATES TRACE AMOUNT.
$$