000
CXUS53 KGLD 011140
CLMITR
CLIMATE REPORT
NATIONAL WEATHER SERVICE
440 AM MST FRI DEC 01 2023
...................................
...THE BURLINGTON CO CLIMATE SUMMARY FOR THE MONTH OF NOVEMBER 2023...
CLIMATE NORMAL PERIOD: 1991 TO 2020
CLIMATE RECORD PERIOD: 1896 TO 2023
WEATHER OBSERVED NORMAL DEPART LAST YEAR`S
VALUE DATE(S) VALUE FROM VALUE DATE(S)
NORMAL
................................................................
TEMPERATURE (F)
RECORD
HIGH 84 11/10/1927
LOW -10 11/13/2014
HIGHEST 82 11/07 75 7 78 11/09
LOWEST 11 11/25 9 2 5 11/29
11/30
AVG. MAXIMUM 58.4 53.3 5.1 53.1
AVG. MINIMUM 24.7 25.3 -0.6 20.0
MEAN 41.6 39.3 2.3 36.5
DAYS MAX >= 90 0 0.0 0.0 0
DAYS MAX <= 32 2 2.0 0.0 2
DAYS MIN <= 32 26 24.9 1.1 28
DAYS MIN <= 0 0 0.2 -0.2 0
PRECIPITATION (INCHES)
RECORD
MAXIMUM 3.02 1946
MINIMUM T 2022
TOTALS 0.13 0.38 -0.25 T
DAILY AVG. 0.00 0.01 -0.01 T
DAYS >= .01 2 3.0 -1.0 0
DAYS >= .10 1 0.9 0.1 0
DAYS >= .50 0 0.1 -0.1 0
DAYS >= 1.00 0 0.0 0.0 0
GREATEST
24 HR. TOTAL 0.10 11/20 TO 11/20 T
STORM TOTAL 0.10
(MM/DD(HH))
................................................................
- INDICATES NEGATIVE NUMBERS.
R INDICATES RECORD WAS SET OR TIED.
MM INDICATES DATA IS MISSING.
T INDICATES TRACE AMOUNT.
$$