572
CXUS53 KIWX 010810
CF6IWX
PRELIMINARY LOCAL CLIMATOLOGICAL DATA (WS FORM: F-6)
STATION: NORTH WEBSTER WFO
MONTH: MARCH
YEAR: 2021
LATITUDE: 41 21 N
LONGITUDE: 85 42 W
TEMPERATURE IN F: :PCPN: SNOW: WIND :SUNSHINE: SKY :PK WND
================================================================================
1 2 3 4 5 6A 6B 7 8 9 10 11 12 13 14 15 16 17 18
12Z AVG MX 2MIN
DY MAX MIN AVG DEP HDD CDD WTR SNW DPTH SPD SPD DIR MIN PSBL S-S WX SPD DR
================================================================================
1 38 19 29 -3 36 0 T T 0 M M M M M M M M
2 38 19 29 -4 36 0 0.00 0.0 0 M M M M M M M M
3 58 30 44 11 21 0 0.00 0.0 0 M M M M M M M M
4 40 23 32 -2 33 0 0.00 0.0 0 M M M M M M M M
5 48 19 34 0 31 0 0.00 0.0 0 M M M M M M M M
6 46 22 34 0 31 0 0.00 0.0 0 M M M M M M M M
7 47 20 34 -1 31 0 0.00 0.0 0 M M M M M M M M
8 66 36 51 16 14 0 0.00 0.0 0 M M M M M M M M
9 65 39 52 17 13 0 0.00 0.0 0 M M M M M M M M
10 67 49 58 22 7 0 0.00 0.0 0 M M M M M M M M
11 65 37 51 15 14 0 0.01 0.0 0 M M M M M M M M
12 57 32 45 9 20 0 0.00 0.0 0 M M M M M M M M
13 56 23 40 3 25 0 0.00 0.0 0 M M M M M M M M
14 53 33 43 6 22 0 0.00 0.0 0 M M M M M M M M
15 33 26 30 -8 35 0 0.04 T 0 M M M M M M 46 M M
16 43 30 37 -1 28 0 T 0.0 0 M M M M M M M M
17 63 30 47 9 18 0 0.05 0.0 0 M M M M M M M M
18 45 31 38 -1 27 0 0.55 0.0 0 M M M M M M M M
19 48 26 37 -2 28 0 0.00 0.0 0 M M M M M M M M
20 57 27 42 3 23 0 0.00 0.0 0 M M M M M M M M
21 64 31 48 8 17 0 0.00 0.0 0 M M M M M M M M
22 67 42 55 15 10 0 0.00 0.0 0 M M M M M M M M
23 71 49 60 20 5 0 0.10 0.0 0 M M M M M M M M
24 68 49 59 18 6 0 0.07 0.0 0 M M M M M M M M
25 59 41 50 9 15 0 1.05 0.0 0 M M M M M M M M
26 47 38 43 1 22 0 0.15 0.0 0 M M M M M M M M
27 67 37 52 10 13 0 0.94 0.0 0 M M M M M M M M
28 51 28 40 -2 25 0 0.18 0.0 0 M M M M M M M M
29 55 26 41 -2 24 0 0.00 0.0 0 M M M M M M M M
30 70 45 58 15 7 0 0.20 0.0 0 M M M M M M M M
31 48 28 38 -6 27 0 0.04 0.0 0 M M M M M M M M
================================================================================
SM 1700 985 664 0 3.38 T M M M
================================================================================
AV 54.8 31.8 M FASTST M M M MAX(MPH)
MISC ----> M M M M
================================================================================
NOTES:
# LAST OF SEVERAL OCCURRENCES
COLUMN 17 PEAK WIND IN M.P.H.
PRELIMINARY LOCAL CLIMATOLOGICAL DATA (WS FORM: F-6) , PAGE 2
STATION: NORTH WEBSTER WFO
MONTH: MARCH
YEAR: 2021
LATITUDE: 41 21 N
LONGITUDE: 85 42 W
[TEMPERATURE DATA] [PRECIPITATION DATA] SYMBOLS USED IN COLUMN 16
AVERAGE MONTHLY: 43.3 TOTAL FOR MONTH: 3.38 1 = FOG OR MIST
DPTR FM NORMAL: 5.4 DPTR FM NORMAL: 0.69 2 = FOG REDUCING VISIBILITY
HIGHEST: 71 ON 23 GRTST 24HR 1.05 ON 25-25 TO 1/4 MILE OR LESS
LOWEST: 19 ON 5, 2 3 = THUNDER
SNOW, ICE PELLETS, HAIL 4 = ICE PELLETS
TOTAL MONTH: T 5 = HAIL
GRTST 24HR T ON 1- 1 6 = FREEZING RAIN OR DRIZZLE
GRTST DEPTH: T 7 = DUSTSTORM OR SANDSTORM:
VSBY 1/2 MILE OR LESS
8 = SMOKE OR HAZE
[NO. OF DAYS WITH] [WEATHER - DAYS WITH] 9 = BLOWING SNOW
X = TORNADO
MAX 32 OR BELOW: 0 0.01 INCH OR MORE: 12
MAX 90 OR ABOVE: 0 0.10 INCH OR MORE: 7
MIN 32 OR BELOW: 19 0.50 INCH OR MORE: 3
MIN 0 OR BELOW: 0 1.00 INCH OR MORE: 1
[HDD (BASE 65) ]
TOTAL THIS MO. 664 CLEAR (SCALE 0-3) 0
DPTR FM NORMAL -176 PTCLDY (SCALE 4-7) 0
TOTAL FM JUL 1 5127 CLOUDY (SCALE 8-10) 31
DPTR FM NORMAL -352
[CDD (BASE 65) ]
TOTAL THIS MO. 0
DPTR FM NORMAL 0 [PRESSURE DATA]
TOTAL FM JAN 1 0 HIGHEST SLP M ON M
DPTR FM NORMAL 0 LOWEST SLP M ON M
[REMARKS]
#FINAL-03-21#