000
CXUS55 KRIW 011010
CF6JAC
PRELIMINARY LOCAL CLIMATOLOGICAL DATA (WS FORM: F-6)
STATION: JACKSON WY
MONTH: JUNE
YEAR: 2023
LATITUDE: 43 35 N
LONGITUDE: 110 44 W
TEMPERATURE IN F: :PCPN: SNOW: WIND :SUNSHINE: SKY :PK WND
================================================================================
1 2 3 4 5 6A 6B 7 8 9 10 11 12 13 14 15 16 17 18
12Z AVG MX 2MIN
DY MAX MIN AVG DEP HDD CDD WTR SNW DPTH SPD SPD DIR MIN PSBL S-S WX SPD DR
================================================================================
1 67 37 52 1 13 0 0.00 M M 7.2 24 130 M M 2 35 120
2 62 46 54 3 11 0 M M M 5.0 18 290 M M 10 1 23 290
3 63 46 55 4 10 0 M M M 3.6 10 10 M M 8 M M
4 69 43 56 4 9 0 0.00 M M 4.6 20 70 M M 3 M M
5 74 37 56 4 9 0 0.00 M M 5.8 14 240 M M 3 1 17 240
6 76 40 58 6 7 0 T M M 5.4 21 240 M M 1 27 240
7 74 39 57 5 8 0 T M M 7.0 25 190 M M 3 35 180
8 65 46 56 3 9 0 M M M 4.7 32 190 M M 6 1 41 200
9 70 38 54 1 11 0 0.00 M M 4.0 18 140 M M 4 12 17 200
10 69 38 54 1 11 0 0.00 M M 5.9 25 20 M M 1 31 20
11 70 44 57 4 8 0 M M M 5.5 15 200 M M 7 31 190
12 66 42 54 0 11 0 M M M 6.4 18 250 M M 6 13 23 230
13 66 47 57 3 8 0 0.00 M M 5.8 18 150 M M 8 24 200
14 68 46 57 3 8 0 M M M 9.9 17 210 M M 7 30 230
15 61 34 48 -6 17 0 M M M 6.0 15 290 M M 3 M M
16 63 42 53 -2 12 0 T M M 6.3 16 20 M M 4 16 80
17 65 37 51 -4 14 0 M M M 6.7 15 190 M M 9 20 260
18 64 43 54 -1 11 0 0.05 M M 8.7 17 160 M M 10 36 200
19 56 43 50 -6 15 0 0.20 M M 5.5 13 20 M M 10 M M
20 56 36 46 -10 19 0 0.09 M M 4.0 12 240 M M 7 M M
21 65 32 49 -7 16 0 0.00 M M 7.7 20 250 M M 3 31 250
22 72 30 51 -5 14 0 0.00 M M 4.9 17 70 M M 1 28 160
23 54 38 46 -11 19 0 M M M 6.5 21 190 M M 5 13 31 180
24 67 34 51 -6 14 0 0.00 M M 4.5 12 30 M M 4 12 M M
25 74 39 57 0 8 0 T M M 6.1 16 10 M M 3 3 30 170
26 71 41 56 -2 9 0 T M M 9.0 22 20 M M 2 3 31 210
27 68 42 55 -3 10 0 0.01 M M 5.8 22 130 M M 3 3 27 130
28 69 39 54 -4 11 0 T M M 5.1 10 10 M M 4 M M
29 72 39 56 -3 9 0 T M M 4.3 8 20 M M 4 M M
30 76 M M M M M 0.00 M M 5.3 9 300 M M 1 M M
================================================================================
SM 2012 1158 331 0 0.35 M 177.2 M 142
================================================================================
AV 67.1 39.9 5.9 FASTST M M 5 MAX(MPH)
MISC ----> 32 190 41 200
================================================================================
NOTES:
# LAST OF SEVERAL OCCURRENCES
COLUMN 17 PEAK WIND IN M.P.H.
PRELIMINARY LOCAL CLIMATOLOGICAL DATA (WS FORM: F-6) , PAGE 2
STATION: JACKSON WY
MONTH: JUNE
YEAR: 2023
LATITUDE: 43 35 N
LONGITUDE: 110 44 W
[TEMPERATURE DATA] [PRECIPITATION DATA] SYMBOLS USED IN COLUMN 16
AVERAGE MONTHLY: 53.5 TOTAL FOR MONTH: 0.35 1 = FOG OR MIST
DPTR FM NORMAL: -1.2 DPTR FM NORMAL: -1.26 2 = FOG REDUCING VISIBILITY
HIGHEST: 76 ON 30, 6 GRTST 24HR 0.28 ON 19-20 TO 1/4 MILE OR LESS
LOWEST: 30 ON 22 3 = THUNDER
SNOW, ICE PELLETS, HAIL 4 = ICE PELLETS
TOTAL MONTH: M 5 = HAIL
GRTST 24HR M ON M 6 = FREEZING RAIN OR DRIZZLE
GRTST DEPTH: M ON M 7 = DUSTSTORM OR SANDSTORM:
VSBY 1/2 MILE OR LESS
8 = SMOKE OR HAZE
[NO. OF DAYS WITH] [WEATHER - DAYS WITH] 9 = BLOWING SNOW
X = TORNADO
MAX 32 OR BELOW: 0 0.01 INCH OR MORE: 4
MAX 90 OR ABOVE: 0 0.10 INCH OR MORE: 1
MIN 32 OR BELOW: 2 0.50 INCH OR MORE: 0
MIN 0 OR BELOW: 0 1.00 INCH OR MORE: 0
[HDD (BASE 65) ]
TOTAL THIS MO. 331 CLEAR (SCALE 0-3) 12
DPTR FM NORMAL 19 PTCLDY (SCALE 4-7) 13
TOTAL FM JUL 1 9555 CLOUDY (SCALE 8-10) 5
DPTR FM NORMAL -451
[CDD (BASE 65) ]
TOTAL THIS MO. 0
DPTR FM NORMAL -3 [PRESSURE DATA]
TOTAL FM JAN 1 0 HIGHEST SLP M ON M
DPTR FM NORMAL -3 LOWEST SLP M ON M
[REMARKS]
#FINAL-06-23#