000
CXUS52 KJAX 051836
CF6JAX
PRELIMINARY LOCAL CLIMATOLOGICAL DATA (WS FORM: F-6)
STATION: JACKSONVILLE
MONTH: AUGUST
YEAR: 2021
LATITUDE: 30 30 N
LONGITUDE: 81 42 W
TEMPERATURE IN F: :PCPN: SNOW: WIND :SUNSHINE: SKY :PK WND
================================================================================
1 2 3 4 5 6A 6B 7 8 9 10 11 12 13 14 15 16 17 18
12Z AVG MX 2MIN
DY MAX MIN AVG DEP HDD CDD WTR SNW DPTH SPD SPD DIR MIN PSBL S-S WX SPD DR
================================================================================
1 93 72 83 0 0 18 1.25 0.0 0 9.0 24 10 M M 7 13 32 10
2 92 71 82 -1 0 17 0.65 0.0 0 5.2 35 310 M M 7 13 47 310
3 83 74 79 -4 0 14 0.75 0.0 0 6.7 17 330 M M 8 13 25 330
4 86 73 80 -3 0 15 0.77 0.0 0 5.4 15 70 M M 9 13 20 100
5 85 75 80 -3 0 15 0.25 0.0 0 6.4 12 40 M M 9 13 18 50
6 90 74 82 -1 0 17 0.97 0.0 0 5.4 30 190 M M 7 13 43 180
7 87 73 80 -3 0 15 0.19 0.0 0 4.0 13 110 M M 8 13 17 230
8 91 74 83 0 0 18 0.02 0.0 0 4.1 13 110 M M 7 13 16 60
9 92 74 83 0 0 18 0.00 0.0 0 3.0 17 150 M M 6 3 21 140
10 91 74 83 0 0 18 0.00 0.0 0 4.7 14 130 M M 5 19 90
11 92 73 83 0 0 18 0.00 0.0 0 4.2 14 110 M M 4 21 140
12 92 73 83 1 0 18 0.00 0.0 0 4.1 17 120 M M 4 3 22 110
13 91 73 82 0 0 17 0.00 0.0 0 5.1 15 90 M M 5 3 23 70
14 84 74 79 -3 0 14 0.10 0.0 0 3.6 14 50 M M 7 13 18 60
15 90 73 82 0 0 17 0.02 0.0 0 6.4 15 100 M M 7 1 22 140
16 86 75 81 -1 0 16 0.60 0.0 0 7.6 28 140 M M 9 13 35 130
17 91 76 84 2 0 19 T 0.0 0 8.2 23 240 M M 7 3 33 220
18 92 76 84 2 0 19 0.06 0.0 0 4.5 17 70 M M 7 13 22 70
19 94 75 85 3 0 20 0.00 0.0 0 3.6 21 250 M M 7 3 27 250
20 94 74 84 2 0 19 0.08 0.0 0 4.1 15 330 M M 8 13 20 340
21 93 73 83 1 0 18 0.00 0.0 0 6.2 17 240 M M 6 23 220
22 91 75 83 1 0 18 0.92 0.0 0 6.6 35 220 M M 7 13 58 220
23 91 76 84 2 0 19 0.01 0.0 0 5.9 35 270 M M 8 13 49 260
24 90 71 81 -1 0 16 0.28 0.0 0 6.3 18 150 M M 8 13 24 170
25 90 71 81 -1 0 16 0.23 0.0 0 5.1 16 90 M M 6 1 20 100
26 89 74 82 0 0 17 T 0.0 0 7.0 22 70 M M 7 3 31 70
27 89 74 82 1 0 17 0.06 0.0 0 7.8 21 100 M M 7 13 30 110
28 89 77 83 2 0 18 0.23 0.0 0 8.4 21 120 M M 8 13 27 100
29 89 75 82 1 0 17 T 0.0 0 7.8 17 110 M M 6 1 21 110
30 91 70 81 0 0 16 0.00 0.0 0 4.0 13 130 M M 6 1 17 140
31 92 74 83 2 0 18 0.04 0.0 0 7.4 23 260 M M 8 13 32 250
================================================================================
SM 2790 2286 0 532 7.48 0.0 177.8 M 215
================================================================================
AV 90.0 73.7 5.7 FASTST M M 7 MAX(MPH)
MISC ----> # 35 310 58 220
================================================================================
NOTES:
# LAST OF SEVERAL OCCURRENCES
COLUMN 17 PEAK WIND IN M.P.H.
PRELIMINARY LOCAL CLIMATOLOGICAL DATA (WS FORM: F-6) , PAGE 2
STATION: JACKSONVILLE
MONTH: AUGUST
YEAR: 2021
LATITUDE: 30 30 N
LONGITUDE: 81 42 W
[TEMPERATURE DATA] [PRECIPITATION DATA] SYMBOLS USED IN COLUMN 16
AVERAGE MONTHLY: 81.9 TOTAL FOR MONTH: 7.48 1 = FOG OR MIST
DPTR FM NORMAL: -0.2 DPTR FM NORMAL: 0.60 2 = FOG REDUCING VISIBILITY
HIGHEST: 94 ON 20,19 GRTST 24HR 1.74 ON 1- 2 TO 1/4 MILE OR LESS
LOWEST: 70 ON 30 3 = THUNDER
SNOW, ICE PELLETS, HAIL 4 = ICE PELLETS
TOTAL MONTH: 0.0 INCH 5 = HAIL
GRTST 24HR 0.0 6 = FREEZING RAIN OR DRIZZLE
GRTST DEPTH: 0 7 = DUSTSTORM OR SANDSTORM:
VSBY 1/2 MILE OR LESS
8 = SMOKE OR HAZE
[NO. OF DAYS WITH] [WEATHER - DAYS WITH] 9 = BLOWING SNOW
X = TORNADO
MAX 32 OR BELOW: 0 0.01 INCH OR MORE: 20
MAX 90 OR ABOVE: 21 0.10 INCH OR MORE: 13
MIN 32 OR BELOW: 0 0.50 INCH OR MORE: 7
MIN 0 OR BELOW: 0 1.00 INCH OR MORE: 1
[HDD (BASE 65) ]
TOTAL THIS MO. 0 CLEAR (SCALE 0-3) 0
DPTR FM NORMAL 0 PTCLDY (SCALE 4-7) 26
TOTAL FM JUL 1 0 CLOUDY (SCALE 8-10) 5
DPTR FM NORMAL 0
[CDD (BASE 65) ]
TOTAL THIS MO. 532
DPTR FM NORMAL 2 [PRESSURE DATA]
TOTAL FM JAN 1 1955 HIGHEST SLP 30.20 ON 10
DPTR FM NORMAL -128 LOWEST SLP 29.81 ON 31
[REMARKS]
#FINAL-08-21#