000
CXUS55 KBOI 011002
CF6JER
PRELIMINARY LOCAL CLIMATOLOGICAL DATA (WS FORM: F-6)
STATION: JEROME ID
MONTH: JULY
YEAR: 2020
LATITUDE: 42 43 N
LONGITUDE: 114 27 W
TEMPERATURE IN F: :PCPN: SNOW: WIND :SUNSHINE: SKY :PK WND
================================================================================
1 2 3 4 5 6A 6B 7 8 9 10 11 12 13 14 15 16 17 18
12Z AVG MX 2MIN
DY MAX MIN AVG DEP HDD CDD WTR SNW DPTH SPD SPD DIR MIN PSBL S-S WX SPD DR
================================================================================
1 75 46 61 -7 4 0 0.00 M M 9.6 17 280 M M 0 23 290
2 81 47 64 -4 1 0 0.00 M M 4.4 12 300 M M 1 15 320
3 91 57 74 5 0 9 0.00 M M 6.1 22 330 M M 0 29 230
4 89 58 74 5 0 9 0.00 M M 8.1 16 290 M M 0 19 300
5 87 57 72 3 0 7 0.00 M M 6.5 13 260 M M 0 16 270
6 92 53 73 3 0 8 0.00 M M 5.5 13 120 M M 0 16 100
7 81 58 70 0 0 5 0.00 M M 13.1 25 270 M M 0 32 280
8 81 52 67 -3 0 2 0.00 M M 8.8 16 260 M M 0 23 300
9 88 51 70 0 0 5 0.00 M M 4.3 10 110 M M 0 11 330
10 86 58 72 2 0 7 0.00 M M 9.9 22 270 M M 0 27 290
11 97 56 77 6 0 12 0.00 M M 8.0 15 120 M M 0 20 70
12 88 62 75 4 0 10 0.00 M M 9.6 20 280 M M 0 26 270
13 84 58 71 0 0 6 0.00 M M 14.3 24 250 M M 0 30 260
14 84 54 69 -2 0 4 0.00 M M 8.8 18 270 M M 0 25 280
15 86 53 70 -1 0 5 0.00 M M 9.8 17 270 M M 0 22 270
16 91 57 74 2 0 9 0.00 M M 6.4 14 280 M M 0 17 270
17 93 60 77 5 0 12 0.00 M M 7.9 16 280 M M 0 20 280
18 90 59 75 3 0 10 0.00 M M 11.2 20 270 M M 0 24 260
19 91 61 76 4 0 11 0.00 M M 10.8 20 280 M M 0 26 280
20 93 56 75 3 0 10 0.00 M M 9.5 23 270 M M 0 30 270
21 96 55 76 4 0 11 0.00 M M 6.5 16 280 M M 0 22 270
22 89 64 77 5 0 12 0.01 M M 8.7 25 120 M M 2 3 31 120
23 91 58 75 3 0 10 T M M 5.9 22 250 M M 0 3 28 250
24 89 55 72 0 0 7 0.00 M M 5.9 10 120 M M 0 13 320
25 87 59 73 1 0 8 0.00 M M 8.2 15 270 M M 0 18 260
26 90 55 73 0 0 8 0.00 M M 4.6 12 140 M M 0 14 150
27 93 57 75 2 0 10 0.00 M M 6.1 12 260 M M 0 M M
28 93 57 75 2 0 10 T M M 8.7 17 130 M M 4 22 140
29 94 60 77 4 0 12 0.00 M M 9.0 23 70 M M 0 31 80
30 101 65 83 10 0 18 0.00 M M 13.9 23 80 M M 0 3 31 80
31 102 71 87 14 0 22 0.00 M M 9.7 21 80 M M 0 28 70
================================================================================
SM 2773 1769 5 269 0.01 M 259.8 M 7
================================================================================
AV 89.5 57.1 8.4 FASTST M M 0 MAX(MPH)
MISC ----> # 25 270 32 280
================================================================================
NOTES:
# LAST OF SEVERAL OCCURRENCES
COLUMN 17 PEAK WIND IN M.P.H.
PRELIMINARY LOCAL CLIMATOLOGICAL DATA (WS FORM: F-6) , PAGE 2
STATION: JEROME ID
MONTH: JULY
YEAR: 2020
LATITUDE: 42 43 N
LONGITUDE: 114 27 W
[TEMPERATURE DATA] [PRECIPITATION DATA] SYMBOLS USED IN COLUMN 16
AVERAGE MONTHLY: 73.3 TOTAL FOR MONTH: 0.01 1 = FOG OR MIST
DPTR FM NORMAL: 2.1 DPTR FM NORMAL: -0.22 2 = FOG REDUCING VISIBILITY
HIGHEST: 102 ON 31 GRTST 24HR 0.01 ON 22-22 TO 1/4 MILE OR LESS
LOWEST: 46 ON 1 3 = THUNDER
SNOW, ICE PELLETS, HAIL 4 = ICE PELLETS
TOTAL MONTH: M 5 = HAIL
GRTST 24HR M ON M 6 = FREEZING RAIN OR DRIZZLE
GRTST DEPTH: M ON M 7 = DUSTSTORM OR SANDSTORM:
VSBY 1/2 MILE OR LESS
8 = SMOKE OR HAZE
[NO. OF DAYS WITH] [WEATHER - DAYS WITH] 9 = BLOWING SNOW
X = TORNADO
MAX 32 OR BELOW: 0 0.01 INCH OR MORE: 1
MAX 90 OR ABOVE: 16 0.10 INCH OR MORE: 0
MIN 32 OR BELOW: 0 0.50 INCH OR MORE: 0
MIN 0 OR BELOW: 0 1.00 INCH OR MORE: 0
[HDD (BASE 65) ]
TOTAL THIS MO. 5 CLEAR (SCALE 0-3) 30
DPTR FM NORMAL -7 PTCLDY (SCALE 4-7) 1
TOTAL FM JUL 1 5 CLOUDY (SCALE 8-10) 0
DPTR FM NORMAL -5
[CDD (BASE 65) ]
TOTAL THIS MO. 269
DPTR FM NORMAL 67 [PRESSURE DATA]
TOTAL FM JAN 1 434 HIGHEST SLP 30.11 ON 10
DPTR FM NORMAL 151 LOWEST SLP 29.62 ON 6
[REMARKS]
#FINAL-07-20#