000
CXUS53 KGRR 011010
CF6JXN
PRELIMINARY LOCAL CLIMATOLOGICAL DATA (WS FORM: F-6)
STATION: JACKSON
MONTH: DECEMBER
YEAR: 2021
LATITUDE: 42 16 N
LONGITUDE: 84 28 W
TEMPERATURE IN F: :PCPN: SNOW: WIND :SUNSHINE: SKY :PK WND
================================================================================
1 2 3 4 5 6A 6B 7 8 9 10 11 12 13 14 15 16 17 18
12Z AVG MX 2MIN
DY MAX MIN AVG DEP HDD CDD WTR SNW DPTH SPD SPD DIR MIN PSBL S-S WX SPD DR
================================================================================
1 44 27 36 2 29 0 0.00 M M 6.2 20 210 M M 7 1 27 210
2 53 33 43 9 22 0 0.00 M M 13.0 24 260 M M 5 1 40 250
3 37 33 35 1 30 0 0.04 M M 2.7 8 170 M M 9 12 11 110
4 42 29 36 3 29 0 0.00 M M 8.5 21 270 M M 3 1 32 260
5 47 31 39 6 26 0 0.40 M M 8.8 23 90 M M 10 1 32 80
6 47 24 36 4 29 0 0.03 M M 13.9 29 240 M M 10 18 48 240
7 24 17 21 -11 44 0 T M M 5.8 17 270 M M 8 26 250
8 30 21 26 -6 39 0 T M M 5.5 12 230 M M 10 8 17 230
9 40 25 33 1 32 0 0.00 M M 7.5 21 100 M M 7 18 31 110
10 52 33 43 12 22 0 0.36 M M 6.2 24 110 M M 5 18 35 100
11 59 31 45 14 20 0 0.49 M M 17.7 40 210 M M 7 138 59 230
12 46 29 38 7 27 0 0.00 M M 14.9 24 210 M M 0 35 220
13 49 29 39 9 26 0 0.00 M M 9.4 20 200 M M 0 26 200
14 48 24 36 6 29 0 0.00 M M 7.3 17 100 M M 3 1 24 70
15 59 43 51 21 14 0 0.07 M M 12.9 23 180 M M 9 1 33 190
16 61 35 48 18 17 0 0.00 M M 21.1 35 210 M M 4 58 210
17 40 26 33 4 32 0 0.00 M M 7.0 20 240 M M 2 27 250
18 35 30 33 4 32 0 0.39 M M 7.6 14 40 M M 10 16 19 40
19 30 25 28 -1 37 0 0.00 M M 3.9 10 150 M M 9 14 150
20 39 24 32 3 33 0 0.00 M M 10.4 18 200 M M 1 26 220
21 38 21 30 2 35 0 0.00 M M 8.1 25 260 M M 6 18 39 250
22 32 19 26 -2 39 0 T M M 9.4 22 270 M M 10 37 260
23 39 20 30 2 35 0 0.00 M M 7.9 15 160 M M 9 22 130
24 51 28 40 12 25 0 0.02 M M 7.8 18 150 M M 8 12 27 150
25 54 27 41 13 24 0 0.23 M M 5.2 15 330 M M 7 1 23 320
26 37 23 30 3 35 0 0.00 M M 4.5 17 80 M M 1 1 25 70
27 40 30 35 8 30 0 0.34 M M 10.9 21 80 M M 9 1236 35 60
28 35 30 33 6 32 0 0.22 M M 6.8 16 70 M M 7 128 22 80
29 36 30 33 6 32 0 0.00 M M 5.5 16 260 M M 8 1 25 250
30 33 28 31 4 34 0 0.00 M M 5.0 10 40 M M 10 128 13 40
31 42 33 38 12 27 0 0.00 M M 5.2 13 200 M M 10 1 17 100
================================================================================
SM 1319 858 917 0 2.59 M 266.6 M 204
================================================================================
AV 42.5 27.7 8.6 FASTST M M 7 MAX(MPH)
MISC ----> 40 210 59 230
================================================================================
NOTES:
# LAST OF SEVERAL OCCURRENCES
COLUMN 17 PEAK WIND IN M.P.H.
PRELIMINARY LOCAL CLIMATOLOGICAL DATA (WS FORM: F-6) , PAGE 2
STATION: JACKSON
MONTH: DECEMBER
YEAR: 2021
LATITUDE: 42 16 N
LONGITUDE: 84 28 W
[TEMPERATURE DATA] [PRECIPITATION DATA] SYMBOLS USED IN COLUMN 16
AVERAGE MONTHLY: 35.1 TOTAL FOR MONTH: 2.59 1 = FOG OR MIST
DPTR FM NORMAL: 5.2 DPTR FM NORMAL: 0.83 2 = FOG REDUCING VISIBILITY
HIGHEST: 61 ON 16 GRTST 24HR 0.85 ON 10-11 TO 1/4 MILE OR LESS
LOWEST: 17 ON 7 3 = THUNDER
SNOW, ICE PELLETS, HAIL 4 = ICE PELLETS
TOTAL MONTH: M 5 = HAIL
GRTST 24HR M ON M 6 = FREEZING RAIN OR DRIZZLE
GRTST DEPTH: M ON M 7 = DUSTSTORM OR SANDSTORM:
VSBY 1/2 MILE OR LESS
8 = SMOKE OR HAZE
[NO. OF DAYS WITH] [WEATHER - DAYS WITH] 9 = BLOWING SNOW
X = TORNADO
MAX 32 OR BELOW: 4 0.01 INCH OR MORE: 11
MAX 90 OR ABOVE: 0 0.10 INCH OR MORE: 7
MIN 32 OR BELOW: 25 0.50 INCH OR MORE: 0
MIN 0 OR BELOW: 0 1.00 INCH OR MORE: 0
[HDD (BASE 65) ]
TOTAL THIS MO. 917 CLEAR (SCALE 0-3) 6
DPTR FM NORMAL -171 PTCLDY (SCALE 4-7) 12
TOTAL FM JUL 1 2039 CLOUDY (SCALE 8-10) 13
DPTR FM NORMAL -396
[CDD (BASE 65) ]
TOTAL THIS MO. 0
DPTR FM NORMAL 0 [PRESSURE DATA]
TOTAL FM JAN 1 878 HIGHEST SLP 30.50 ON 14
DPTR FM NORMAL 244 LOWEST SLP 29.19 ON 11
[REMARKS]
#FINAL-12-21#