000
CXUS53 KGRR 011010
CF6JXN
PRELIMINARY LOCAL CLIMATOLOGICAL DATA (WS FORM: F-6)
STATION: JACKSON
MONTH: DECEMBER
YEAR: 2023
LATITUDE: 42 16 N
LONGITUDE: 84 28 W
TEMPERATURE IN F: :PCPN: SNOW: WIND :SUNSHINE: SKY :PK WND
================================================================================
1 2 3 4 5 6A 6B 7 8 9 10 11 12 13 14 15 16 17 18
12Z AVG MX 2MIN
DY MAX MIN AVG DEP HDD CDD WTR SNW DPTH SPD SPD DIR MIN PSBL S-S WX SPD DR
================================================================================
1 47 38 43 9 22 0 0.67 M M 5.3 13 160 M M 10 18 19 160
2 39 36 38 4 27 0 0.12 M M 5.9 10 30 M M 10 18 14 30
3 41 36 39 5 26 0 0.24 M M 7.1 16 240 M M 10 1 25 250
4 39 33 36 3 29 0 0.01 M M 6.1 13 230 M M 10 19 220
5 38 30 34 1 31 0 0.11 M M 3.0 10 330 M M 10 1 15 310
6 39 28 34 2 31 0 0.00 M M 6.9 18 200 M M 7 24 200
7 47 33 40 8 25 0 0.00 M M 8.3 20 220 M M 3 26 220
8 53 36 45 13 20 0 0.00 M M 9.8 18 190 M M 5 28 180
9 60 41 51 19 14 0 0.03 M M 12.6 26 240 M M 9 1 41 240
10 41 31 36 5 29 0 0.04 M M 9.4 21 230 M M 10 1 29 240
11 32 25 29 -2 36 0 0.00 M M 9.1 16 280 M M 9 25 250
12 41 25 33 2 32 0 0.00 M M 11.0 20 240 M M 2 31 260
13 40 20 30 0 35 0 0.00 M M 6.1 13 220 M M 4 17 220
14 49 24 37 7 28 0 0.00 M M 7.4 16 220 M M 0 23 260
15 55 31 43 13 22 0 0.00 M M 5.9 15 220 M M 0 20 220
16 50 38 44 14 21 0 T M M 7.1 16 110 M M 2 25 120
17 46 39 43 14 22 0 0.14 M M 7.7 17 250 M M 10 1 26 230
18 39 28 34 5 31 0 0.04 M M 13.1 24 300 M M 10 1 40 300
19 32 26 29 0 36 0 0.00 M M 10.0 18 290 M M 6 32 270
20 41 28 35 6 30 0 0.00 M M 5.1 16 200 M M 4 20 190
21 42 26 34 6 31 0 0.00 M M 5.9 13 100 M M 8 19 100
22 42 36 39 11 26 0 0.24 M M 6.9 12 100 M M 10 1 16 110
23 46 40 43 15 22 0 0.25 M M 3.9 9 160 M M 10 1 13 140
24 49 44 47 19 18 0 0.01 M M 4.2 9 120 M M 10 12 14 90
25 53 44 49 21 16 0 0.01 M M 9.2 16 110 M M 9 12 25 100
26 55 45 50 23 15 0 0.05 M M 4.9 14 110 M M 10 1 22 110
27 45 38 42 15 23 0 0.01 M M 6.5 13 300 M M 10 1 20 300
28 43 39 41 14 24 0 0.29 M M 3.7 10 330 M M 10 1 16 320
29 40 37 39 12 26 0 0.03 M M 6.1 12 330 M M 10 1 17 320
30 39 31 35 8 30 0 0.00 M M 6.9 17 200 M M 10 1 23 200
31 37 33 35 9 30 0 0.03 M M 4.8 9 330 M M 10 1 15 320
================================================================================
SM 1360 1039 808 0 2.32 M 219.9 M 238
================================================================================
AV 43.9 33.5 7.1 FASTST M M 8 MAX(MPH)
MISC ----> 26 240 41 240
================================================================================
NOTES:
# LAST OF SEVERAL OCCURRENCES
COLUMN 17 PEAK WIND IN M.P.H.
PRELIMINARY LOCAL CLIMATOLOGICAL DATA (WS FORM: F-6) , PAGE 2
STATION: JACKSON
MONTH: DECEMBER
YEAR: 2023
LATITUDE: 42 16 N
LONGITUDE: 84 28 W
[TEMPERATURE DATA] [PRECIPITATION DATA] SYMBOLS USED IN COLUMN 16
AVERAGE MONTHLY: 38.7 TOTAL FOR MONTH: 2.32 1 = FOG OR MIST
DPTR FM NORMAL: 8.8 DPTR FM NORMAL: 0.56 2 = FOG REDUCING VISIBILITY
HIGHEST: 60 ON 9 GRTST 24HR 0.67 ON 1- 1 TO 1/4 MILE OR LESS
LOWEST: 20 ON 13 3 = THUNDER
SNOW, ICE PELLETS, HAIL 4 = ICE PELLETS
TOTAL MONTH: M 5 = HAIL
GRTST 24HR M ON M 6 = FREEZING RAIN OR DRIZZLE
GRTST DEPTH: M ON M 7 = DUSTSTORM OR SANDSTORM:
VSBY 1/2 MILE OR LESS
8 = SMOKE OR HAZE
[NO. OF DAYS WITH] [WEATHER - DAYS WITH] 9 = BLOWING SNOW
X = TORNADO
MAX 32 OR BELOW: 2 0.01 INCH OR MORE: 18
MAX 90 OR ABOVE: 0 0.10 INCH OR MORE: 8
MIN 32 OR BELOW: 13 0.50 INCH OR MORE: 1
MIN 0 OR BELOW: 0 1.00 INCH OR MORE: 0
[HDD (BASE 65) ]
TOTAL THIS MO. 808 CLEAR (SCALE 0-3) 4
DPTR FM NORMAL -280 PTCLDY (SCALE 4-7) 7
TOTAL FM JUL 1 2112 CLOUDY (SCALE 8-10) 20
DPTR FM NORMAL -323
[CDD (BASE 65) ]
TOTAL THIS MO. 0
DPTR FM NORMAL 0 [PRESSURE DATA]
TOTAL FM JAN 1 472 HIGHEST SLP 30.68 ON 14
DPTR FM NORMAL -162 LOWEST SLP 29.56 ON 18
[REMARKS]
#FINAL-12-23#