544
CXUS53 KGID 011449
CF6JYR
PRELIMINARY LOCAL CLIMATOLOGICAL DATA (WS FORM: F-6)
STATION: YORK
MONTH: JULY
YEAR: 2020
LATITUDE: 40 54 N
LONGITUDE: 97 37 W
TEMPERATURE IN F: :PCPN: SNOW: WIND :SUNSHINE: SKY :PK WND
================================================================================
1 2 3 4 5 6A 6B 7 8 9 10 11 12 13 14 15 16 17 18
12Z AVG MX 2MIN
DY MAX MIN AVG DEP HDD CDD WTR SNW DPTH SPD SPD DIR MIN PSBL S-S WX SPD DR
================================================================================
1 86 66 76 M 0 11 M M M 2.3 9 50 M M 1 3 18 310
2 86 64 75 M 0 10 0.00 M M 6.0 15 100 M M 2 1 17 110
3 86 68 77 M 0 12 T M M 1.5 9 10 M M 2 13 100
4 86 68 77 M 0 12 0.00 M M 2.1 8 120 M M 3 12 13 0
5 88 66 77 M 0 12 0.00 M M 4.2 10 110 M M 2 1 13 130
6 88 68 78 M 0 13 0.00 M M 4.7 13 160 M M 1 1 21 20
7 90 66 78 M 0 13 0.00 M M 7.7 15 170 M M 0 21 30
8 90 63 77 M 0 12 M M M 11.1 18 160 M M 1 13 22 180
9 82 63 73 M 0 8 M M M 6.1 29 300 M M 2 13 38 300
10 86 64 75 M 0 10 T M M 2.0 13 190 M M 0 18 180
11 84 64 74 M 0 9 M M M 9.0 35 350 M M 2 3 58 350
12 81 59 70 M 0 5 0.00 M M 1.2 7 99 M M 0 13 99
13 90 66 78 M 0 13 0.00 M M 7.1 17 180 M M 0 8 20 170
14 81 68 75 M 0 10 0.00 M M 7.5 17 10 M M 4 27 360
15 79 63 71 M 0 6 M M M 6.1 18 10 M M 7 13 24 10
16 88 63 76 M 0 11 0.00 M M 5.6 15 210 M M 6 12 15 160
17 91 70 81 M 0 16 0.00 M M 9.4 16 180 M M 0 22 180
18 95 73 84 M 0 19 T M M 11.1 15 200 M M 0 22 340
19 88 72 80 M 0 15 T M M 6.9 13 130 M M 5 15 120
20 82 64 73 M 0 8 1.31 M M 6.5 14 30 M M 8 13 16 130
21 86 66 76 M 0 11 0.24 M M 3.7 13 160 M M 5 13 14 340
22 84 64 74 M 0 9 0.00 M M 6.1 12 120 M M 2 17 140
23 90 72 81 M 0 16 0.00 M M 9.0 17 160 M M 1 21 190
24 90 73 82 M 0 17 0.00 M M 10.7 17 190 M M 1 25 180
25 91 75 83 M 0 18 0.00 M M 12.9 20 180 M M 1 25 180
26 90 M M M M M M M M 5.9 12 20 M M 6 3 17 180
27 M M M M M M M M M M M M M M 0 M M
28 M M M M M M M M M M M M M M 0 M M
29 M M M M M M M M M M M M M M M M M
30 M M M M M M M M M M M M M M M M M
31 M M M M M M M M M M M M M M M M M
================================================================================
SM M M M M M M M M M
================================================================================
AV M M M FASTST M M M MAX(MPH)
MISC ----> # M M # M M
================================================================================
NOTES:
# LAST OF SEVERAL OCCURRENCES
COLUMN 17 PEAK WIND IN M.P.H.
PRELIMINARY LOCAL CLIMATOLOGICAL DATA (WS FORM: F-6) , PAGE 2
STATION: YORK
MONTH: JULY
YEAR: 2020
LATITUDE: 40 54 N
LONGITUDE: 97 37 W
[TEMPERATURE DATA] [PRECIPITATION DATA] SYMBOLS USED IN COLUMN 16
AVERAGE MONTHLY: M TOTAL FOR MONTH: M 1 = FOG OR MIST
DPTR FM NORMAL: M DPTR FM NORMAL: M 2 = FOG REDUCING VISIBILITY
HIGHEST: M ON M GRTST 24HR M ON M TO 1/4 MILE OR LESS
LOWEST: M ON M 3 = THUNDER
SNOW, ICE PELLETS, HAIL 4 = ICE PELLETS
TOTAL MONTH: M 5 = HAIL
GRTST 24HR M ON M 6 = FREEZING RAIN OR DRIZZLE
GRTST DEPTH: M ON M 7 = DUSTSTORM OR SANDSTORM:
VSBY 1/2 MILE OR LESS
8 = SMOKE OR HAZE
[NO. OF DAYS WITH] [WEATHER - DAYS WITH] 9 = BLOWING SNOW
X = TORNADO
MAX 32 OR BELOW: M 0.01 INCH OR MORE: M
MAX 90 OR ABOVE: M 0.10 INCH OR MORE: M
MIN 32 OR BELOW: M 0.50 INCH OR MORE: M
MIN 0 OR BELOW: M 1.00 INCH OR MORE: M
[HDD (BASE 65) ]
TOTAL THIS MO. M CLEAR (SCALE 0-3) M
DPTR FM NORMAL M PTCLDY (SCALE 4-7) M
TOTAL FM JUL 1 M CLOUDY (SCALE 8-10) M
DPTR FM NORMAL M
[CDD (BASE 65) ]
TOTAL THIS MO. M
DPTR FM NORMAL M [PRESSURE DATA]
TOTAL FM JAN 1 M HIGHEST SLP M ON M
DPTR FM NORMAL M LOWEST SLP M ON M
[REMARKS]
#FINAL-07-20#