000
CXUS52 KTBW 020418
CF6LAL
PRELIMINARY LOCAL CLIMATOLOGICAL DATA (WS FORM: F-6)
STATION: LAKELAND LINDER
MONTH: JANUARY
YEAR: 2024
LATITUDE: 28 0 N
LONGITUDE: 82 3 W
TEMPERATURE IN F: :PCPN: SNOW: WIND :SUNSHINE: SKY :PK WND
================================================================================
1 2 3 4 5 6A 6B 7 8 9 10 11 12 13 14 15 16 17 18
12Z AVG MX 2MIN
DY MAX MIN AVG DEP HDD CDD WTR SNW DPTH SPD SPD DIR MIN PSBL S-S WX SPD DR
================================================================================
1 72 44 58 -3 7 0 0.00 0.0 0 2.3 8 330 M M 5 1 M M
2 70 50 60 -1 5 0 0.00 0.0 0 5.3 8 80 M M 0 M M
3 70 46 58 -3 7 0 0.00 0.0 0 3.4 12 180 M M 2 17 180
4 69 53 61 1 4 0 0.26 0.0 0 7.3 13 150 M M 7 20 160
5 75 49 62 2 3 0 0.00 0.0 0 10.3 17 130 M M 3 23 130
6 81 65 73 13 0 8 1.13 0.0 0 10.4 17 160 M M 6 3 25 180
7 76 53 65 5 0 0 0.23 0.0 0 6.2 12 320 M M 4 16 330
8 67 49 58 -2 7 0 0.00 0.0 0 9.5 14 140 M M 3 20 140
9 81 64 73 13 0 8 0.00 0.0 0 14.0 29 200 M M 8 1 44 280
10 62 54 58 -2 7 0 0.50 0.0 0 4.9 10 320 M M 3 3 M M
11 62 46 54 -6 11 0 0.00 0.0 0 4.3 12 60 M M 5 M M
12 80 46 63 3 2 0 0.20 0.0 0 10.3 18 210 M M 9 1 25 210
13 80 61 71 11 0 6 0.10 0.0 0 9.6 15 310 M M 4 24 200
14 61 49 55 -5 10 0 0.01 0.0 0 5.9 10 360 M M 4 M M
15 72 51 62 2 3 0 0.22 0.0 0 3.4 8 110 M M 9 1 M M
16 78 64 71 11 0 6 0.13 0.0 0 8.0 15 220 M M 9 12 25 270
17 72 41 57 -4 8 0 0.01 0.0 0 8.5 13 330 M M 3 M M
18 71 46 59 -2 6 0 0.02 0.0 0 5.9 10 140 M M 9 M M
19 76 55 66 5 0 1 0.20 0.0 0 4.1 14 290 M M 6 M M
20 69 45 57 -4 8 0 0.00 0.0 0 7.7 12 360 M M 0 16 50
21 61 36 49 -12 16 0 0.00 0.0 0 12.3 17 60 M M 0 23 40
22 67 44 56 -5 9 0 0.00 0.0 0 9.2 18 100 M M 2 23 90
23 79 58 69 8 0 4 0.00 0.0 0 8.8 17 110 M M 5 23 110
24 80 64 72 11 0 7 0.00 0.0 0 9.3 15 140 M M 4 24 140
25 84 67 76 15 0 11 0.00 0.0 0 6.6 14 140 M M 5 1 20 140
26 83 67 75 14 0 10 0.00 0.0 0 3.1 12 140 M M 5 M M
27 85 64 75 14 0 10 0.00 0.0 0 7.0 14 190 M M 4 21 230
28 83 64 74 13 0 9 0.01 0.0 0 11.1 21 290 M M 5 25 310
29 64 47 56 -6 9 0 0.00 0.0 0 9.4 15 330 M M 4 23 330
30 68 44 56 -6 9 0 0.00 0.0 0 3.3 12 280 M M 0 M M
31 72 43 58 -4 7 0 0.00 0.0 0 8.4 18 310 M M 1 24 310
================================================================================
SM 2270 1629 138 80 3.02 0.0 229.8 M 134
================================================================================
AV 73.2 52.5 7.4 FASTST M M 4 MAX(MPH)
MISC ----> 29 200 44 280
================================================================================
NOTES:
# LAST OF SEVERAL OCCURRENCES
COLUMN 17 PEAK WIND IN M.P.H.
PRELIMINARY LOCAL CLIMATOLOGICAL DATA (WS FORM: F-6) , PAGE 2
STATION: LAKELAND LINDER
MONTH: JANUARY
YEAR: 2024
LATITUDE: 28 0 N
LONGITUDE: 82 3 W
[TEMPERATURE DATA] [PRECIPITATION DATA] SYMBOLS USED IN COLUMN 16
AVERAGE MONTHLY: 62.9 TOTAL FOR MONTH: 3.02 1 = FOG OR MIST
DPTR FM NORMAL: 0.7 DPTR FM NORMAL: 0.03 2 = FOG REDUCING VISIBILITY
HIGHEST: 85 ON 27 GRTST 24HR 3.18 ON 15-16 TO 1/4 MILE OR LESS
LOWEST: 36 ON 21 3 = THUNDER
SNOW, ICE PELLETS, HAIL 4 = ICE PELLETS
TOTAL MONTH: 0.0 INCH 5 = HAIL
GRTST 24HR 0.0 6 = FREEZING RAIN OR DRIZZLE
GRTST DEPTH: 0 7 = DUSTSTORM OR SANDSTORM:
VSBY 1/2 MILE OR LESS
8 = SMOKE OR HAZE
[NO. OF DAYS WITH] [WEATHER - DAYS WITH] 9 = BLOWING SNOW
X = TORNADO
MAX 32 OR BELOW: 0 0.01 INCH OR MORE: 13
MAX 90 OR ABOVE: 0 0.10 INCH OR MORE: 9
MIN 32 OR BELOW: 0 0.50 INCH OR MORE: 2
MIN 0 OR BELOW: 0 1.00 INCH OR MORE: 1
[HDD (BASE 65) ]
TOTAL THIS MO. 138 CLEAR (SCALE 0-3) 9
DPTR FM NORMAL -15 PTCLDY (SCALE 4-7) 17
TOTAL FM JUL 1 247 CLOUDY (SCALE 8-10) 5
DPTR FM NORMAL -96
[CDD (BASE 65) ]
TOTAL THIS MO. 80
DPTR FM NORMAL 23 [PRESSURE DATA]
TOTAL FM JAN 1 80 HIGHEST SLP M ON M
DPTR FM NORMAL 23 LOWEST SLP M ON M
[REMARKS]
#FINAL-01-24#