787
CXUS52 KTBW 030308
CF6LAL
PRELIMINARY LOCAL CLIMATOLOGICAL DATA (WS FORM: F-6)
STATION: Lakeland Linder
MONTH: OCTOBER
YEAR: 2020
LATITUDE: 28 0 N
LONGITUDE: 82 3 W
TEMPERATURE IN F: :PCPN: SNOW: WIND :SUNSHINE: SKY :PK WND
================================================================================
1 2 3 4 5 6A 6B 7 8 9 10 11 12 13 14 15 16 17 18
12Z AVG MX 2MIN
DY MAX MIN AVG DEP HDD CDD WTR SNW DPTH SPD SPD DIR MIN PSBL S-S WX SPD DR
================================================================================
1 84 68 76 -4 0 11 0.00 0.0 0 6.6 9 60 M M 7 M M
2 84 66 75 -4 0 10 0.00 0.0 0 4.8 9 40 M M 2 M M
3 83 66 75 -4 0 10 0.00 0.0 0 8.8 12 30 M M 7 1 18 30
4 80 72 76 -3 0 11 0.71 0.0 0 7.6 13 40 M M 9 1 18 30
5 87 73 80 1 0 15 0.02 0.0 0 10.5 14 90 M M 6 20 60
6 93 76 85 6 0 20 0.00 0.0 0 9.1 13 90 M M 6 1 20 110
7 90 77 84 6 0 19 0.00 0.0 0 6.9 9 80 M M 3 M M
8 91 75 83 5 0 18 0.00 0.0 0 6.0 9 130 M M 4 M M
9 91 75 83 5 0 18 0.00 0.0 0 8.3 13 160 M M 2 17 160
10 92 75 84 6 0 19 0.00 0.0 0 7.4 13 170 M M 3 20 170
11 91 77 84 6 0 19 0.00 0.0 0 8.2 14 250 M M 3 1 21 240
12 89 73 81 4 0 16 0.00 0.0 0 4.4 10 280 M M 4 12 M M
13 88 71 80 3 0 15 0.00 0.0 0 5.0 12 350 M M 3 16 360
14 89 71 80 3 0 15 0.00 0.0 0 3.5 7 80 M M 3 1 M M
15 91 74 83 6 0 18 0.00 0.0 0 2.6 7 100 M M 3 M M
16 90 73 82 6 0 17 0.00 0.0 0 4.5 9 60 M M 2 M M
17 88 71 80 4 0 15 0.00 0.0 0 10.8 16 60 M M 2 21 60
18 88 71 80 4 0 15 0.00 0.0 0 13.7 21 50 M M 6 31 50
19 87 71 79 3 0 14 0.72 0.0 0 9.1 15 70 M M 4 3 24 70
20 86 71 79 4 0 14 0.29 0.0 0 8.9 16 70 M M 3 21 80
21 83 74 79 4 0 14 0.00 0.0 0 8.5 17 110 M M 4 23 110
22 86 73 80 5 0 15 0.00 0.0 0 8.3 16 100 M M 4 23 100
23 86 74 80 5 0 15 0.00 0.0 0 7.6 12 90 M M 6 21 90
24 88 70 79 5 0 14 0.00 0.0 0 5.7 10 100 M M 1 M M
25 89 72 81 7 0 16 0.00 0.0 0 2.6 8 50 M M 4 M M
26 89 72 81 7 0 16 0.00 0.0 0 7.7 13 110 M M 6 1 20 70
27 90 77 84 10 0 19 0.00 0.0 0 8.8 14 150 M M 5 22 130
28 90 76 83 9 0 18 0.00 0.0 0 7.9 12 150 M M 4 M M
29 92 74 83 10 0 18 0.00 0.0 0 7.6 15 190 M M 4 21 190
30 88 68 78 5 0 13 0.03 0.0 0 8.2 11 360 M M 3 M M
31 84 62 73 0 0 8 0.00 0.0 0 6.4 14 90 M M 6 M M
================================================================================
SM 2727 2238 0 475 1.77 0.0 226.0 M 129
================================================================================
AV 88.0 72.2 7.3 FASTST M M 4 MAX(MPH)
MISC ----> # 21 50 # 31 50
================================================================================
NOTES:
# LAST OF SEVERAL OCCURRENCES
COLUMN 17 PEAK WIND IN M.P.H.
PRELIMINARY LOCAL CLIMATOLOGICAL DATA (WS FORM: F-6) , PAGE 2
STATION: Lakeland Linder
MONTH: OCTOBER
YEAR: 2020
LATITUDE: 28 0 N
LONGITUDE: 82 3 W
[TEMPERATURE DATA] [PRECIPITATION DATA] SYMBOLS USED IN COLUMN 16
AVERAGE MONTHLY: 80.1 TOTAL FOR MONTH: 1.77 1 = FOG OR MIST
DPTR FM NORMAL: 5.2 DPTR FM NORMAL: -1.11 2 = FOG REDUCING VISIBILITY
HIGHEST: 93 ON 6 GRTST 24HR 0.72 ON 19-19 TO 1/4 MILE OR LESS
LOWEST: 62 ON 31 3 = THUNDER
SNOW, ICE PELLETS, HAIL 4 = ICE PELLETS
TOTAL MONTH: 0.0 INCH 5 = HAIL
GRTST 24HR 0.0 6 = FREEZING RAIN OR DRIZZLE
GRTST DEPTH: 0 7 = DUSTSTORM OR SANDSTORM:
VSBY 1/2 MILE OR LESS
8 = SMOKE OR HAZE
[NO. OF DAYS WITH] [WEATHER - DAYS WITH] 9 = BLOWING SNOW
X = TORNADO
MAX 32 OR BELOW: 0 0.01 INCH OR MORE: 5
MAX 90 OR ABOVE: 11 0.10 INCH OR MORE: 3
MIN 32 OR BELOW: 0 0.50 INCH OR MORE: 2
MIN 0 OR BELOW: 0 1.00 INCH OR MORE: 0
[HDD (BASE 65) ]
TOTAL THIS MO. 0 CLEAR (SCALE 0-3) 11
DPTR FM NORMAL -4 PTCLDY (SCALE 4-7) 19
TOTAL FM JUL 1 0 CLOUDY (SCALE 8-10) 1
DPTR FM NORMAL -4
[CDD (BASE 65) ]
TOTAL THIS MO. 475
DPTR FM NORMAL 121 [PRESSURE DATA]
TOTAL FM JAN 1 4077 HIGHEST SLP M ON M
DPTR FM NORMAL 602 LOWEST SLP M ON M
[REMARKS]
#FINAL-10-20#