000
CXUS55 KCYS 011630
CLMLAR
CLIMATE REPORT
NATIONAL WEATHER SERVICE CHEYENNE WY
930 AM MST THU FEB 01 2024
...................................
...THE LARAMIE WYOMING AIRPORT CLIMATE SUMMARY FOR THE MONTH OF JANUARY 2024...
CLIMATE NORMAL PERIOD 1991 TO 2020
CLIMATE RECORD PERIOD 1948 TO 2024
WEATHER OBSERVED NORMAL DEPART LAST YEAR`S
VALUE DATE(S) VALUE FROM VALUE DATE(S)
NORMAL
................................................................
TEMPERATURE (F)
RECORD
HIGH 60 01/26/2015
LOW -50 01/12/1963
HIGHEST 56 01/31 MM MM 49
LOWEST -30 01/16 8 -38 -26
AVG. MAXIMUM 35.7 33.4 2.3 29.1
AVG. MINIMUM 9.1 10.3 -1.2 9.3
MEAN 22.4 21.9 0.5 19.2
DAYS MAX >= 90 0 0.0 0.0 0
DAYS MAX <= 32 13 14.1 -1.1 18
DAYS MIN <= 32 31 30.5 0.5 31
DAYS MIN <= 0 7 6.7 0.3 6
PRECIPITATION (INCHES)
RECORD
MAXIMUM 2.26 1949
TOTALS TR 0.28 -0.28 0.40
DAYS >= .01 0 4.4 -4.4 7
DAYS >= .10 0 0.8 -0.8 2
DAYS >= .50 0 0.1 -0.1 0
DAYS >= 1.00 0 0.0 0.0 0
GREATEST
24 HR. TOTAL T 01/26 TO 01/26 0.13 01/01 TO 01/02
DEGREE DAYS
HEATING TOTAL 1315 1338 -23 1410
SINCE 7/1 4274 4920 -646 MM
COOLING TOTAL 0 0 0 0
SINCE 1/1 0 0 0 MM
................................................................
WIND (MPH)
AVERAGE WIND SPEED 9.4
HIGHEST WIND SPEED/DIRECTION 43/250 DATE 01/09
HIGHEST GUST SPEED/DIRECTION 54/280 DATE 01/12
SKY COVER
POSSIBLE SUNSHINE (PERCENT) MM
AVERAGE SKY COVER 0.38
NUMBER OF DAYS FAIR 15
NUMBER OF DAYS PC 13
NUMBER OF DAYS CLOUDY 3
AVERAGE RH (PERCENT) 59
WEATHER CONDITIONS. NUMBER OF DAYS WITH
THUNDERSTORM 0 MIXED PRECIP 0
HEAVY RAIN 0 RAIN 0
LIGHT RAIN 0 FREEZING RAIN 0
LT FREEZING RAIN 0 HAIL 0
HEAVY SNOW 0 SNOW 2
LIGHT SNOW 13 SLEET 0
FOG 0 FOG W/VIS <= 1/4 MILE 0
HAZE 12
- INDICATES NEGATIVE NUMBERS.
R INDICATES RECORD WAS SET OR TIED.
MM INDICATES DATA IS MISSING.
T INDICATES TRACE AMOUNT.
$$