000
CXUS56 KLOX 011155
CF6LAX
PRELIMINARY LOCAL CLIMATOLOGICAL DATA (WS FORM: F-6)
STATION: LOS ANGELES INTL AIRPORT CA
MONTH: AUGUST
YEAR: 2023
LATITUDE: 33 55 N
LONGITUDE: 118 24 W
TEMPERATURE IN F: :PCPN: SNOW: WIND :SUNSHINE: SKY :PK WND
================================================================================
1 2 3 4 5 6A 6B 7 8 9 10 11 12 13 14 15 16 17 18
12Z AVG MX 2MIN
DY MAX MIN AVG DEP HDD CDD WTR SNW DPTH SPD SPD DIR MIN PSBL S-S WX SPD DR
================================================================================
1 79 68 74 4 0 9 0.00 M M 8.1 18 260 M M 6 1 24 260
2 77 65 71 1 0 6 0.00 M M 8.3 18 260 M M 3 24 240
3 75 63 69 -1 0 4 0.00 M M 8.8 20 270 M M 2 23 250
4 76 63 70 0 0 5 0.00 M M 7.5 18 260 M M 3 23 260
5 76 64 70 0 0 5 0.00 M M 6.5 17 250 M M 1 21 250
6 76 64 70 0 0 5 0.00 M M 6.1 17 260 M M 4 18 22 220
7 77 65 71 1 0 6 0.00 M M 5.8 14 260 M M 4 18 21 260
8 79 64 72 2 0 7 0.00 M M 6.6 14 250 M M 4 20 240
9 75 66 71 1 0 6 T M M 7.9 16 270 M M 8 18 18 270
10 79 66 73 2 0 8 T M M 7.4 17 270 M M 8 24 260
11 75 67 71 0 0 6 0.00 M M 9.7 18 240 M M 7 26 230
12 76 67 72 1 0 7 0.00 M M 8.0 16 260 M M 6 18 19 250
13 75 66 71 0 0 6 0.00 M M 7.4 18 250 M M 7 18 25 250
14 74 65 70 -1 0 5 0.00 M M 9.2 20 260 M M 10 18 24 270
15 73 64 69 -2 0 4 T M M 8.9 20 250 M M 7 1 24 240
16 74 64 69 -2 0 4 0.02 M M 9.9 21 260 M M 6 123 25 270
17 71 63 67 -4 0 2 0.00 M M 9.1 21 250 M M 6 128 26 260
18 73 63 68 -3 0 3 0.00 M M 8.6 20 250 M M 4 18 24 260
19 75 63 69 -2 0 4 0.00 M M 5.8 14 250 M M 6 20 230
20 77 66 72 1 0 7 2.03 M M 8.3 21 260 M M 9 1 26 260
21 76 65 71 0 0 6 0.52 M M 10.4 20 130 M M 6 1 28 140
22 76 64 70 -1 0 5 0.00 M M 8.1 20 260 M M 2 23 270
23 74 64 69 -2 0 4 0.00 M M 7.7 20 260 M M 3 1 23 230
24 72 64 68 -3 0 3 0.00 M M 9.4 20 260 M M 7 18 25 260
25 73 63 68 -3 0 3 0.00 M M 8.8 18 250 M M 3 23 250
26 75 63 69 -2 0 4 0.00 M M 8.3 20 250 M M 2 23 250
27 77 64 71 0 0 6 0.00 M M 6.9 20 260 M M 2 18 22 260
28 85 66 76 5 0 11 0.00 M M 6.1 16 260 M M 0 8 19 260
29 82 66 74 3 0 9 0.00 M M 6.6 17 270 M M 0 1 20 260
30 83 67 75 4 0 10 0.00 M M 5.5 15 250 M M 2 1 20 250
31 76 65 71 0 0 6 0.00 M M 5.5 16 270 M M 6 128 24 270
================================================================================
SM 2361 2007 0 176 2.57 M 241.2 M 144
================================================================================
AV 76.2 64.7 7.8 FASTST M M 5 MAX(MPH)
MISC ----> # 21 260 28 140
================================================================================
NOTES:
# LAST OF SEVERAL OCCURRENCES
COLUMN 17 PEAK WIND IN M.P.H.
PRELIMINARY LOCAL CLIMATOLOGICAL DATA (WS FORM: F-6) , PAGE 2
STATION: LOS ANGELES INTL AIRPORT CA
MONTH: AUGUST
YEAR: 2023
LATITUDE: 33 55 N
LONGITUDE: 118 24 W
[TEMPERATURE DATA] [PRECIPITATION DATA] SYMBOLS USED IN COLUMN 16
AVERAGE MONTHLY: 70.5 TOTAL FOR MONTH: 2.57 1 = FOG OR MIST
DPTR FM NORMAL: -0.2 DPTR FM NORMAL: 2.57 2 = FOG REDUCING VISIBILITY
HIGHEST: 85 ON 28 GRTST 24HR 2.55 ON 20-21 TO 1/4 MILE OR LESS
LOWEST: 63 ON 26,25 3 = THUNDER
SNOW, ICE PELLETS, HAIL 4 = ICE PELLETS
TOTAL MONTH: M 5 = HAIL
GRTST 24HR M ON M 6 = FREEZING RAIN OR DRIZZLE
GRTST DEPTH: M ON M 7 = DUSTSTORM OR SANDSTORM:
VSBY 1/2 MILE OR LESS
8 = SMOKE OR HAZE
[NO. OF DAYS WITH] [WEATHER - DAYS WITH] 9 = BLOWING SNOW
X = TORNADO
MAX 32 OR BELOW: 0 0.01 INCH OR MORE: 3
MAX 90 OR ABOVE: 0 0.10 INCH OR MORE: 2
MIN 32 OR BELOW: 0 0.50 INCH OR MORE: 2
MIN 0 OR BELOW: 0 1.00 INCH OR MORE: 1
[HDD (BASE 65) ]
TOTAL THIS MO. 0 CLEAR (SCALE 0-3) 11
DPTR FM NORMAL -1 PTCLDY (SCALE 4-7) 18
TOTAL FM JUL 1 4 CLOUDY (SCALE 8-10) 2
DPTR FM NORMAL 2
[CDD (BASE 65) ]
TOTAL THIS MO. 176
DPTR FM NORMAL -3 [PRESSURE DATA]
TOTAL FM JAN 1 315 HIGHEST SLP 30.04 ON 7
DPTR FM NORMAL -124 LOWEST SLP 29.42 ON 20
[REMARKS]
#FINAL-08-23#