000
CXUS54 KLUB 010830
CF6LBB
PRELIMINARY LOCAL CLIMATOLOGICAL DATA (WS FORM: F-6)
STATION: LUBBOCK
MONTH: FEBRUARY
YEAR: 2021
LATITUDE: 33 39 N
LONGITUDE: 101 49 W
TEMPERATURE IN F: :PCPN: SNOW: WIND :SUNSHINE: SKY :PK WND
================================================================================
1 2 3 4 5 6A 6B 7 8 9 10 11 12 13 14 15 16 17 18
12Z AVG MX 2MIN
DY MAX MIN AVG DEP HDD CDD WTR SNW DPTH SPD SPD DIR MIN PSBL S-S WX SPD DR
================================================================================
1 61 27 44 2 21 0 0.00 0.0 0 7.6 17 190 M M 6 23 210
2 73 43 58 16 7 0 0.00 0.0 0 9.5 18 210 M M 5 22 270
3 81 40 61 19 4 0 0.00 0.0 0 12.4 29 260 M M 6 35 260
4 55 34 45 3 20 0 0.00 0.0 0 14.6 31 20 M M 3 41 10
5 60 30 45 3 20 0 0.00 0.0 0 7.9 18 220 M M 1 25 210
6 60 33 47 4 18 0 0.00 0.0 0 15.0 33 350 M M 0 43 360
7 75 25 50 7 15 0 0.00 0.0 0 10.2 21 260 M M 1 12 24 290
8 63 29 46 3 19 0 T 0.0 0 10.4 20 140 M M 4 1 24 140
9 44 24 34 -9 31 0 0.00 0.0 0 10.2 20 150 M M 6 1 23 130
10 28 20 24 -19 41 0 T 0.0 0 10.6 17 50 M M 10 126 22 60
11 36 19 28 -16 37 0 T T 0 7.9 17 120 M M 7 16 20 120
12 22 14 18 -26 47 0 0.01 0.4 T 11.6 21 50 M M 9 168 24 50
13 21 10 16 -28 49 0 T 0.1 T 12.3 22 100 M M 10 26 110
14 14 0 7 -37 58 0 0.09 1.6 1 18.2 29 40 M M 10 129 33 30
15 14 0 7 -37 58 0 T T 1 8.0 16 360 M M 7 8 20 360
16 17 5 11 -34 54 0 0.14 1.1 1 13.9 21 150 M M 9 12489 23 160
17 24 5 15 -30 50 0 T 0.2 2 6.6 16 60 M M 9 128 19 60
18 25 5 15 -30 50 0 0.01 0.4 2 7.6 16 10 M M 5 1 20 40
19 55 9 32 -13 33 0 0.00 0.0 2 10.4 24 230 M M 0 18 29 220
20 64 29 47 1 18 0 0.00 0.0 0 14.0 28 190 M M 0 35 190
21 58 32 45 -1 20 0 0.00 0.0 0 14.2 33 190 M M 2 43 200
22 70 25 48 2 17 0 0.00 0.0 0 13.1 33 250 M M 0 8 40 250
23 79 28 54 8 11 0 0.00 0.0 0 13.4 32 250 M M 1 38 230
24 60 38 49 2 16 0 0.00 0.0 0 15.0 28 330 M M 1 34 330
25 49 31 40 -7 25 0 0.00 0.0 0 13.8 22 70 M M 7 27 70
26 68 26 47 0 18 0 0.00 0.0 0 10.5 25 260 M M 5 31 240
27 74 30 52 5 13 0 0.00 0.0 0 12.0 30 230 M M 7 36 240
28 60 37 49 1 16 0 0.00 0.0 0 16.7 25 50 M M 6 33 350
================================================================================
SM 1410 648 786 0 0.25 3.8 327.6 M 137
================================================================================
AV 50.4 23.1 11.7 FASTST M M 5 MAX(MPH)
MISC ----> # 33 350 # 43 360
================================================================================
NOTES:
# LAST OF SEVERAL OCCURRENCES
COLUMN 17 PEAK WIND IN M.P.H.
PRELIMINARY LOCAL CLIMATOLOGICAL DATA (WS FORM: F-6) , PAGE 2
STATION: LUBBOCK
MONTH: FEBRUARY
YEAR: 2021
LATITUDE: 33 39 N
LONGITUDE: 101 49 W
[TEMPERATURE DATA] [PRECIPITATION DATA] SYMBOLS USED IN COLUMN 16
AVERAGE MONTHLY: 36.8 TOTAL FOR MONTH: 0.25 1 = FOG OR MIST
DPTR FM NORMAL: -7.7 DPTR FM NORMAL: -0.50 2 = FOG REDUCING VISIBILITY
HIGHEST: 81 ON 3 GRTST 24HR 0.14 ON 16-16 TO 1/4 MILE OR LESS
LOWEST: 0 ON 15,14 3 = THUNDER
SNOW, ICE PELLETS, HAIL 4 = ICE PELLETS
TOTAL MONTH: 3.8 INCHES 5 = HAIL
GRTST 24HR 1.6 ON 14-14 6 = FREEZING RAIN OR DRIZZLE
GRTST DEPTH: 2 ON 19,18 7 = DUSTSTORM OR SANDSTORM:
VSBY 1/2 MILE OR LESS
8 = SMOKE OR HAZE
[NO. OF DAYS WITH] [WEATHER - DAYS WITH] 9 = BLOWING SNOW
X = TORNADO
MAX 32 OR BELOW: 8 0.01 INCH OR MORE: 4
MAX 90 OR ABOVE: 0 0.10 INCH OR MORE: 1
MIN 32 OR BELOW: 22 0.50 INCH OR MORE: 0
MIN 0 OR BELOW: 2 1.00 INCH OR MORE: 0
[HDD (BASE 65) ]
TOTAL THIS MO. 786 CLEAR (SCALE 0-3) 10
DPTR FM NORMAL 212 PTCLDY (SCALE 4-7) 12
TOTAL FM JUL 1 2823 CLOUDY (SCALE 8-10) 6
DPTR FM NORMAL 83
[CDD (BASE 65) ]
TOTAL THIS MO. 0
DPTR FM NORMAL 0 [PRESSURE DATA]
TOTAL FM JAN 1 0 HIGHEST SLP 30.54 ON 18
DPTR FM NORMAL 0 LOWEST SLP 29.57 ON 4
[REMARKS]
#FINAL-02-21#