000
CXUS53 KLBF 010712
CLMLBF
CLIMATE REPORT
NATIONAL WEATHER SERVICE NORTH PLATTE NE
212 AM CDT SAT APR 01 2023
...................................
...THE NORTH PLATTE CLIMATE SUMMARY FOR THE MONTH OF MARCH 2023...
CLIMATE NORMAL PERIOD 1991 TO 2020
CLIMATE RECORD PERIOD 1874 TO 2023
WEATHER OBSERVED NORMAL DEPART LAST YEAR`S
VALUE DATE(S) VALUE FROM VALUE DATE(S)
NORMAL
................................................................
TEMPERATURE (F)
RECORD
HIGH 91 03/16/2015
LOW -25 03/04/2019
HIGHEST 74 03/15 77 -3 76 03/02
LOWEST 12 03/18 4 8 -2 03/11
03/28
AVG. MAXIMUM 47.7 55.2 -7.5 53.2
AVG. MINIMUM 21.5 23.9 -2.4 21.0
MEAN 34.6 39.6 -5.0 37.1
DAYS MAX >= 90 0 0.1 -0.1 0
DAYS MAX <= 32 2 2.3 -0.3 5
DAYS MIN <= 32 30 25.8 4.2 28
DAYS MIN <= 0 0 0.7 -0.7 1
PRECIPITATION (INCHES)
RECORD
MAXIMUM 4.37 1949
MINIMUM 0.01 2015
TOTALS 0.41 1.00 -0.59 0.85
DAILY AVG. 0.01 0.03 -0.02 0.03
DAYS >= .01 7 6.5 0.5 5
DAYS >= .10 2 2.6 -0.6 2
DAYS >= .50 0 0.6 -0.6 1
DAYS >= 1.00 0 0.0 0.0 0
GREATEST
24 HR. TOTAL 0.18 03/15 TO 03/16 0.51 03/05 TO 03/05
SNOWFALL (INCHES)
RECORDS
TOTAL 27.8 1912
TOTALS 2.1 4.2 -2.1 9.9
SINCE 7/1 33.5 26.0 7.5 MM
SNOWDEPTH AVG. T 1
DAYS >= 1.0 1 1.3 -0.3 3
GREATEST
SNOW DEPTH MM 6 03/06
03/10
24 HR TOTAL MM
DEGREE DAYS
HEATING TOTAL 936 789 147 858
SINCE 7/1 5877 5588 289 MM
COOLING TOTAL 0 0 0 0
SINCE 1/1 0 0 0 MM
................................................................
WIND (MPH)
AVERAGE WIND SPEED 9.6
HIGHEST WIND SPEED/DIRECTION 40/310 DATE 03/31
HIGHEST GUST SPEED/DIRECTION 55/310 DATE 03/31
SKY COVER
POSSIBLE SUNSHINE (PERCENT) MM
AVERAGE SKY COVER 0.39
NUMBER OF DAYS FAIR 16
NUMBER OF DAYS PC 8
NUMBER OF DAYS CLOUDY 7
AVERAGE RH (PERCENT) 63
WEATHER CONDITIONS. NUMBER OF DAYS WITH
THUNDERSTORM 0 MIXED PRECIP 0
HEAVY RAIN 0 RAIN 1
LIGHT RAIN 5 FREEZING RAIN 1
LT FREEZING RAIN 3 HAIL 0
HEAVY SNOW 1 SNOW 1
LIGHT SNOW 6 SLEET 0
FOG 14 FOG W/VIS <= 1/4 MILE 2
HAZE 6
- INDICATES NEGATIVE NUMBERS.
R INDICATES RECORD WAS SET OR TIED.
MM INDICATES DATA IS MISSING.
T INDICATES TRACE AMOUNT.
$$