000
CXUS52 KILM 011000
CF6LBT
PRELIMINARY LOCAL CLIMATOLOGICAL DATA (WS FORM: F-6)
STATION: LUMBERTON NORTH CAROLINA
MONTH: JUNE
YEAR: 2021
LATITUDE: 34 35 N
LONGITUDE: 79 4 W
TEMPERATURE IN F: :PCPN: SNOW: WIND :SUNSHINE: SKY :PK WND
================================================================================
1 2 3 4 5 6A 6B 7 8 9 10 11 12 13 14 15 16 17 18
12Z AVG MX 2MIN
DY MAX MIN AVG DEP HDD CDD WTR SNW DPTH SPD SPD DIR MIN PSBL S-S WX SPD DR
================================================================================
1 86 55 71 -5 0 6 0.00 M M M M M M M M M M
2 82 64 73 -3 0 8 0.59 M M M M M M M M M M
3 83 71 77 1 0 12 1.26 M M M M M M M M M M
4 87 69 78 2 0 13 0.00 M M M M M M M M M M
5 90 68 79 3 0 14 0.00 M M M M M M M M M M
6 86 71 79 2 0 14 0.20 M M M M M M M M M M
7 88 72 80 3 0 15 0.04 M M M M M M M M M M
8 84 71 78 1 0 13 0.70 M M M M M M M M M M
9 91 73 82 4 0 17 0.00 M M M M M M M M M M
10 88 71 80 2 0 15 0.98 M M M M M M M M M M
11 90 73 82 4 0 17 0.05 M M M M M M M M M M
12 85 72 79 1 0 14 0.01 M M M M M M M M M M
13 86 69 78 0 0 13 0.00 M M M M M M M M M M
14 92 67 80 1 0 15 0.00 M M M M M M M M M M
15 91 66 79 0 0 14 0.00 M M M M M M M M M M
16 88 64 76 -3 0 11 0.00 M M M M M M M M M M
17 87 62 75 -4 0 10 0.00 M M M M M M M M M M
18 91 58 75 -5 0 10 0.00 M M M M M M M M M M
19 93 72 83 3 0 18 0.00 M M M M M M M M M M
20 87 71 79 -1 0 14 0.68 M M M M M M M M M M
21 92 72 82 2 0 17 0.04 M M M M M M M M M M
22 79 67 73 -7 0 8 0.74 M M M M M M M M M M
23 83 66 75 -5 0 10 0.00 M M M M M M M M M M
24 81 61 71 -9 0 6 0.00 M M M M M M M M M M
25 83 65 74 -7 0 9 0.10 M M M M M M M M M M
26 87 69 78 -3 0 13 0.00 M M M M M M M M M M
27 91 71 81 0 0 16 0.00 M M M M M M M M M M
28 85 69 77 -4 0 12 0.00 M M M M M M M M M M
29 88 72 80 -1 0 15 0.00 M M M M M M M M M M
30 91 71 81 0 0 16 0.00 M M M M M M M M M M
================================================================================
SM 2615 2042 0 385 5.39 M M M M
================================================================================
AV 87.2 68.1 M FASTST M M M MAX(MPH)
MISC ----> M M M M
================================================================================
NOTES:
# LAST OF SEVERAL OCCURRENCES
COLUMN 17 PEAK WIND IN M.P.H.
PRELIMINARY LOCAL CLIMATOLOGICAL DATA (WS FORM: F-6) , PAGE 2
STATION: LUMBERTON NORTH CAROLINA
MONTH: JUNE
YEAR: 2021
LATITUDE: 34 35 N
LONGITUDE: 79 4 W
[TEMPERATURE DATA] [PRECIPITATION DATA] SYMBOLS USED IN COLUMN 16
AVERAGE MONTHLY: 77.6 TOTAL FOR MONTH: 5.39 1 = FOG OR MIST
DPTR FM NORMAL: -1.2 DPTR FM NORMAL: 0.47 2 = FOG REDUCING VISIBILITY
HIGHEST: 93 ON 19 GRTST 24HR 1.26 ON 3- 3 TO 1/4 MILE OR LESS
LOWEST: 55 ON 1 3 = THUNDER
SNOW, ICE PELLETS, HAIL 4 = ICE PELLETS
TOTAL MONTH: M 5 = HAIL
GRTST 24HR M ON M 6 = FREEZING RAIN OR DRIZZLE
GRTST DEPTH: M ON M 7 = DUSTSTORM OR SANDSTORM:
VSBY 1/2 MILE OR LESS
8 = SMOKE OR HAZE
[NO. OF DAYS WITH] [WEATHER - DAYS WITH] 9 = BLOWING SNOW
X = TORNADO
MAX 32 OR BELOW: 0 0.01 INCH OR MORE: 12
MAX 90 OR ABOVE: 10 0.10 INCH OR MORE: 8
MIN 32 OR BELOW: 0 0.50 INCH OR MORE: 6
MIN 0 OR BELOW: 0 1.00 INCH OR MORE: 1
[HDD (BASE 65) ]
TOTAL THIS MO. 0 CLEAR (SCALE 0-3) 0
DPTR FM NORMAL 0 PTCLDY (SCALE 4-7) 0
TOTAL FM JUL 1 2350 CLOUDY (SCALE 8-10) 30
DPTR FM NORMAL -259
[CDD (BASE 65) ]
TOTAL THIS MO. 385
DPTR FM NORMAL -28 [PRESSURE DATA]
TOTAL FM JAN 1 695 HIGHEST SLP M ON M
DPTR FM NORMAL -17 LOWEST SLP M ON M
[REMARKS]
#FINAL-06-21#