000
CXUS54 KLCH 010930
CF6LCH
PRELIMINARY LOCAL CLIMATOLOGICAL DATA (WS FORM: F-6)
STATION: LAKE CHARLES
MONTH: DECEMBER
YEAR: 2023
LATITUDE: 30 7 N
LONGITUDE: 93 13 W
TEMPERATURE IN F: :PCPN: SNOW: WIND :SUNSHINE: SKY :PK WND
================================================================================
1 2 3 4 5 6A 6B 7 8 9 10 11 12 13 14 15 16 17 18
12Z AVG MX 2MIN
DY MAX MIN AVG DEP HDD CDD WTR SNW DPTH SPD SPD DIR MIN PSBL S-S WX SPD DR
================================================================================
1 76 67 72 14 0 7 0.28 0.0 M 4.7 16 160 M M 9 1238 21 170
2 70 62 66 8 0 1 0.00 0.0 M 5.0 13 10 M M 9 13 18 10
3 71 50 61 4 4 0 0.00 0.0 M 4.3 9 250 M M 0 12 13 230
4 72 50 61 4 4 0 0.00 0.0 M 7.5 15 10 M M 0 19 20
5 68 43 56 -1 9 0 0.00 0.0 M 3.1 8 50 M M 0 9 80
6 64 42 53 -4 12 0 0.00 0.0 M 7.2 20 60 M M 0 25 50
7 65 41 53 -4 12 0 0.00 0.0 M 6.6 13 170 M M 0 18 150
8 72 56 64 8 1 0 0.01 0.0 M 10.1 17 170 M M 5 1 26 180
9 79 59 69 13 0 4 0.34 0.0 M 12.0 28 340 M M 6 13 38 340
10 60 35 48 -8 17 0 0.05 M M 12.9 24 360 M M 3 34 340
11 62 32 47 -9 18 0 0.00 0.0 M 3.9 10 80 M M 0 8 13 90
12 65 37 51 -5 14 0 0.00 0.0 M 6.5 14 60 M M 0 18 70
13 64 39 52 -4 13 0 0.00 0.0 M 10.2 18 60 M M 0 23 60
14 71 51 61 5 4 0 0.00 0.0 M 12.3 18 90 M M 0 26 60
15 72 49 61 6 4 0 0.01 M M 10.3 18 120 M M 5 24 110
16 63 46 55 0 10 0 0.42 M M 10.1 17 360 M M 8 1 24 10
17 64 41 53 -2 12 0 0.00 0.0 M 7.0 16 20 M M 0 21 360
18 71 38 55 0 10 0 0.00 0.0 M 6.0 14 30 M M 0 18 30
19 60 41 51 -4 14 0 0.00 0.0 M 6.5 15 90 M M 0 18 80
20 68 42 55 0 10 0 0.00 0.0 M 7.9 15 100 M M 0 21 110
21 70 49 60 6 5 0 0.00 0.0 M 7.4 13 120 M M 1 1 19 110
22 73 57 65 11 0 0 0.00 0.0 M 7.1 14 120 M M 6 1 18 120
23 74 60 67 13 0 2 0.13 0.0 M 12.7 22 130 M M 9 18 28 120
24 65 53 59 5 6 0 1.11 0.0 M 11.4 23 130 M M 9 12 29 130
25 60 47 54 0 11 0 0.00 0.0 M 8.4 17 330 M M 5 12 23 340
26 57 41 49 -5 16 0 0.00 0.0 M 4.3 12 90 M M 3 17 20
27 67 42 55 1 10 0 0.00 0.0 M 6.1 16 350 M M 1 1 22 360
28 56 35 46 -8 19 0 0.00 0.0 M 7.9 21 340 M M 0 29 320
29 55 32 44 -10 21 0 0.00 0.0 M 7.4 16 280 M M 0 23 230
30 63 34 49 -4 16 0 0.00 0.0 M 4.7 13 240 M M 0 1 18 210
31 70 34 52 -1 13 0 0.00 0.0 0 5.0 14 190 M M 2 12 20 210
================================================================================
SM 2067 1405 285 14 2.35 0.0 236.5 M 81
================================================================================
AV 66.7 45.3 7.6 FASTST M M 3 MAX(MPH)
MISC ----> 28 340 38 340
================================================================================
NOTES:
# LAST OF SEVERAL OCCURRENCES
COLUMN 17 PEAK WIND IN M.P.H.
PRELIMINARY LOCAL CLIMATOLOGICAL DATA (WS FORM: F-6) , PAGE 2
STATION: LAKE CHARLES
MONTH: DECEMBER
YEAR: 2023
LATITUDE: 30 7 N
LONGITUDE: 93 13 W
[TEMPERATURE DATA] [PRECIPITATION DATA] SYMBOLS USED IN COLUMN 16
AVERAGE MONTHLY: 56.0 TOTAL FOR MONTH: 2.35 1 = FOG OR MIST
DPTR FM NORMAL: 0.7 DPTR FM NORMAL: -2.21 2 = FOG REDUCING VISIBILITY
HIGHEST: 79 ON 9 GRTST 24HR 4.54 ON 30- 1 TO 1/4 MILE OR LESS
LOWEST: 32 ON 29,11 3 = THUNDER
SNOW, ICE PELLETS, HAIL 4 = ICE PELLETS
TOTAL MONTH: 0.0 INCH 5 = HAIL
GRTST 24HR 0.0 6 = FREEZING RAIN OR DRIZZLE
GRTST DEPTH: 0 7 = DUSTSTORM OR SANDSTORM:
VSBY 1/2 MILE OR LESS
8 = SMOKE OR HAZE
[NO. OF DAYS WITH] [WEATHER - DAYS WITH] 9 = BLOWING SNOW
X = TORNADO
MAX 32 OR BELOW: 0 0.01 INCH OR MORE: 8
MAX 90 OR ABOVE: 0 0.10 INCH OR MORE: 5
MIN 32 OR BELOW: 2 0.50 INCH OR MORE: 1
MIN 0 OR BELOW: 0 1.00 INCH OR MORE: 1
[HDD (BASE 65) ]
TOTAL THIS MO. 285 CLEAR (SCALE 0-3) 21
DPTR FM NORMAL -40 PTCLDY (SCALE 4-7) 6
TOTAL FM JUL 1 477 CLOUDY (SCALE 8-10) 4
DPTR FM NORMAL -42
[CDD (BASE 65) ]
TOTAL THIS MO. 14
DPTR FM NORMAL -10 [PRESSURE DATA]
TOTAL FM JAN 1 3411 HIGHEST SLP 30.52 ON 13
DPTR FM NORMAL 347 LOWEST SLP 29.79 ON 24
[REMARKS]
#FINAL-12-23#