000
CXUS54 KLCH 010830
CF6LCH
PRELIMINARY LOCAL CLIMATOLOGICAL DATA (WS FORM: F-6)
STATION: LAKE CHARLES
MONTH: SEPTEMBER
YEAR: 2023
LATITUDE: 30 7 N
LONGITUDE: 93 13 W
TEMPERATURE IN F: :PCPN: SNOW: WIND :SUNSHINE: SKY :PK WND
================================================================================
1 2 3 4 5 6A 6B 7 8 9 10 11 12 13 14 15 16 17 18
12Z AVG MX 2MIN
DY MAX MIN AVG DEP HDD CDD WTR SNW DPTH SPD SPD DIR MIN PSBL S-S WX SPD DR
================================================================================
1 99 70 85 2 0 20 0.00 0.0 M 4.7 14 20 M M 0 18 200
2 96 76 86 3 0 21 0.34 0.0 M 5.1 24 130 M M 2 138 31 120
3 97 76 87 5 0 22 0.00 0.0 M 4.7 15 190 M M 1 21 210
4 95 77 86 4 0 21 0.04 0.0 M 6.1 14 230 M M 2 13 24 160
5 95 77 86 4 0 21 0.00 0.0 M 6.9 15 190 M M 1 3 22 200
6 97 76 87 5 0 22 0.00 0.0 M 3.9 15 210 M M 1 3 22 220
7 99 78 89 7 0 24 0.00 0.0 M 6.5 17 120 M M 1 1 24 200
8 97 73 85 3 0 20 0.20 0.0 M 5.7 44 30 M M 1 13 57 30
9 94 73 84 2 0 19 0.00 0.0 M 6.5 16 50 M M 1 24 60
10 93 69 81 0 0 16 0.00 0.0 M 8.9 17 40 M M 0 24 50
11 96 64 80 -1 0 15 0.00 0.0 M 4.2 12 30 M M 0 16 30
12 97 68 83 2 0 18 0.00 0.0 M 2.7 10 30 M M 0 14 10
13 94 73 84 3 0 19 0.04 0.0 M 4.1 18 250 M M 2 13 24 250
14 85 73 79 -2 0 14 0.02 0.0 M 5.3 10 340 M M 3 18 13 360
15 92 72 82 2 0 17 0.26 0.0 M 4.2 24 340 M M 3 13 33 340
16 93 71 82 2 0 17 0.00 0.0 M 4.5 10 230 M M 1 1 15 360
17 95 71 83 3 0 18 0.00 0.0 M 7.0 15 360 M M 1 20 20
18 95 66 81 1 0 16 0.00 0.0 M 6.3 15 70 M M 0 24 20
19 94 65 80 0 0 15 0.00 0.0 M 6.3 16 170 M M 1 23 210
20 93 68 81 2 0 16 0.00 0.0 M 6.9 17 130 M M 1 24 110
21 97 72 85 6 0 20 0.00 0.0 M 5.1 12 100 M M 1 1 17 110
22 92 72 82 3 0 17 0.00 0.0 M 6.7 18 180 M M 1 13 26 170
23 94 71 83 5 0 18 0.00 0.0 M 6.2 15 190 M M 1 12 22 180
24 94 74 84 6 0 19 0.00 0.0 M 5.8 16 210 M M 0 3 24 210
25 91 72 82 4 0 17 0.22 0.0 M 4.6 20 360 M M 4 13 24 10
26 92 71 82 4 0 17 1.70 0.0 M 4.2 40 360 M M 3 123 64 340
27 94 71 83 5 0 18 0.00 0.0 M 3.3 14 130 M M 0 1 17 120
28 93 73 83 6 0 18 0.00 0.0 M 6.1 16 80 M M 0 23 50
29 92 72 82 5 0 17 0.00 0.0 0 7.4 16 100 M M 0 1 21 90
30 94 69 82 5 0 17 0.00 0.0 0 7.7 17 90 M M 0 29 90
================================================================================
SM 2829 2153 0 549 2.82 0.0 167.6 M 32
================================================================================
AV 94.3 71.8 5.6 FASTST M M 1 MAX(MPH)
MISC ----> 44 30 64 340
================================================================================
NOTES:
# LAST OF SEVERAL OCCURRENCES
COLUMN 17 PEAK WIND IN M.P.H.
PRELIMINARY LOCAL CLIMATOLOGICAL DATA (WS FORM: F-6) , PAGE 2
STATION: LAKE CHARLES
MONTH: SEPTEMBER
YEAR: 2023
LATITUDE: 30 7 N
LONGITUDE: 93 13 W
[TEMPERATURE DATA] [PRECIPITATION DATA] SYMBOLS USED IN COLUMN 16
AVERAGE MONTHLY: 83.0 TOTAL FOR MONTH: 2.82 1 = FOG OR MIST
DPTR FM NORMAL: 2.9 DPTR FM NORMAL: -2.36 2 = FOG REDUCING VISIBILITY
HIGHEST: 99 ON 7, 1 GRTST 24HR 1.70 ON 26-26 TO 1/4 MILE OR LESS
LOWEST: 64 ON 11 3 = THUNDER
SNOW, ICE PELLETS, HAIL 4 = ICE PELLETS
TOTAL MONTH: 0.0 INCH 5 = HAIL
GRTST 24HR 0.0 6 = FREEZING RAIN OR DRIZZLE
GRTST DEPTH: 0 7 = DUSTSTORM OR SANDSTORM:
VSBY 1/2 MILE OR LESS
8 = SMOKE OR HAZE
[NO. OF DAYS WITH] [WEATHER - DAYS WITH] 9 = BLOWING SNOW
X = TORNADO
MAX 32 OR BELOW: 0 0.01 INCH OR MORE: 8
MAX 90 OR ABOVE: 29 0.10 INCH OR MORE: 5
MIN 32 OR BELOW: 0 0.50 INCH OR MORE: 1
MIN 0 OR BELOW: 0 1.00 INCH OR MORE: 1
[HDD (BASE 65) ]
TOTAL THIS MO. 0 CLEAR (SCALE 0-3) 29
DPTR FM NORMAL 0 PTCLDY (SCALE 4-7) 1
TOTAL FM JUL 1 0 CLOUDY (SCALE 8-10) 0
DPTR FM NORMAL 0
[CDD (BASE 65) ]
TOTAL THIS MO. 549
DPTR FM NORMAL 97 [PRESSURE DATA]
TOTAL FM JAN 1 3118 HIGHEST SLP 30.09 ON 30
DPTR FM NORMAL 358 LOWEST SLP 29.86 ON 7
[REMARKS]
#FINAL-09-23#