523
CXUS53 KLMK 011317
CF6LEX
PRELIMINARY LOCAL CLIMATOLOGICAL DATA (WS FORM: F-6)
STATION: LEXINGTON KY
MONTH: AUGUST
YEAR: 2020
LATITUDE: 38 1 N
LONGITUDE: 84 36 W
TEMPERATURE IN F: :PCPN: SNOW: WIND :SUNSHINE: SKY :PK WND
================================================================================
1 2 3 4 5 6A 6B 7 8 9 10 11 12 13 14 15 16 17 18
12Z AVG MX 2MIN
DY MAX MIN AVG DEP HDD CDD WTR SNW DPTH SPD SPD DIR MIN PSBL S-S WX SPD DR
================================================================================
1 84 69 77 1 0 12 0.23 0.0 0 11.0 30 200 M M 7 18 41 200
2 78 65 72 -4 0 7 T 0.0 0 10.6 21 240 M M 7 1 30 210
3 84 62 73 -3 0 8 0.08 0.0 0 4.5 12 190 M M 1 138 18 190
4 78 61 70 -6 0 5 0.00 0.0 0 4.0 13 260 M M 6 128 20 260
5 80 57 69 -7 0 4 0.00 0.0 0 5.0 12 350 M M 4 15 70
6 83 60 72 -4 0 7 0.00 0.0 0 7.1 15 360 M M 2 20 360
7 84 61 73 -3 0 8 0.00 0.0 0 5.4 13 20 M M 3 17 350
8 85 59 72 -4 0 7 0.00 0.0 0 2.7 9 270 M M 2 1 13 360
9 89 60 75 -1 0 10 0.00 0.0 0 3.4 9 260 M M 0 1 13 260
10 80 68 74 -2 0 9 0.64 0.0 0 6.0 24 330 M M 5 13 39 330
11 86 67 77 1 0 12 0.01 0.0 0 3.9 12 150 M M 2 15 150
12 87 67 77 1 0 12 0.00 0.0 0 2.4 12 340 M M 2 1 15 340
13 89 68 79 3 0 14 0.00 0.0 0 4.9 13 20 M M 1 1 16 20
14 82 70 76 0 0 11 0.05 0.0 0 5.0 14 50 M M 3 1 17 60
15 86 69 78 2 0 13 0.00 0.0 0 6.2 15 40 M M 7 1 21 50
16 87 63 75 -1 0 10 0.15 0.0 0 4.6 20 350 M M 1 13 25 330
17 84 60 72 -4 0 7 0.00 0.0 0 3.5 12 260 M M 0 17 270
18 85 63 74 -2 0 9 0.39 0.0 0 6.9 20 330 M M 6 13 33 330
19 79 61 70 -5 0 5 0.00 0.0 0 9.3 17 50 M M 3 1 23 60
20 82 57 70 -5 0 5 0.00 0.0 0 7.5 14 10 M M 0 20 10
21 79 64 72 -3 0 7 0.01 0.0 0 2.9 12 210 M M 4 13 15 220
22 83 67 75 0 0 10 0.07 0.0 0 4.3 17 30 M M 5 13 22 360
23 81 64 73 -2 0 8 0.28 0.0 0 4.5 12 240 M M 3 1 16 250
24 87 66 77 2 0 12 0.00 0.0 0 4.8 12 260 M M 0 1 17 280
25 89 65 77 2 0 12 0.00 0.0 0 3.7 10 280 M M 1 1 14 280
26 89 68 79 5 0 14 0.00 0.0 0 5.5 13 250 M M 1 1 19 240
27 86 72 79 5 0 14 0.00 0.0 0 6.9 14 260 M M 1 19 240
28 88 71 80 6 0 15 0.74 0.0 0 9.6 23 180 M M 3 1 31 190
29 83 70 77 3 0 12 0.13 0.0 0 7.2 15 260 M M 7 1 21 270
30 80 61 71 -3 0 6 T 0.0 0 6.9 13 60 M M 3 1 20 20
31 80 64 72 -1 0 7 0.79 0.0 0 4.8 11 250 M M 7 13 16 260
================================================================================
SM 2597 1999 0 292 3.57 0.0 175.0 M 97
================================================================================
AV 83.8 64.5 5.6 FASTST M M 3 MAX(MPH)
MISC ----> # 30 200 # 41 200
================================================================================
NOTES:
# LAST OF SEVERAL OCCURRENCES
COLUMN 17 PEAK WIND IN M.P.H.
PRELIMINARY LOCAL CLIMATOLOGICAL DATA (WS FORM: F-6) , PAGE 2
STATION: LEXINGTON KY
MONTH: AUGUST
YEAR: 2020
LATITUDE: 38 1 N
LONGITUDE: 84 36 W
[TEMPERATURE DATA] [PRECIPITATION DATA] SYMBOLS USED IN COLUMN 16
AVERAGE MONTHLY: 74.1 TOTAL FOR MONTH: 3.57 1 = FOG OR MIST
DPTR FM NORMAL: -1.2 DPTR FM NORMAL: 0.32 2 = FOG REDUCING VISIBILITY
HIGHEST: 89 ON 26,25 GRTST 24HR 0.79 ON 31-31 TO 1/4 MILE OR LESS
LOWEST: 57 ON 20, 5 3 = THUNDER
SNOW, ICE PELLETS, HAIL 4 = ICE PELLETS
TOTAL MONTH: 0.0 INCH 5 = HAIL
GRTST 24HR 0.0 6 = FREEZING RAIN OR DRIZZLE
GRTST DEPTH: 0 7 = DUSTSTORM OR SANDSTORM:
VSBY 1/2 MILE OR LESS
8 = SMOKE OR HAZE
[NO. OF DAYS WITH] [WEATHER - DAYS WITH] 9 = BLOWING SNOW
X = TORNADO
MAX 32 OR BELOW: 0 0.01 INCH OR MORE: 13
MAX 90 OR ABOVE: 0 0.10 INCH OR MORE: 8
MIN 32 OR BELOW: 0 0.50 INCH OR MORE: 3
MIN 0 OR BELOW: 0 1.00 INCH OR MORE: 0
[HDD (BASE 65) ]
TOTAL THIS MO. 0 CLEAR (SCALE 0-3) 19
DPTR FM NORMAL -2 PTCLDY (SCALE 4-7) 12
TOTAL FM JUL 1 0 CLOUDY (SCALE 8-10) 0
DPTR FM NORMAL -2
[CDD (BASE 65) ]
TOTAL THIS MO. 292
DPTR FM NORMAL -29 [PRESSURE DATA]
TOTAL FM JAN 1 1028 HIGHEST SLP 30.19 ON 8
DPTR FM NORMAL 11 LOWEST SLP 29.66 ON 29
[REMARKS]
#FINAL-08-20#