000
CXUS54 KLCH 010930
CF6LFT
PRELIMINARY LOCAL CLIMATOLOGICAL DATA (WS FORM: F-6)
STATION: LAFAYETTE
MONTH: DECEMBER
YEAR: 2021
LATITUDE: 30 12 N
LONGITUDE: 92 0 W
TEMPERATURE IN F: :PCPN: SNOW: WIND :SUNSHINE: SKY :PK WND
================================================================================
1 2 3 4 5 6A 6B 7 8 9 10 11 12 13 14 15 16 17 18
12Z AVG MX 2MIN
DY MAX MIN AVG DEP HDD CDD WTR SNW DPTH SPD SPD DIR MIN PSBL S-S WX SPD DR
================================================================================
1 77 46 62 5 3 0 0.00 0.0 M 2.7 13 220 M M 2 12 18 230
2 77 50 64 7 1 0 0.00 0.0 M 2.2 9 280 M M 5 128 18 270
3 77 50 64 7 1 0 0.00 0.0 M 2.8 9 210 M M 4 12 14 190
4 82 56 69 12 0 4 0.00 0.0 M 1.9 8 330 M M 5 12 17 330
5 77 53 65 9 0 0 0.00 0.0 M 2.8 14 190 M M 5 12 19 210
6 79 54 67 11 0 2 0.61 0.0 M 10.2 24 10 M M 8 13 32 10
7 54 51 53 -3 12 0 T 0.0 M 7.2 14 30 M M 10 1 18 30
8 65 52 59 3 6 0 T 0.0 M 5.1 14 30 M M 8 1 19 40
9 81 54 68 12 0 3 0.08 0.0 M 7.4 21 210 M M 9 1 29 200
10 81 74 78 22 0 13 0.00 0.0 M 12.7 24 190 M M 10 38 180
11 77 50 64 8 1 0 0.08 M M 11.7 23 360 M M 9 18 35 10
12 63 42 53 -2 12 0 0.00 0.0 M 6.7 16 10 M M 0 23 10
13 71 47 59 4 6 0 0.00 0.0 M 1.6 8 60 M M 7 18 11 60
14 78 59 69 14 0 4 0.00 0.0 M 1.7 8 160 M M 6 12 12 160
15 79 67 73 18 0 8 0.00 0.0 M 6.2 15 190 M M 7 1 22 180
16 82 68 75 20 0 10 0.00 0.0 M 5.8 16 190 M M 6 1 23 190
17 79 67 73 18 0 8 0.00 0.0 M 3.0 8 220 M M 6 12 14 100
18 80 62 71 17 0 6 1.40 0.0 M 6.1 37 360 M M 9 123 53 350
19 62 44 53 -1 12 0 0.01 M M 14.3 25 360 M M 6 1 33 10
20 46 43 45 -9 20 0 0.20 M M 8.4 13 20 M M 8 1 17 20
21 57 40 49 -5 16 0 0.00 0.0 M 6.1 14 10 M M 3 1 21 340
22 67 35 51 -3 14 0 0.00 0.0 M 1.0 8 30 M M 0 12 11 300
23 69 37 53 -1 12 0 0.00 0.0 M 4.4 16 210 M M 0 1 22 220
24 79 55 67 13 0 2 0.00 0.0 M 8.0 23 220 M M 3 1 32 220
25 80 64 72 18 0 7 0.00 0.0 M 9.6 21 220 M M 7 30 220
26 81 68 75 21 0 10 0.00 0.0 M 7.1 17 230 M M 9 23 200
27 79 65 72 19 0 7 0.03 0.0 M 6.0 20 210 M M 5 18 26 200
28 80 66 73 20 0 8 0.85 0.0 M 9.4 23 180 M M 9 18 38 200
29 82 72 77 24 0 12 0.03 0.0 M 10.1 21 200 M M 9 18 29 220
30 81 71 76 23 0 11 0.00 0.0 M 5.5 12 190 M M 8 128 18 230
31 82 73 78 25 0 13 0.00 0.0 M 10.8 21 190 M M 9 18 31 210
================================================================================
SM 2304 1735 116 128 3.29 0.0 198.5 M 192
================================================================================
AV 74.3 56.0 6.4 FASTST M M 6 MAX(MPH)
MISC ----> 37 360 53 350
================================================================================
NOTES:
# LAST OF SEVERAL OCCURRENCES
COLUMN 17 PEAK WIND IN M.P.H.
PRELIMINARY LOCAL CLIMATOLOGICAL DATA (WS FORM: F-6) , PAGE 2
STATION: LAFAYETTE
MONTH: DECEMBER
YEAR: 2021
LATITUDE: 30 12 N
LONGITUDE: 92 0 W
[TEMPERATURE DATA] [PRECIPITATION DATA] SYMBOLS USED IN COLUMN 16
AVERAGE MONTHLY: 65.1 TOTAL FOR MONTH: 3.29 1 = FOG OR MIST
DPTR FM NORMAL: 10.2 DPTR FM NORMAL: -1.67 2 = FOG REDUCING VISIBILITY
HIGHEST: 82 ON 31,29 GRTST 24HR 1.41 ON 18-19 TO 1/4 MILE OR LESS
LOWEST: 35 ON 22 3 = THUNDER
SNOW, ICE PELLETS, HAIL 4 = ICE PELLETS
TOTAL MONTH: 0.0 INCH 5 = HAIL
GRTST 24HR 0.0 6 = FREEZING RAIN OR DRIZZLE
GRTST DEPTH: M ON M 7 = DUSTSTORM OR SANDSTORM:
VSBY 1/2 MILE OR LESS
8 = SMOKE OR HAZE
[NO. OF DAYS WITH] [WEATHER - DAYS WITH] 9 = BLOWING SNOW
X = TORNADO
MAX 32 OR BELOW: 0 0.01 INCH OR MORE: 9
MAX 90 OR ABOVE: 0 0.10 INCH OR MORE: 4
MIN 32 OR BELOW: 0 0.50 INCH OR MORE: 3
MIN 0 OR BELOW: 0 1.00 INCH OR MORE: 1
[HDD (BASE 65) ]
TOTAL THIS MO. 116 CLEAR (SCALE 0-3) 4
DPTR FM NORMAL -224 PTCLDY (SCALE 4-7) 17
TOTAL FM JUL 1 294 CLOUDY (SCALE 8-10) 10
DPTR FM NORMAL -260
[CDD (BASE 65) ]
TOTAL THIS MO. 128
DPTR FM NORMAL 103 [PRESSURE DATA]
TOTAL FM JAN 1 3089 HIGHEST SLP 30.34 ON 14
DPTR FM NORMAL 85 LOWEST SLP 29.74 ON 28
[REMARKS]
#FINAL-12-21#