000
CXUS56 KLOX 011255
CF6LGB
PRELIMINARY LOCAL CLIMATOLOGICAL DATA (WS FORM: F-6)
STATION: LONG BEACH AIRPORT CA
MONTH: FEBRUARY
YEAR: 2023
LATITUDE: 33 49 N
LONGITUDE: 118 9 W
TEMPERATURE IN F: :PCPN: SNOW: WIND :SUNSHINE: SKY :PK WND
================================================================================
1 2 3 4 5 6A 6B 7 8 9 10 11 12 13 14 15 16 17 18
12Z AVG MX 2MIN
DY MAX MIN AVG DEP HDD CDD WTR SNW DPTH SPD SPD DIR MIN PSBL S-S WX SPD DR
================================================================================
1 70 40 55 -2 10 0 0.00 M M 3.5 10 310 M M 0 13 200
2 70 42 56 -1 9 0 0.00 M M 1.9 8 300 M M 0 11 210
3 73 51 62 5 3 0 0.00 M M 2.9 15 290 M M 0 19 290
4 69 46 58 1 7 0 0.00 M M 3.0 14 290 M M 0 17 290
5 67 52 60 3 5 0 0.04 M M 7.1 23 280 M M 4 18 29 290
6 72 48 60 3 5 0 0.00 M M 4.3 13 260 M M 0 17 280
7 74 46 60 3 5 0 0.00 M M 4.0 13 220 M M 0 16 220
8 74 47 61 4 4 0 0.00 M M 3.1 14 290 M M 0 16 300
9 84 47 66 9 0 1 0.00 M M 2.6 9 140 M M 0 14 90
10 79 50 65 8 0 0 0.00 M M 5.5 15 290 M M 0 20 210
11 64 51 58 1 7 0 0.00 M M 5.0 17 270 M M 3 22 290
12 61 45 53 -4 12 0 0.00 M M 3.6 14 310 M M 2 18 200
13 62 48 55 -2 10 0 0.00 M M 5.1 13 150 M M 5 17 190
14 61 50 56 -1 9 0 0.00 M M 10.5 23 320 M M 8 28 340
15 64 44 54 -4 11 0 0.00 M M 6.9 20 330 M M 0 24 330
16 68 40 54 -4 11 0 0.00 M M 3.8 17 290 M M 0 M M
17 70 46 58 0 7 0 0.00 M M 3.3 12 200 M M 0 21 240
18 67 46 57 -1 8 0 0.00 M M 3.2 12 300 M M 0 14 200
19 66 43 55 -3 10 0 0.00 M M 3.3 13 190 M M 0 17 180
20 75 48 62 4 3 0 0.00 M M 3.8 15 300 M M 0 8 17 300
21 64 50 57 -1 8 0 T M M 8.8 35 280 M M 5 8 43 280
22 58 50 54 -4 11 0 T M M 18.4 35 290 M M 2 44 290
23 56 45 51 -7 14 0 0.28 M M 6.3 22 250 M M 8 38 32 290
24 58 47 53 -5 12 0 0.77 M M 14.7 28 140 M M 10 18 39 130
25 57 45 51 -7 14 0 1.56 M M 8.8 26 140 M M 9 13 36 130
26 58 41 50 -8 15 0 T M M 3.5 13 210 M M 7 18 18 140
27 57 48 53 -5 12 0 0.10 M M 5.0 14 170 M M 9 18 19 170
28 62 48 55 -3 10 0 0.15 M M 6.8 16 200 M M 6 18 21 180
================================================================================
SM 1860 1304 232 1 2.90 M 158.7 M 78
================================================================================
AV 66.4 46.6 5.7 FASTST M M 3 MAX(MPH)
MISC ----> # 35 280 44 290
================================================================================
NOTES:
# LAST OF SEVERAL OCCURRENCES
COLUMN 17 PEAK WIND IN M.P.H.
PRELIMINARY LOCAL CLIMATOLOGICAL DATA (WS FORM: F-6) , PAGE 2
STATION: LONG BEACH AIRPORT CA
MONTH: FEBRUARY
YEAR: 2023
LATITUDE: 33 49 N
LONGITUDE: 118 9 W
[TEMPERATURE DATA] [PRECIPITATION DATA] SYMBOLS USED IN COLUMN 16
AVERAGE MONTHLY: 56.5 TOTAL FOR MONTH: 2.90 1 = FOG OR MIST
DPTR FM NORMAL: -1.1 DPTR FM NORMAL: -0.12 2 = FOG REDUCING VISIBILITY
HIGHEST: 84 ON 9 GRTST 24HR 1.91 ON 24-25 TO 1/4 MILE OR LESS
LOWEST: 40 ON 16, 1 3 = THUNDER
SNOW, ICE PELLETS, HAIL 4 = ICE PELLETS
TOTAL MONTH: M 5 = HAIL
GRTST 24HR M ON M 6 = FREEZING RAIN OR DRIZZLE
GRTST DEPTH: M ON M 7 = DUSTSTORM OR SANDSTORM:
VSBY 1/2 MILE OR LESS
8 = SMOKE OR HAZE
[NO. OF DAYS WITH] [WEATHER - DAYS WITH] 9 = BLOWING SNOW
X = TORNADO
MAX 32 OR BELOW: 0 0.01 INCH OR MORE: 6
MAX 90 OR ABOVE: 0 0.10 INCH OR MORE: 5
MIN 32 OR BELOW: 0 0.50 INCH OR MORE: 2
MIN 0 OR BELOW: 0 1.00 INCH OR MORE: 1
[HDD (BASE 65) ]
TOTAL THIS MO. 232 CLEAR (SCALE 0-3) 17
DPTR FM NORMAL 19 PTCLDY (SCALE 4-7) 8
TOTAL FM JUL 1 818 CLOUDY (SCALE 8-10) 3
DPTR FM NORMAL -43
[CDD (BASE 65) ]
TOTAL THIS MO. 1
DPTR FM NORMAL -5 [PRESSURE DATA]
TOTAL FM JAN 1 1 HIGHEST SLP 30.35 ON 2
DPTR FM NORMAL -3 LOWEST SLP 29.60 ON 21
[REMARKS]
#FINAL-02-23#