000
CXUS56 KLOX 011155
CF6LGB
PRELIMINARY LOCAL CLIMATOLOGICAL DATA (WS FORM: F-6)
STATION: LONG BEACH AIRPORT CA
MONTH: SEPTEMBER
YEAR: 2022
LATITUDE: 33 49 N
LONGITUDE: 118 9 W
TEMPERATURE IN F: :PCPN: SNOW: WIND :SUNSHINE: SKY :PK WND
================================================================================
1 2 3 4 5 6A 6B 7 8 9 10 11 12 13 14 15 16 17 18
12Z AVG MX 2MIN
DY MAX MIN AVG DEP HDD CDD WTR SNW DPTH SPD SPD DIR MIN PSBL S-S WX SPD DR
================================================================================
1 86 70 78 4 0 13 0.00 M M 5.0 12 150 M M 0 8 14 140
2 93 73 83 9 0 18 0.00 M M 4.6 14 260 M M 0 8 17 190
3 100 75 88 14 0 23 0.00 M M 4.9 17 310 M M 0 21 320
4 109 75 92 18 0 27 0.00 M M 6.1 20 180 M M 0 26 190
5 97 75 86 12 0 21 0.00 M M 5.2 12 190 M M 0 15 190
6 97 75 86 12 0 21 0.00 M M 5.2 12 310 M M 0 14 180
7 99 75 87 13 0 22 0.00 M M 4.9 14 310 M M 0 17 290
8 102 74 88 14 0 23 0.00 M M 6.6 21 290 M M 0 8 25 300
9 101 72 87 13 0 22 0.20 M M 6.4 30 110 M M 3 178 39 110
10 81 73 77 3 0 12 T M M 4.6 12 190 M M 6 16 150
11 90 76 83 9 0 18 T M M 5.8 16 290 M M 5 24 290
12 89 74 82 8 0 17 0.00 M M 6.8 18 300 M M 1 22 310
13 83 72 78 4 0 13 0.00 M M 5.0 13 150 M M 0 17 200
14 79 69 74 0 0 9 0.00 M M 6.3 13 300 M M 1 16 170
15 79 67 73 0 0 8 0.00 M M 5.0 15 310 M M 2 17 290
16 80 65 73 0 0 8 0.00 M M 5.9 15 290 M M 1 8 17 290
17 77 66 72 -1 0 7 0.00 M M 5.0 13 210 M M 4 16 170
18 76 68 72 -1 0 7 0.00 M M 7.2 14 210 M M 4 18 220
19 81 63 72 -1 0 7 0.00 M M 5.3 16 290 M M 1 8 21 290
20 83 67 75 2 0 10 0.00 M M 6.9 18 280 M M 1 22 290
21 82 64 73 0 0 8 0.00 M M 8.0 20 290 M M 0 23 290
22 87 63 75 3 0 10 0.00 M M 4.0 16 300 M M 0 19 280
23 90 63 77 5 0 12 0.00 M M 4.4 14 290 M M 0 8 16 300
24 91 70 81 9 0 16 0.00 M M 6.3 17 290 M M 0 21 290
25 91 69 80 8 0 15 0.00 M M 6.2 20 290 M M 0 23 290
26 91 69 80 8 0 15 0.00 M M 4.1 16 320 M M 0 19 280
27 92 69 81 9 0 16 0.00 M M 3.9 14 310 M M 0 17 300
28 88 68 78 7 0 13 0.00 M M 4.8 13 160 M M 3 128 16 160
29 82 69 76 5 0 11 0.00 M M 4.9 13 180 M M 4 18 16 300
30 75 69 72 1 0 7 0.00 M M 4.3 12 190 M M 5 16 170
================================================================================
SM 2651 2097 0 429 0.20 M 163.6 M 41
================================================================================
AV 88.4 69.9 5.5 FASTST M M 1 MAX(MPH)
MISC ----> 30 110 39 110
================================================================================
NOTES:
# LAST OF SEVERAL OCCURRENCES
COLUMN 17 PEAK WIND IN M.P.H.
PRELIMINARY LOCAL CLIMATOLOGICAL DATA (WS FORM: F-6) , PAGE 2
STATION: LONG BEACH AIRPORT CA
MONTH: SEPTEMBER
YEAR: 2022
LATITUDE: 33 49 N
LONGITUDE: 118 9 W
[TEMPERATURE DATA] [PRECIPITATION DATA] SYMBOLS USED IN COLUMN 16
AVERAGE MONTHLY: 79.1 TOTAL FOR MONTH: 0.20 1 = FOG OR MIST
DPTR FM NORMAL: 6.0 DPTR FM NORMAL: 0.12 2 = FOG REDUCING VISIBILITY
HIGHEST: 109 ON 4 GRTST 24HR 0.20 ON 9- 9 TO 1/4 MILE OR LESS
LOWEST: 63 ON 23,22 3 = THUNDER
SNOW, ICE PELLETS, HAIL 4 = ICE PELLETS
TOTAL MONTH: M 5 = HAIL
GRTST 24HR M ON M 6 = FREEZING RAIN OR DRIZZLE
GRTST DEPTH: M ON M 7 = DUSTSTORM OR SANDSTORM:
VSBY 1/2 MILE OR LESS
8 = SMOKE OR HAZE
[NO. OF DAYS WITH] [WEATHER - DAYS WITH] 9 = BLOWING SNOW
X = TORNADO
MAX 32 OR BELOW: 0 0.01 INCH OR MORE: 1
MAX 90 OR ABOVE: 14 0.10 INCH OR MORE: 1
MIN 32 OR BELOW: 0 0.50 INCH OR MORE: 0
MIN 0 OR BELOW: 0 1.00 INCH OR MORE: 0
[HDD (BASE 65) ]
TOTAL THIS MO. 0 CLEAR (SCALE 0-3) 24
DPTR FM NORMAL -1 PTCLDY (SCALE 4-7) 6
TOTAL FM JUL 1 0 CLOUDY (SCALE 8-10) 0
DPTR FM NORMAL 0
[CDD (BASE 65) ]
TOTAL THIS MO. 429
DPTR FM NORMAL 184 [PRESSURE DATA]
TOTAL FM JAN 1 1429 HIGHEST SLP 30.01 ON 25
DPTR FM NORMAL 418 LOWEST SLP 29.51 ON 9
[REMARKS]
#FINAL-09-22#