000
CXUS56 KLOX 011155
CF6LGB
PRELIMINARY LOCAL CLIMATOLOGICAL DATA (WS FORM: F-6)
STATION: LONG BEACH AIRPORT CA
MONTH: MAY
YEAR: 2022
LATITUDE: 33 49 N
LONGITUDE: 118 9 W
TEMPERATURE IN F: :PCPN: SNOW: WIND :SUNSHINE: SKY :PK WND
================================================================================
1 2 3 4 5 6A 6B 7 8 9 10 11 12 13 14 15 16 17 18
12Z AVG MX 2MIN
DY MAX MIN AVG DEP HDD CDD WTR SNW DPTH SPD SPD DIR MIN PSBL S-S WX SPD DR
================================================================================
1 68 58 63 -1 2 0 0.00 M M 5.6 13 120 M M 6 16 200
2 70 59 65 1 0 0 0.00 M M 6.4 14 290 M M 5 18 190
3 68 59 64 0 1 0 0.00 M M 6.3 15 200 M M 4 19 190
4 79 56 68 3 0 3 0.00 M M 5.9 15 320 M M 1 19 320
5 77 57 67 2 0 2 0.00 M M 5.5 14 320 M M 4 1 18 320
6 72 56 64 -1 1 0 0.00 M M 5.1 13 200 M M 2 18 16 200
7 70 60 65 0 0 0 0.00 M M 7.2 13 170 M M 3 19 210
8 68 57 63 -2 2 0 0.00 M M 8.6 16 300 M M 5 18 23 280
9 68 54 61 -4 4 0 0.00 M M 8.1 20 290 M M 2 26 290
10 70 51 61 -4 4 0 0.00 M M 7.6 22 300 M M 0 8 27 290
11 71 51 61 -4 4 0 0.00 M M 10.7 33 280 M M 0 38 290
12 83 52 68 3 0 3 0.00 M M 8.4 24 290 M M 0 29 310
13 86 57 72 7 0 7 0.00 M M 5.7 21 300 M M 0 24 300
14 91 59 75 10 0 10 0.00 M M 4.7 16 310 M M 0 19 320
15 80 59 70 4 0 5 0.00 M M 5.1 14 280 M M 1 1 18 200
16 73 59 66 0 0 1 0.00 M M 6.2 12 180 M M 4 16 220
17 69 59 64 -2 1 0 0.00 M M 6.2 13 200 M M 5 19 190
18 71 59 65 -1 0 0 0.00 M M 5.7 12 150 M M 6 16 170
19 64 59 62 -4 3 0 0.00 M M 5.1 9 220 M M 10 18 12 170
20 66 58 62 -4 3 0 T M M 6.6 16 150 M M 10 18 22 150
21 69 61 65 -1 0 0 0.00 M M 6.9 14 210 M M 7 19 170
22 74 57 66 0 0 1 0.00 M M 6.5 17 300 M M 0 22 300
23 66 58 62 -4 3 0 0.00 M M 5.4 12 210 M M 7 15 200
24 71 59 65 -1 0 0 0.00 M M 4.8 13 190 M M 5 8 16 150
25 68 60 64 -2 1 0 0.00 M M 5.7 13 180 M M 4 8 18 180
26 72 61 67 1 0 2 0.00 M M 6.4 15 190 M M 6 18 19 170
27 72 61 67 1 0 2 0.00 M M 7.5 16 300 M M 5 20 230
28 69 59 64 -2 1 0 0.00 M M 5.6 13 310 M M 9 16 290
29 70 59 65 -1 0 0 0.00 M M 6.8 14 200 M M 2 19 200
30 76 61 69 3 0 4 0.00 M M 6.2 15 280 M M 3 20 310
31 75 58 67 1 0 2 0.00 M M 5.8 13 310 M M 2 15 180
================================================================================
SM 2246 1793 30 42 T M 198.3 M 118
================================================================================
AV 72.5 57.8 6.4 FASTST M M 4 MAX(MPH)
MISC ----> 33 280 38 290
================================================================================
NOTES:
# LAST OF SEVERAL OCCURRENCES
COLUMN 17 PEAK WIND IN M.P.H.
PRELIMINARY LOCAL CLIMATOLOGICAL DATA (WS FORM: F-6) , PAGE 2
STATION: LONG BEACH AIRPORT CA
MONTH: MAY
YEAR: 2022
LATITUDE: 33 49 N
LONGITUDE: 118 9 W
[TEMPERATURE DATA] [PRECIPITATION DATA] SYMBOLS USED IN COLUMN 16
AVERAGE MONTHLY: 65.1 TOTAL FOR MONTH: T 1 = FOG OR MIST
DPTR FM NORMAL: -0.4 DPTR FM NORMAL: -0.26 2 = FOG REDUCING VISIBILITY
HIGHEST: 91 ON 14 GRTST 24HR T ON 11-11 TO 1/4 MILE OR LESS
LOWEST: 51 ON 11,10 3 = THUNDER
SNOW, ICE PELLETS, HAIL 4 = ICE PELLETS
TOTAL MONTH: M 5 = HAIL
GRTST 24HR M ON M 6 = FREEZING RAIN OR DRIZZLE
GRTST DEPTH: M ON M 7 = DUSTSTORM OR SANDSTORM:
VSBY 1/2 MILE OR LESS
8 = SMOKE OR HAZE
[NO. OF DAYS WITH] [WEATHER - DAYS WITH] 9 = BLOWING SNOW
X = TORNADO
MAX 32 OR BELOW: 0 0.01 INCH OR MORE: 0
MAX 90 OR ABOVE: 1 0.10 INCH OR MORE: 0
MIN 32 OR BELOW: 0 0.50 INCH OR MORE: 0
MIN 0 OR BELOW: 0 1.00 INCH OR MORE: 0
[HDD (BASE 65) ]
TOTAL THIS MO. 30 CLEAR (SCALE 0-3) 14
DPTR FM NORMAL -10 PTCLDY (SCALE 4-7) 14
TOTAL FM JUL 1 1006 CLOUDY (SCALE 8-10) 3
DPTR FM NORMAL -164
[CDD (BASE 65) ]
TOTAL THIS MO. 42
DPTR FM NORMAL -13 [PRESSURE DATA]
TOTAL FM JAN 1 145 HIGHEST SLP 30.16 ON 12
DPTR FM NORMAL 39 LOWEST SLP 29.76 ON 30
[REMARKS]
#FINAL-05-22#