000
CXUS56 KLOX 020031 RRA
CF6LGB
PRELIMINARY LOCAL CLIMATOLOGICAL DATA (WS FORM: F-6)
STATION: LONG BEACH AIRPORT CA
MONTH: NOVEMBER
YEAR: 2021
LATITUDE: 33 49 N
LONGITUDE: 118 9 W
TEMPERATURE IN F: :PCPN: SNOW: WIND :SUNSHINE: SKY :PK WND
================================================================================
1 2 3 4 5 6A 6B 7 8 9 10 11 12 13 14 15 16 17 18
12Z AVG MX 2MIN
DY MAX MIN AVG DEP HDD CDD WTR SNW DPTH SPD SPD DIR MIN PSBL S-S WX SPD DR
================================================================================
1 68 55 62 -4 3 0 0.00 M M 3.4 15 300 M M 1 18 18 310
2 68 55 62 -3 3 0 0.00 M M 3.7 10 300 M M 5 18 14 200
3 74 56 65 0 0 0 0.00 M M 3.4 14 300 M M 6 18 16 300
4 69 56 63 -2 2 0 0.00 M M 3.6 9 130 M M 6 128 12 180
5 66 56 61 -4 4 0 0.00 M M 4.2 12 180 M M 8 128 14 180
6 65 55 60 -4 5 0 0.00 M M 4.4 12 310 M M 6 18 14 280
7 67 56 62 -2 3 0 0.00 M M 3.4 12 310 M M 6 18 13 290
8 66 57 62 -2 3 0 0.00 M M 4.0 12 230 M M 5 18 14 230
9 69 55 62 -2 3 0 0.00 M M 4.3 18 280 M M 6 18 21 290
10 71 58 65 1 0 0 0.00 M M 4.2 12 300 M M 3 18 13 210
11 90 56 73 10 0 8 0.00 M M 3.5 10 320 M M 0 8 14 300
12 95 58 77 14 0 12 0.00 M M 3.7 12 290 M M 0 13 300
13 88 58 73 10 0 8 0.00 M M 1.7 10 210 M M 0 14 200
14 90 55 73 11 0 8 0.00 M M 3.3 13 300 M M 0 15 300
15 81 54 68 6 0 3 0.00 M M 4.0 14 300 M M 0 18 15 290
16 63 56 60 -2 5 0 0.00 M M 4.6 10 120 M M 8 18 14 110
17 67 55 61 -1 4 0 0.00 M M 2.5 13 310 M M 4 18 14 300
18 66 51 59 -2 6 0 0.00 M M 3.1 13 290 M M 4 18 16 280
19 66 55 61 0 4 0 0.00 M M 3.4 9 300 M M 6 18 12 210
20 67 56 62 1 3 0 0.00 M M 3.5 14 290 M M 5 18 16 300
21 86 52 69 8 0 4 0.00 M M 6.8 20 100 M M 0 18 25 80
22 86 56 71 11 0 6 0.00 M M 5.3 12 310 M M 0 15 310
23 72 55 64 4 1 0 0.00 M M 3.0 10 180 M M 0 14 160
24 73 51 62 2 3 0 0.00 M M 3.2 16 70 M M 0 22 60
25 80 52 66 6 0 1 0.00 M M 9.0 23 100 M M 0 29 100
26 80 48 64 5 1 0 0.00 M M 5.0 15 290 M M 0 19 290
27 76 47 62 3 3 0 0.00 M M 2.2 9 170 M M 0 11 190
28 79 50 65 6 0 0 0.00 M M 2.9 13 310 M M 1 18 14 300
29 75 47 61 2 4 0 0.00 M M 1.8 7 290 M M 0 128 9 190
30 69 51 60 2 5 0 0.00 M M 1.7 10 150 M M 5 128 12 150
================================================================================
SM 2232 1622 65 50 0.00 M 112.8 M 85
================================================================================
AV 74.4 54.1 3.8 FASTST M M 3 MAX(MPH)
MISC ----> 23 100 29 100
================================================================================
NOTES:
# LAST OF SEVERAL OCCURRENCES
COLUMN 17 PEAK WIND IN M.P.H.
PRELIMINARY LOCAL CLIMATOLOGICAL DATA (WS FORM: F-6) , PAGE 2
STATION: LONG BEACH AIRPORT CA
MONTH: NOVEMBER
YEAR: 2021
LATITUDE: 33 49 N
LONGITUDE: 118 9 W
[TEMPERATURE DATA] [PRECIPITATION DATA] SYMBOLS USED IN COLUMN 16
AVERAGE MONTHLY: 64.2 TOTAL FOR MONTH: 0.00 1 = FOG OR MIST
DPTR FM NORMAL: 2.2 DPTR FM NORMAL: -0.75 2 = FOG REDUCING VISIBILITY
HIGHEST: 95 ON 12 GRTST 24HR 0.00 ON 1- 1 TO 1/4 MILE OR LESS
LOWEST: 47 ON 29,27 3 = THUNDER
SNOW, ICE PELLETS, HAIL 4 = ICE PELLETS
TOTAL MONTH: M 5 = HAIL
GRTST 24HR M ON M 6 = FREEZING RAIN OR DRIZZLE
GRTST DEPTH: M ON M 7 = DUSTSTORM OR SANDSTORM:
VSBY 1/2 MILE OR LESS
8 = SMOKE OR HAZE
[NO. OF DAYS WITH] [WEATHER - DAYS WITH] 9 = BLOWING SNOW
X = TORNADO
MAX 32 OR BELOW: 0 0.01 INCH OR MORE: 0
MAX 90 OR ABOVE: 3 0.10 INCH OR MORE: 0
MIN 32 OR BELOW: 0 0.50 INCH OR MORE: 0
MIN 0 OR BELOW: 0 1.00 INCH OR MORE: 0
[HDD (BASE 65) ]
TOTAL THIS MO. 65 CLEAR (SCALE 0-3) 16
DPTR FM NORMAL -53 PTCLDY (SCALE 4-7) 14
TOTAL FM JUL 1 100 CLOUDY (SCALE 8-10) 0
DPTR FM NORMAL -39
[CDD (BASE 65) ]
TOTAL THIS MO. 50
DPTR FM NORMAL 21 [PRESSURE DATA]
TOTAL FM JAN 1 1156 HIGHEST SLP 30.27 ON 25
DPTR FM NORMAL -8 LOWEST SLP 29.90 ON 23
[REMARKS]
#FINAL-11-21#