000
CXUS56 KLOX 011155
CF6LGB
PRELIMINARY LOCAL CLIMATOLOGICAL DATA (WS FORM: F-6)
STATION: LONG BEACH AIRPORT CA
MONTH: MAY
YEAR: 2021
LATITUDE: 33 49 N
LONGITUDE: 118 9 W
TEMPERATURE IN F: :PCPN: SNOW: WIND :SUNSHINE: SKY :PK WND
================================================================================
1 2 3 4 5 6A 6B 7 8 9 10 11 12 13 14 15 16 17 18
12Z AVG MX 2MIN
DY MAX MIN AVG DEP HDD CDD WTR SNW DPTH SPD SPD DIR MIN PSBL S-S WX SPD DR
================================================================================
1 67 58 63 -1 2 0 0.00 M M 6.2 13 150 M M 4 1 18 150
2 67 59 63 -1 2 0 0.00 M M 7.3 15 160 M M 5 24 150
3 75 59 67 3 0 2 0.00 M M 6.4 15 290 M M 3 M M
4 79 60 70 5 0 5 0.00 M M 5.8 10 310 M M 4 M M
5 78 60 69 4 0 4 0.00 M M 4.6 13 200 M M 5 18 18 320
6 70 60 65 0 0 0 0.00 M M 5.5 15 200 M M 6 21 180
7 69 60 65 0 0 0 0.00 M M 5.5 13 280 M M 8 18 220
8 71 60 66 1 0 1 0.00 M M 5.8 13 190 M M 5 17 200
9 68 60 64 -1 1 0 0.00 M M 5.6 12 290 M M 7 14 170
10 67 60 64 -1 1 0 T M M 6.6 12 210 M M 8 18 16 190
11 73 61 67 2 0 2 0.00 M M 6.1 14 280 M M 7 17 290
12 73 61 67 2 0 2 0.00 M M 6.2 14 290 M M 6 8 18 250
13 70 60 65 0 0 0 0.00 M M 7.1 14 320 M M 7 8 M M
14 71 60 66 1 0 1 0.00 M M 6.8 14 300 M M 5 20 300
15 69 60 65 -1 0 0 0.00 M M 6.6 10 200 M M 9 21 210
16 66 58 62 -4 3 0 0.00 M M 5.9 9 190 M M 10 M M
17 68 59 64 -2 1 0 0.00 M M 5.3 10 290 M M 8 M M
18 71 59 65 -1 0 0 0.00 M M 4.7 14 190 M M 5 M M
19 71 60 66 0 0 1 0.00 M M 6.2 12 190 M M 5 17 190
20 70 59 65 -1 0 0 0.00 M M 7.2 13 200 M M 6 M M
21 73 56 65 -1 0 0 T M M 8.6 16 270 M M 2 24 220
22 68 52 60 -6 5 0 0.00 M M 5.8 14 230 M M 1 21 220
23 74 54 64 -2 1 0 0.00 M M 5.3 15 300 M M 0 20 290
24 87 56 72 6 0 7 0.00 M M 6.8 21 290 M M 0 25 290
25 77 59 68 2 0 3 0.00 M M 5.2 10 170 M M 0 M M
26 69 62 66 0 0 1 0.00 M M 7.6 14 160 M M 5 8 21 140
27 72 59 66 0 0 1 0.00 M M 7.9 13 190 M M 3 18 200
28 73 59 66 0 0 1 0.00 M M 5.7 13 310 M M 4 16 310
29 69 59 64 -2 1 0 0.00 M M 5.9 13 300 M M 8 15 290
30 68 61 65 -1 0 0 0.00 M M 5.1 14 180 M M 8 17 190
31 70 60 65 -1 0 0 0.00 M M 6.2 14 200 M M 7 18 200
================================================================================
SM 2213 1830 17 31 T M 191.5 M 161
================================================================================
AV 71.4 59.0 6.2 FASTST M M 5 MAX(MPH)
MISC ----> 21 290 25 290
================================================================================
NOTES:
# LAST OF SEVERAL OCCURRENCES
COLUMN 17 PEAK WIND IN M.P.H.
PRELIMINARY LOCAL CLIMATOLOGICAL DATA (WS FORM: F-6) , PAGE 2
STATION: LONG BEACH AIRPORT CA
MONTH: MAY
YEAR: 2021
LATITUDE: 33 49 N
LONGITUDE: 118 9 W
[TEMPERATURE DATA] [PRECIPITATION DATA] SYMBOLS USED IN COLUMN 16
AVERAGE MONTHLY: 65.2 TOTAL FOR MONTH: T 1 = FOG OR MIST
DPTR FM NORMAL: -0.3 DPTR FM NORMAL: -0.26 2 = FOG REDUCING VISIBILITY
HIGHEST: 87 ON 24 GRTST 24HR T ON 10-10 TO 1/4 MILE OR LESS
LOWEST: 52 ON 22 3 = THUNDER
SNOW, ICE PELLETS, HAIL 4 = ICE PELLETS
TOTAL MONTH: M 5 = HAIL
GRTST 24HR M ON M 6 = FREEZING RAIN OR DRIZZLE
GRTST DEPTH: M ON M 7 = DUSTSTORM OR SANDSTORM:
VSBY 1/2 MILE OR LESS
8 = SMOKE OR HAZE
[NO. OF DAYS WITH] [WEATHER - DAYS WITH] 9 = BLOWING SNOW
X = TORNADO
MAX 32 OR BELOW: 0 0.01 INCH OR MORE: 0
MAX 90 OR ABOVE: 0 0.10 INCH OR MORE: 0
MIN 32 OR BELOW: 0 0.50 INCH OR MORE: 0
MIN 0 OR BELOW: 0 1.00 INCH OR MORE: 0
[HDD (BASE 65) ]
TOTAL THIS MO. 17 CLEAR (SCALE 0-3) 7
DPTR FM NORMAL -23 PTCLDY (SCALE 4-7) 21
TOTAL FM JUL 1 1069 CLOUDY (SCALE 8-10) 3
DPTR FM NORMAL -101
[CDD (BASE 65) ]
TOTAL THIS MO. 31
DPTR FM NORMAL -24 [PRESSURE DATA]
TOTAL FM JAN 1 98 HIGHEST SLP 30.12 ON 23
DPTR FM NORMAL -8 LOWEST SLP 29.81 ON 2
[REMARKS]
#FINAL-05-21#