000
CXUS56 KLOX 011655
CF6LGB
PRELIMINARY LOCAL CLIMATOLOGICAL DATA (WS FORM: F-6)
STATION: LONG BEACH AIRPORT CA
MONTH: MARCH
YEAR: 2020
LATITUDE: 33 49 N
LONGITUDE: 118 9 W
TEMPERATURE IN F: :PCPN: SNOW: WIND :SUNSHINE: SKY :PK WND
================================================================================
1 2 3 4 5 6A 6B 7 8 9 10 11 12 13 14 15 16 17 18
12Z AVG MX 2MIN
DY MAX MIN AVG DEP HDD CDD WTR SNW DPTH SPD SPD DIR MIN PSBL S-S WX SPD DR
================================================================================
1 61 51 56 -2 9 0 0.04 0.0 0 6.3 16 260 M M 7 8 21 260
2 72 46 59 0 6 0 0.00 0.0 0 4.9 18 60 M M 1 25 60
3 78 45 62 3 3 0 0.00 0.0 0 4.4 15 290 M M 0 18 280
4 66 52 59 0 6 0 0.00 0.0 0 3.5 13 200 M M 3 1 16 230
5 75 56 66 7 0 1 0.00 0.0 0 5.0 17 290 M M 4 18 20 280
6 65 55 60 1 5 0 0.00 0.0 0 6.1 13 310 M M 5 18 17 180
7 64 55 60 1 5 0 T 0.0 0 7.1 15 130 M M 7 21 230
8 64 52 58 -1 7 0 0.00 0.0 0 3.8 14 220 M M 3 19 220
9 72 50 61 2 4 0 0.09 0.0 0 3.7 18 170 M M 2 27 150
10 65 56 61 2 4 0 0.08 0.0 0 7.8 16 150 M M 10 1 21 170
11 70 58 64 5 1 0 T 0.0 0 4.7 13 230 M M 5 1 15 200
12 59 54 57 -2 8 0 1.23 0.0 0 5.2 31 350 M M 6 18 35 350
13 60 53 57 -2 8 0 0.50 0.0 0 2.2 9 10 M M 10 1 11 200
14 61 55 58 -1 7 0 0.01 0.0 0 3.9 13 250 M M 10 16 270
15 65 54 60 0 5 0 0.03 0.0 0 4.7 14 220 M M 8 1 21 220
16 63 52 58 -2 7 0 0.27 0.0 0 7.0 20 150 M M 9 1 29 160
17 60 47 54 -6 11 0 T M 0 3.6 14 320 M M 4 17 190
18 63 44 54 -6 11 0 0.00 0.0 0 8.0 20 280 M M 0 27 280
19 61 52 57 -3 8 0 0.03 0.0 0 7.4 17 220 M M 6 1 22 260
20 63 50 57 -3 8 0 0.00 0.0 0 5.3 12 160 M M 4 1 17 150
21 65 52 59 -1 6 0 0.00 0.0 0 4.4 13 220 M M 4 17 200
22 67 50 59 -1 6 0 0.71 0.0 0 4.6 14 100 M M 5 1 18 90
23 64 52 58 -2 7 0 0.02 0.0 0 5.8 15 200 M M 5 18 210
24 63 50 57 -3 8 0 T 0.0 0 5.3 15 290 M M 7 18 19 280
25 63 53 58 -2 7 0 T 0.0 0 8.2 21 280 M M 9 25 290
26 61 46 54 -6 11 0 0.00 0.0 0 9.0 22 260 M M 0 30 260
27 65 45 55 -5 10 0 0.00 0.0 0 7.3 16 290 M M 0 M M
28 64 48 56 -4 9 0 0.00 0.0 0 5.0 15 300 M M 1 17 300
29 66 49 58 -2 7 0 0.00 0.0 0 7.5 20 280 M M 1 27 270
30 71 50 61 0 4 0 0.00 0.0 0 4.4 17 290 M M 0 20 290
31 76 52 64 3 1 0 0.00 0.0 0 2.9 12 190 M M 0 18 15 190
================================================================================
SM 2032 1584 199 1 3.01 0.0 169.0 M 136
================================================================================
AV 65.6 51.1 5.5 FASTST M M 4 MAX(MPH)
MISC ----> # 31 350 # 35 350
================================================================================
NOTES:
# LAST OF SEVERAL OCCURRENCES
COLUMN 17 PEAK WIND IN M.P.H.
PRELIMINARY LOCAL CLIMATOLOGICAL DATA (WS FORM: F-6) , PAGE 2
STATION: LONG BEACH AIRPORT CA
MONTH: MARCH
YEAR: 2020
LATITUDE: 33 49 N
LONGITUDE: 118 9 W
[TEMPERATURE DATA] [PRECIPITATION DATA] SYMBOLS USED IN COLUMN 16
AVERAGE MONTHLY: 58.3 TOTAL FOR MONTH: 3.01 1 = FOG OR MIST
DPTR FM NORMAL: -1.3 DPTR FM NORMAL: 1.14 2 = FOG REDUCING VISIBILITY
HIGHEST: 78 ON 3 GRTST 24HR 1.23 ON 12-12 TO 1/4 MILE OR LESS
LOWEST: 44 ON 18 3 = THUNDER
SNOW, ICE PELLETS, HAIL 4 = ICE PELLETS
TOTAL MONTH: 0.0 INCH 5 = HAIL
GRTST 24HR 0.0 6 = FREEZING RAIN OR DRIZZLE
GRTST DEPTH: 0 7 = DUSTSTORM OR SANDSTORM:
VSBY 1/2 MILE OR LESS
8 = SMOKE OR HAZE
[NO. OF DAYS WITH] [WEATHER - DAYS WITH] 9 = BLOWING SNOW
X = TORNADO
MAX 32 OR BELOW: 0 0.01 INCH OR MORE: 11
MAX 90 OR ABOVE: 0 0.10 INCH OR MORE: 4
MIN 32 OR BELOW: 0 0.50 INCH OR MORE: 3
MIN 0 OR BELOW: 0 1.00 INCH OR MORE: 1
[HDD (BASE 65) ]
TOTAL THIS MO. 199 CLEAR (SCALE 0-3) 12
DPTR FM NORMAL 20 PTCLDY (SCALE 4-7) 14
TOTAL FM JUL 1 1028 CLOUDY (SCALE 8-10) 5
DPTR FM NORMAL -42
[CDD (BASE 65) ]
TOTAL THIS MO. 1
DPTR FM NORMAL -9 [PRESSURE DATA]
TOTAL FM JAN 1 13 HIGHEST SLP 30.25 ON 30
DPTR FM NORMAL -5 LOWEST SLP 29.74 ON 12
[REMARKS]
#FINAL-03-20#