000
CXUS56 KLOX 011255
CF6LGB
PRELIMINARY LOCAL CLIMATOLOGICAL DATA (WS FORM: F-6)
STATION: LONG BEACH AIRPORT CA
MONTH: NOVEMBER
YEAR: 2023
LATITUDE: 33 49 N
LONGITUDE: 118 9 W
TEMPERATURE IN F: :PCPN: SNOW: WIND :SUNSHINE: SKY :PK WND
================================================================================
1 2 3 4 5 6A 6B 7 8 9 10 11 12 13 14 15 16 17 18
12Z AVG MX 2MIN
DY MAX MIN AVG DEP HDD CDD WTR SNW DPTH SPD SPD DIR MIN PSBL S-S WX SPD DR
================================================================================
1 89 57 73 7 0 8 0.00 M M 4.2 15 290 M M 0 18 290
2 84 54 69 4 0 4 T M M 2.7 12 300 M M 0 8 13 300
3 82 55 69 4 0 4 0.00 M M 2.5 13 310 M M 0 14 310
4 82 52 67 2 0 2 0.00 M M 3.0 14 300 M M 0 128 16 300
5 81 54 68 3 0 3 0.00 M M 2.9 10 300 M M 0 128 12 300
6 77 54 66 2 0 1 0.00 M M 3.4 12 290 M M 1 8 13 300
7 73 58 66 2 0 1 0.00 M M 5.1 16 280 M M 4 19 290
8 81 54 68 4 0 3 0.00 M M 2.2 12 300 M M 0 13 290
9 81 49 65 1 0 0 0.00 M M 2.4 14 300 M M 0 17 290
10 77 50 64 0 1 0 0.00 M M 2.6 13 290 M M 0 15 290
11 86 48 67 4 0 2 0.00 M M 3.1 13 300 M M 0 15 300
12 89 53 71 8 0 6 0.00 M M 3.9 10 190 M M 0 13 190
13 77 52 65 2 0 0 0.00 M M 2.2 9 150 M M 0 8 12 190
14 82 51 67 5 0 2 0.00 M M 2.2 13 300 M M 0 18 15 300
15 69 54 62 0 3 0 0.52 M M 3.4 10 100 M M 8 13 15 30
16 76 61 69 7 0 4 0.00 M M 3.5 13 210 M M 5 18 15 210
17 72 57 65 3 0 0 T M M 3.5 13 200 M M 2 16 200
18 70 62 66 5 0 1 T M M 5.3 13 160 M M 8 1 16 170
19 75 57 66 5 0 1 0.01 M M 7.3 20 310 M M 2 18 25 290
20 79 51 65 4 0 0 0.00 M M 4.0 13 290 M M 0 8 17 60
21 86 52 69 8 0 4 0.00 M M 5.4 12 330 M M 0 17 350
22 85 55 70 10 0 5 0.00 M M 4.6 15 280 M M 0 17 290
23 72 53 63 3 2 0 0.00 M M 5.5 16 160 M M 3 22 160
24 70 57 64 4 1 0 0.00 M M 4.7 12 190 M M 5 15 210
25 73 53 63 3 2 0 0.00 M M 3.3 13 280 M M 0 16 50
26 M M M M M M 0.00 M M 4.5 16 80 M M 0 21 80
27 M M M M M M T M M 3.7 12 60 M M 0 8 15 70
28 M M M M M M 0.00 M M 2.6 13 290 M M 0 15 290
29 M M M M M M 0.00 M M 2.9 13 300 M M 5 18 200
30 67 53 60 2 5 0 0.00 M M 2.3 13 180 M M 4 19 180
================================================================================
SM 2035 1406 14 51 0.53 M 108.9 M 47
================================================================================
AV 78.3 54.1 3.6 FASTST M M 2 MAX(MPH)
MISC ----> 20 310 25 290
================================================================================
NOTES:
# LAST OF SEVERAL OCCURRENCES
COLUMN 17 PEAK WIND IN M.P.H.
PRELIMINARY LOCAL CLIMATOLOGICAL DATA (WS FORM: F-6) , PAGE 2
STATION: LONG BEACH AIRPORT CA
MONTH: NOVEMBER
YEAR: 2023
LATITUDE: 33 49 N
LONGITUDE: 118 9 W
[TEMPERATURE DATA] [PRECIPITATION DATA] SYMBOLS USED IN COLUMN 16
AVERAGE MONTHLY: 66.2 TOTAL FOR MONTH: 0.53 1 = FOG OR MIST
DPTR FM NORMAL: 4.2 DPTR FM NORMAL: -0.22 2 = FOG REDUCING VISIBILITY
HIGHEST: 89 ON 12, 1 GRTST 24HR 0.52 ON 15-15 TO 1/4 MILE OR LESS
LOWEST: 48 ON 11 3 = THUNDER
SNOW, ICE PELLETS, HAIL 4 = ICE PELLETS
TOTAL MONTH: M 5 = HAIL
GRTST 24HR M ON M 6 = FREEZING RAIN OR DRIZZLE
GRTST DEPTH: M ON M 7 = DUSTSTORM OR SANDSTORM:
VSBY 1/2 MILE OR LESS
8 = SMOKE OR HAZE
[NO. OF DAYS WITH] [WEATHER - DAYS WITH] 9 = BLOWING SNOW
X = TORNADO
MAX 32 OR BELOW: 0 0.01 INCH OR MORE: 2
MAX 90 OR ABOVE: 0 0.10 INCH OR MORE: 1
MIN 32 OR BELOW: 0 0.50 INCH OR MORE: 1
MIN 0 OR BELOW: 0 1.00 INCH OR MORE: 0
[HDD (BASE 65) ]
TOTAL THIS MO. 14 CLEAR (SCALE 0-3) 23
DPTR FM NORMAL -104 PTCLDY (SCALE 4-7) 7
TOTAL FM JUL 1 14 CLOUDY (SCALE 8-10) 0
DPTR FM NORMAL -125
[CDD (BASE 65) ]
TOTAL THIS MO. 51
DPTR FM NORMAL 22 [PRESSURE DATA]
TOTAL FM JAN 1 1209 HIGHEST SLP 30.28 ON 21
DPTR FM NORMAL 45 LOWEST SLP 29.78 ON 23
[REMARKS]
#FINAL-11-23#