000
CXUS55 KPUB 011310
CF6LHX
PRELIMINARY LOCAL CLIMATOLOGICAL DATA (WS FORM: F-6)
STATION: LA JUNTA CO
MONTH: FEBRUARY
YEAR: 2024
LATITUDE: 38 2 N
LONGITUDE: 103 31 W
TEMPERATURE IN F: :PCPN: SNOW: WIND :SUNSHINE: SKY :PK WND
================================================================================
1 2 3 4 5 6A 6B 7 8 9 10 11 12 13 14 15 16 17 18
12Z AVG MX 2MIN
DY MAX MIN AVG DEP HDD CDD WTR SNW DPTH SPD SPD DIR MIN PSBL S-S WX SPD DR
================================================================================
1 64 28 46 12 19 0 0.00 M M 7.8 17 270 M M 0 22 280
2 56 26 41 7 24 0 0.53 M M 9.8 29 130 M M 5 13 37 120
3 43 33 38 4 27 0 0.09 M M 7.6 20 20 M M 10 12 24 20
4 47 31 39 5 26 0 0.00 M M 9.3 17 350 M M 6 22 350
5 58 26 42 8 23 0 0.00 M M 4.7 12 240 M M 0 17 160
6 60 32 46 12 19 0 0.00 M M 8.3 18 210 M M 0 27 210
7 63 41 52 18 13 0 T M M 25.1 39 250 M M 0 49 230
8 58 32 45 11 20 0 0.00 M M 16.1 25 230 M M 0 35 230
9 46 22 34 0 31 0 0.00 M M 7.4 18 10 M M 3 1 26 350
10 34 22 28 -7 37 0 0.27 M M 9.6 17 70 M M 9 12 23 80
11 33 19 26 -9 39 0 0.01 M M 6.4 14 270 M M 6 1 18 280
12 43 19 31 -4 34 0 0.00 M M 9.1 17 270 M M 0 21 260
13 49 23 36 1 29 0 0.00 M M 9.1 14 130 M M 0 8 19 80
14 61 25 43 8 22 0 0.00 M M 8.2 24 320 M M 1 36 270
15 59 21 40 4 25 0 0.00 M M 7.7 25 20 M M 0 33 10
16 33 23 28 -8 37 0 T M M 11.4 21 110 M M 8 16 27 80
17 33 19 26 -10 39 0 0.01 M M 6.9 17 70 M M 6 16 22 60
18 57 17 37 1 28 0 0.00 M M 8.7 17 270 M M 0 23 260
19 61 29 45 8 20 0 0.00 M M 7.8 18 260 M M 0 8 24 80
20 74 25 50 13 15 0 0.00 M M 9.9 21 250 M M 0 28 260
21 72 30 51 14 14 0 0.00 M M 16.9 37 260 M M 0 50 260
22 55 30 43 5 22 0 0.01 M M 9.3 26 330 M M 2 34 310
23 57 25 41 3 24 0 0.00 M M 6.7 17 270 M M 0 22 270
24 69 18 44 6 21 0 0.00 M M 8.4 16 220 M M 0 22 260
25 74 27 51 12 14 0 0.00 M M 14.1 31 290 M M 0 44 300
26 74 36 55 16 10 0 0.00 M M 21.9 38 240 M M 0 53 230
27 65 21 43 4 22 0 0.17 M M 17.3 39 10 M M 4 12 50 10
28 51 9 30 -10 35 0 0.00 M M 8.1 15 200 M M 1 20 200
29 63 22 43 3 22 0 0.00 M M 5.4 13 220 M M 0 15 220
================================================================================
SM 1612 731 711 0 1.09 M 299.0 M 61
================================================================================
AV 55.6 25.2 10.3 FASTST M M 2 MAX(MPH)
MISC ----> # 39 250 53 230
================================================================================
NOTES:
# LAST OF SEVERAL OCCURRENCES
COLUMN 17 PEAK WIND IN M.P.H.
PRELIMINARY LOCAL CLIMATOLOGICAL DATA (WS FORM: F-6) , PAGE 2
STATION: LA JUNTA CO
MONTH: FEBRUARY
YEAR: 2024
LATITUDE: 38 2 N
LONGITUDE: 103 31 W
[TEMPERATURE DATA] [PRECIPITATION DATA] SYMBOLS USED IN COLUMN 16
AVERAGE MONTHLY: 40.4 TOTAL FOR MONTH: 1.09 1 = FOG OR MIST
DPTR FM NORMAL: 4.5 DPTR FM NORMAL: 0.84 2 = FOG REDUCING VISIBILITY
HIGHEST: 74 ON 26,25 GRTST 24HR 0.62 ON 2- 3 TO 1/4 MILE OR LESS
LOWEST: 9 ON 28 3 = THUNDER
SNOW, ICE PELLETS, HAIL 4 = ICE PELLETS
TOTAL MONTH: M 5 = HAIL
GRTST 24HR M ON M 6 = FREEZING RAIN OR DRIZZLE
GRTST DEPTH: M ON M 7 = DUSTSTORM OR SANDSTORM:
VSBY 1/2 MILE OR LESS
8 = SMOKE OR HAZE
[NO. OF DAYS WITH] [WEATHER - DAYS WITH] 9 = BLOWING SNOW
X = TORNADO
MAX 32 OR BELOW: 0 0.01 INCH OR MORE: 7
MAX 90 OR ABOVE: 0 0.10 INCH OR MORE: 3
MIN 32 OR BELOW: 26 0.50 INCH OR MORE: 1
MIN 0 OR BELOW: 0 1.00 INCH OR MORE: 0
[HDD (BASE 65) ]
TOTAL THIS MO. 711 CLEAR (SCALE 0-3) 20
DPTR FM NORMAL -104 PTCLDY (SCALE 4-7) 6
TOTAL FM JUL 1 3648 CLOUDY (SCALE 8-10) 3
DPTR FM NORMAL -331
[CDD (BASE 65) ]
TOTAL THIS MO. 0
DPTR FM NORMAL 0 [PRESSURE DATA]
TOTAL FM JAN 1 0 HIGHEST SLP 30.49 ON 17
DPTR FM NORMAL 0 LOWEST SLP 29.31 ON 27
[REMARKS]
#FINAL-02-24#