000
CXUS55 KPIH 011200
CF6LLJ
PRELIMINARY LOCAL CLIMATOLOGICAL DATA (WS FORM: F-6)
STATION: CHALLIS
MONTH: JANUARY
YEAR: 2023
LATITUDE: 44 31 N
LONGITUDE: 114 13 W
TEMPERATURE IN F: :PCPN: SNOW: WIND :SUNSHINE: SKY :PK WND
================================================================================
1 2 3 4 5 6A 6B 7 8 9 10 11 12 13 14 15 16 17 18
12Z AVG MX 2MIN
DY MAX MIN AVG DEP HDD CDD WTR SNW DPTH SPD SPD DIR MIN PSBL S-S WX SPD DR
================================================================================
1 24 4 14 -4 51 0 0.00 M M 1.1 7 210 M M 9 128 7 210
2 15 -6 5 -13 60 0 0.00 M M 0.2 6 330 M M 6 128 7 340
3 17 5 11 -7 54 0 0.00 M M 1.5 8 330 M M 7 10 320
4 23 4 14 -4 51 0 0.00 M M 1.7 7 170 M M 4 8 90
5 28 16 22 3 43 0 T M M 0.8 6 70 M M 10 18 8 210
6 32 13 23 4 42 0 0.11 M M 1.2 6 300 M M 9 128 7 200
7 26 8 17 -2 48 0 0.00 M M 1.6 6 220 M M 10 18 7 50
8 21 5 13 -6 52 0 0.04 M M 2.1 8 10 M M 9 128 10 20
9 23 4 14 -5 51 0 0.10 M M 1.2 6 270 M M 6 128 M M
10 25 15 20 1 45 0 0.07 M M 1.9 8 50 M M 9 128 10 50
11 32 9 21 2 44 0 0.03 M M 0.9 7 240 M M 8 128 7 230
12 32 10 21 2 44 0 0.00 M M 1.0 8 190 M M 8 18 8 190
13 27 9 18 -1 47 0 0.00 M M 1.3 7 210 M M 2 18 9 190
14 33 19 26 6 39 0 0.05 M M 1.7 7 340 M M 9 128 8 150
15 34 12 23 3 42 0 T M M 1.2 6 260 M M 7 128 8 240
16 25 4 15 -5 50 0 0.00 M M 0.8 6 150 M M 4 128 8 170
17 27 1 14 -6 51 0 0.00 M M 0.5 6 150 M M 9 7 150
18 23 -1 11 -9 54 0 0.00 M M 0.9 7 210 M M 2 18 8 220
19 23 5 14 -6 51 0 0.04 M M 0.6 5 100 M M 9 18 6 90
20 21 -4 9 -11 56 0 0.00 M M 0.8 7 220 M M 3 128 7 220
21 17 -7 5 -15 60 0 0.00 M M 0.4 7 140 M M 1 8 8 150
22 19 -3 8 -13 57 0 0.10 M M 1.3 6 200 M M 10 18 7 120
23 24 0 12 -9 53 0 0.00 M M 2.3 7 220 M M 6 11 10
24 17 -7 5 -16 60 0 0.00 M M 2.1 7 220 M M 5 18 9 170
25 26 7 17 -4 48 0 0.00 M M 1.3 7 270 M M 8 8 360
26 32 7 20 -1 45 0 0.00 M M 2.2 8 330 M M 9 10 350
27 37 19 28 6 37 0 T M M 1.8 10 50 M M 8 1 13 40
28 30 10 20 -2 45 0 0.03 M M 8.3 20 10 M M 10 18 27 10
29 10 -18 -4 -26 69 0 T M M 6.0 17 10 M M 2 22 360
30 -2 -24 -13 -35 78 0 0.00 M M 0.7 6 20 M M 0 6 10
31 9 -17 -4 -26 69 0 0.00 M M 0.3 6 350 M M 8 6 330
================================================================================
SM 730 99 1596 0 0.57 M 49.7 M 207
================================================================================
AV 23.5 3.2 1.6 FASTST M M 7 MAX(MPH)
MISC ----> 20 10 27 10
================================================================================
NOTES:
# LAST OF SEVERAL OCCURRENCES
COLUMN 17 PEAK WIND IN M.P.H.
PRELIMINARY LOCAL CLIMATOLOGICAL DATA (WS FORM: F-6) , PAGE 2
STATION: CHALLIS
MONTH: JANUARY
YEAR: 2023
LATITUDE: 44 31 N
LONGITUDE: 114 13 W
[TEMPERATURE DATA] [PRECIPITATION DATA] SYMBOLS USED IN COLUMN 16
AVERAGE MONTHLY: 13.4 TOTAL FOR MONTH: 0.57 1 = FOG OR MIST
DPTR FM NORMAL: -6.6 DPTR FM NORMAL: 0.16 2 = FOG REDUCING VISIBILITY
HIGHEST: 37 ON 27 GRTST 24HR 0.32 ON 27-27 TO 1/4 MILE OR LESS
LOWEST: -24 ON 30 3 = THUNDER
SNOW, ICE PELLETS, HAIL 4 = ICE PELLETS
TOTAL MONTH: M 5 = HAIL
GRTST 24HR M ON M 6 = FREEZING RAIN OR DRIZZLE
GRTST DEPTH: M ON M 7 = DUSTSTORM OR SANDSTORM:
VSBY 1/2 MILE OR LESS
8 = SMOKE OR HAZE
[NO. OF DAYS WITH] [WEATHER - DAYS WITH] 9 = BLOWING SNOW
X = TORNADO
MAX 32 OR BELOW: 28 0.01 INCH OR MORE: 9
MAX 90 OR ABOVE: 0 0.10 INCH OR MORE: 2
MIN 32 OR BELOW: 31 0.50 INCH OR MORE: 0
MIN 0 OR BELOW: 10 1.00 INCH OR MORE: 0
[HDD (BASE 65) ]
TOTAL THIS MO. 1596 CLEAR (SCALE 0-3) 5
DPTR FM NORMAL 200 PTCLDY (SCALE 4-7) 11
TOTAL FM JUL 1 5027 CLOUDY (SCALE 8-10) 15
DPTR FM NORMAL 306
[CDD (BASE 65) ]
TOTAL THIS MO. 0
DPTR FM NORMAL 0 [PRESSURE DATA]
TOTAL FM JAN 1 0 HIGHEST SLP 30.74 ON 30
DPTR FM NORMAL 0 LOWEST SLP 29.51 ON 15
[REMARKS]
#FINAL-01-23#