000
CXUS55 KPIH 011538
CF6LLJ
PRELIMINARY LOCAL CLIMATOLOGICAL DATA (WS FORM: F-6)
STATION: CHALLIS
MONTH: SEPTEMBER
YEAR: 2022
LATITUDE: 44 31 N
LONGITUDE: 114 13 W
TEMPERATURE IN F: :PCPN: SNOW: WIND :SUNSHINE: SKY :PK WND
================================================================================
1 2 3 4 5 6A 6B 7 8 9 10 11 12 13 14 15 16 17 18
12Z AVG MX 2MIN
DY MAX MIN AVG DEP HDD CDD WTR SNW DPTH SPD SPD DIR MIN PSBL S-S WX SPD DR
================================================================================
1 93 53 73 10 0 8 0.00 M M 5.4 20 350 M M 0 8 27 350
2 93 47 70 7 0 5 0.00 M M 2.4 10 170 M M 1 13 170
3 99 48 74 12 0 9 0.00 M M 3.9 28 220 M M 0 38 230
4 97 52 75 13 0 10 0.00 M M 5.0 21 250 M M 0 29 230
5 95 49 72 10 0 7 0.00 M M 3.8 17 270 M M 0 25 240
6 99 47 73 11 0 8 0.00 M M 3.2 25 210 M M 0 37 220
7 97 54 76 15 0 11 T M M 5.8 32 300 M M 0 45 320
8 83 51 67 6 0 2 0.01 M M 7.6 23 330 M M M 36 310
9 71 37 54 -7 11 0 0.00 M M 4.8 14 20 M M 9 8 20 20
10 77 36 57 -3 8 0 0.00 M M 1.0 7 150 M M 2 8 9 160
11 85 39 62 2 3 0 0.00 M M 1.9 12 330 M M 5 8 16 330
12 83 38 61 1 4 0 0.00 M M 1.3 10 40 M M 6 8 14 20
13 68 51 60 1 5 0 0.20 M M 2.6 12 220 M M 7 1 14 220
14 73 51 62 3 3 0 0.00 M M 1.8 14 180 M M 5 19 170
15 61 48 55 -4 10 0 0.03 M M 2.9 10 150 M M 5 1 15 150
16 70 44 57 -1 8 0 T M M 3.9 22 330 M M 5 32 330
17 66 38 52 -6 13 0 0.00 M M 3.1 17 190 M M 2 24 190
18 73 36 55 -3 10 0 0.01 M M 4.0 24 150 M M 2 34 180
19 81 40 61 4 4 0 0.00 M M 3.6 16 250 M M 1 24 260
20 78 41 60 3 5 0 T M M 3.2 16 340 M M 0 8 22 350
21 74 47 61 5 4 0 0.05 M M 6.9 33 200 M M 2 3 48 200
22 63 39 51 -5 14 0 0.00 M M 4.6 22 210 M M 5 29 260
23 74 37 56 0 9 0 0.00 M M 2.9 10 280 M M 0 13 290
24 78 38 58 3 7 0 0.00 M M 1.7 10 330 M M 0 13 330
25 82 38 60 5 5 0 0.00 M M 1.3 7 270 M M 0 9 100
26 84 42 63 9 2 0 0.00 M M 1.2 8 340 M M 0 11 10
27 83 42 63 9 2 0 0.00 M M 1.5 7 140 M M 0 9 160
28 84 41 63 9 2 0 T M M 5.0 35 200 M M 1 46 200
29 74 47 61 8 4 0 T M M 8.5 23 300 M M 2 37 230
30 66 39 53 0 12 0 0.00 M M 2.6 14 20 M M 3 19 20
================================================================================
SM 2404 1310 145 60 0.30 M 107.4 M 63
================================================================================
AV 80.1 43.7 3.6 FASTST M M 2 MAX(MPH)
MISC ----> 35 200 48 200
================================================================================
NOTES:
# LAST OF SEVERAL OCCURRENCES
COLUMN 17 PEAK WIND IN M.P.H.
8TH-9TH: LINK DOWN BETWEEN ADAS AND ASOS. NO METARS GOING OUT. NO
DSM ON THE 8TH. COULD NOT DIAL IN VIA EITHER DIAL-IN METHOD/NUMBER
IN PROCOMM PLUS. EVERYTHING SET TO MISSING ON 8TH CLIMATE.
PRELIMINARY LOCAL CLIMATOLOGICAL DATA (WS FORM: F-6) , PAGE 2
STATION: CHALLIS
MONTH: SEPTEMBER
YEAR: 2022
LATITUDE: 44 31 N
LONGITUDE: 114 13 W
[TEMPERATURE DATA] [PRECIPITATION DATA] SYMBOLS USED IN COLUMN 16
AVERAGE MONTHLY: 61.9 TOTAL FOR MONTH: 0.30 1 = FOG OR MIST
DPTR FM NORMAL: 3.7 DPTR FM NORMAL: -0.55 2 = FOG REDUCING VISIBILITY
HIGHEST: 99 ON 6, 3 GRTST 24HR 0.20 ON 13-13 TO 1/4 MILE OR LESS
LOWEST: 36 ON 18,10 3 = THUNDER
SNOW, ICE PELLETS, HAIL 4 = ICE PELLETS
TOTAL MONTH: M 5 = HAIL
GRTST 24HR M ON M 6 = FREEZING RAIN OR DRIZZLE
GRTST DEPTH: M ON M 7 = DUSTSTORM OR SANDSTORM:
VSBY 1/2 MILE OR LESS
8 = SMOKE OR HAZE
[NO. OF DAYS WITH] [WEATHER - DAYS WITH] 9 = BLOWING SNOW
X = TORNADO
MAX 32 OR BELOW: 0 0.01 INCH OR MORE: 5
MAX 90 OR ABOVE: 7 0.10 INCH OR MORE: 1
MIN 32 OR BELOW: 0 0.50 INCH OR MORE: 0
MIN 0 OR BELOW: 0 1.00 INCH OR MORE: 0
[HDD (BASE 65) ]
TOTAL THIS MO. 145 CLEAR (SCALE 0-3) 20
DPTR FM NORMAL -72 PTCLDY (SCALE 4-7) 8
TOTAL FM JUL 1 145 CLOUDY (SCALE 8-10) 2
DPTR FM NORMAL -128
[CDD (BASE 65) ]
TOTAL THIS MO. 60
DPTR FM NORMAL 46 [PRESSURE DATA]
TOTAL FM JAN 1 515 HIGHEST SLP 30.34 ON 25
DPTR FM NORMAL 203 LOWEST SLP 29.66 ON 18
[REMARKS]
2ND: HIGH OF 93 TIES OLD RECORD SET IN 2007.
3RD: HIGH OF 99 BREAKS THE PREVIOUS RECORD 96 SET IN 2017 AND BREAKS
THE RECORD FOR THE ENTIRE MONTH OF SEPTEMBER. THE PREVIOUS RECORD
FOR SEPTEMBER WAS 98 SET ON SEPTEMBER 5 2020.
4TH: HIGH OF 97 BREAKS THE PREVIOUS RECORD OF 96 SET IN 2020.
6TH: HIGH OF 99 BREAKS THE PREVIOUS RECORD OF 92 SET IN 2020 AND
TIES THE RECORD FOR THE ENTIRE MONTH OF SEPTEMBER WHICH WAS
SEPTEMBER 3RD OF 2022.
7TH: A RECORD HIGH TEMPERATURE OF 97 WAS SET AT CHALLIS ID TODAY.
THIS BREAKS THE OLD RECORD OF 92 SET IN 1979.
#FINAL-09-22#