000
CXUS55 KRIW 010945
CF6LND
PRELIMINARY LOCAL CLIMATOLOGICAL DATA (WS FORM: F-6)
STATION: LANDER WY
MONTH: JULY
YEAR: 2020
LATITUDE: 42 49 N
LONGITUDE: 108 44 W
TEMPERATURE IN F: :PCPN: SNOW: WIND :SUNSHINE: SKY :PK WND
================================================================================
1 2 3 4 5 6A 6B 7 8 9 10 11 12 13 14 15 16 17 18
12Z AVG MX 2MIN
DY MAX MIN AVG DEP HDD CDD WTR SNW DPTH SPD SPD DIR MIN PSBL S-S WX SPD DR
================================================================================
1 80 46 63 -5 2 0 0.00 0.0 0 8.9 40 240 M M 1 55 240
2 88 52 70 1 0 5 0.00 0.0 0 8.0 24 180 M M 1 31 240
3 92 55 74 5 0 9 0.00 0.0 0 7.4 24 210 M M 0 34 220
4 94 56 75 6 0 10 0.00 0.0 0 6.6 22 240 M M 0 31 220
5 92 54 73 3 0 8 0.00 0.0 0 6.8 18 260 M M 0 25 260
6 94 56 75 5 0 10 0.00 0.0 0 7.1 25 270 M M 0 36 270
7 93 64 79 9 0 14 0.00 0.0 0 12.8 28 270 M M 0 48 220
8 87 53 70 0 0 5 0.00 0.0 0 8.5 26 280 M M 0 41 250
9 90 51 71 1 0 6 0.00 0.0 0 9.3 28 260 M M 0 35 270
10 92 54 73 2 0 8 0.00 0.0 0 9.0 31 270 M M 0 41 300
11 93 54 74 3 0 9 0.00 0.0 0 7.1 22 270 M M 0 29 280
12 96 59 78 7 0 13 0.00 0.0 0 8.5 28 260 M M 0 40 250
13 91 56 74 3 0 9 0.00 0.0 0 9.7 29 260 M M 0 42 210
14 80 50 65 -6 0 0 0.00 0.0 0 5.5 13 260 M M 0 16 350
15 88 51 70 -2 0 5 0.00 0.0 0 6.2 17 320 M M 0 22 320
16 93 54 74 2 0 9 0.00 0.0 0 6.8 24 310 M M 0 33 320
17 96 62 79 7 0 14 0.00 0.0 0 11.8 33 220 M M 0 48 240
18 90 66 78 6 0 13 0.00 0.0 0 8.0 22 220 M M 0 27 230
19 92 59 76 4 0 11 0.00 0.0 0 6.2 17 310 M M 0 25 300
20 90 58 74 2 0 9 0.00 0.0 0 7.2 22 360 M M 0 30 360
21 90 56 73 1 0 8 0.00 0.0 0 7.7 17 240 M M 0 27 20
22 92 57 75 3 0 10 T 0.0 0 9.7 49 190 M M 1 62 190
23 92 63 78 6 0 13 T 0.0 0 10.6 40 220 M M 1 54 200
24 89 61 75 3 0 10 0.00 0.0 0 5.4 32 230 M M 1 52 230
25 90 56 73 1 0 8 0.00 0.0 0 6.6 30 340 M M 1 45 320
26 90 53 72 0 0 7 0.00 0.0 0 5.8 14 60 M M 0 20 40
27 86 61 74 2 0 9 T 0.0 0 6.2 29 150 M M 1 3 39 140
28 75 59 67 -5 0 2 0.09 0.0 0 6.1 17 210 M M 1 3 22 200
29 83 56 70 -2 0 5 T 0.0 0 7.3 20 310 M M 4 28 320
30 89 52 71 -1 0 6 0.00 0.0 0 6.8 15 250 M M 0 20 250
31 92 57 75 3 0 10 0.00 0.0 0 6.5 23 50 M M 0 32 50
================================================================================
SM 2779 1741 2 255 0.09 0.0 240.1 M 12
================================================================================
AV 89.7 56.2 7.7 FASTST M M 0 MAX(MPH)
MISC ----> # 49 190 # 62 190
================================================================================
NOTES:
# LAST OF SEVERAL OCCURRENCES
COLUMN 17 PEAK WIND IN M.P.H.
PRELIMINARY LOCAL CLIMATOLOGICAL DATA (WS FORM: F-6) , PAGE 2
STATION: LANDER WY
MONTH: JULY
YEAR: 2020
LATITUDE: 42 49 N
LONGITUDE: 108 44 W
[TEMPERATURE DATA] [PRECIPITATION DATA] SYMBOLS USED IN COLUMN 16
AVERAGE MONTHLY: 72.9 TOTAL FOR MONTH: 0.09 1 = FOG OR MIST
DPTR FM NORMAL: 1.7 DPTR FM NORMAL: -0.69 2 = FOG REDUCING VISIBILITY
HIGHEST: 96 ON 17,12 GRTST 24HR 0.09 ON 28-28 TO 1/4 MILE OR LESS
LOWEST: 46 ON 1 3 = THUNDER
SNOW, ICE PELLETS, HAIL 4 = ICE PELLETS
TOTAL MONTH: 0.0 INCH 5 = HAIL
GRTST 24HR 0.0 6 = FREEZING RAIN OR DRIZZLE
GRTST DEPTH: 0 7 = DUSTSTORM OR SANDSTORM:
VSBY 1/2 MILE OR LESS
8 = SMOKE OR HAZE
[NO. OF DAYS WITH] [WEATHER - DAYS WITH] 9 = BLOWING SNOW
X = TORNADO
MAX 32 OR BELOW: 0 0.01 INCH OR MORE: 1
MAX 90 OR ABOVE: 21 0.10 INCH OR MORE: 0
MIN 32 OR BELOW: 0 0.50 INCH OR MORE: 0
MIN 0 OR BELOW: 0 1.00 INCH OR MORE: 0
[HDD (BASE 65) ]
TOTAL THIS MO. 2 CLEAR (SCALE 0-3) 30
DPTR FM NORMAL -14 PTCLDY (SCALE 4-7) 1
TOTAL FM JUL 1 2 CLOUDY (SCALE 8-10) 0
DPTR FM NORMAL -14
[CDD (BASE 65) ]
TOTAL THIS MO. 255
DPTR FM NORMAL 47 [PRESSURE DATA]
TOTAL FM JAN 1 352 HIGHEST SLP 30.14 ON 11
DPTR FM NORMAL 75 LOWEST SLP 29.56 ON 7
[REMARKS]
#FINAL-07-20#